flight 109664 qemu-mainline real [real]
http://logs.test-lab.xenproject.org/osstest/logs/109664/

Failures :-/ but no regressions.

Tests which are failing intermittently (not blocking):
 test-amd64-amd64-xl-qemuu-win7-amd64 15 guest-localmigrate/x10 fail in 109653 
pass in 109664
 test-amd64-i386-xl-qemuu-win7-amd64 15 guest-localmigrate/x10 fail in 109653 
pass in 109664
 test-armhf-armhf-xl-rtds     11 guest-start                fail pass in 109653

Regressions which are regarded as allowable (not blocking):
 test-armhf-armhf-xl-rtds 15 guest-start/debian.repeat fail in 109653 REGR. vs. 
107636

Tests which did not succeed, but are not blocking:
 test-amd64-i386-xl-qemuu-win7-amd64 17 guest-start/win.repeat fail blocked in 
107636
 test-armhf-armhf-xl-rtds    12 migrate-support-check fail in 109653 never pass
 test-armhf-armhf-xl-rtds 13 saverestore-support-check fail in 109653 never pass
 test-armhf-armhf-libvirt-xsm 13 saverestore-support-check    fail  like 107636
 test-amd64-amd64-xl-qemuu-win7-amd64 16 guest-stop            fail like 107636
 test-armhf-armhf-libvirt-raw 12 saverestore-support-check    fail  like 107636
 test-armhf-armhf-libvirt     13 saverestore-support-check    fail  like 107636
 test-amd64-amd64-libvirt-xsm 12 migrate-support-check        fail   never pass
 test-amd64-amd64-xl-qemuu-ws16-amd64  9 windows-install        fail never pass
 test-amd64-i386-libvirt      12 migrate-support-check        fail   never pass
 test-amd64-i386-libvirt-xsm  12 migrate-support-check        fail   never pass
 test-amd64-amd64-libvirt-qemuu-debianhvm-amd64-xsm 10 migrate-support-check 
fail never pass
 test-amd64-amd64-libvirt     12 migrate-support-check        fail   never pass
 test-arm64-arm64-xl-credit2  12 migrate-support-check        fail   never pass
 test-arm64-arm64-xl-credit2  13 saverestore-support-check    fail   never pass
 test-arm64-arm64-libvirt     12 migrate-support-check        fail   never pass
 test-arm64-arm64-libvirt     13 saverestore-support-check    fail   never pass
 test-arm64-arm64-xl-xsm      12 migrate-support-check        fail   never pass
 test-arm64-arm64-xl-xsm      13 saverestore-support-check    fail   never pass
 test-amd64-i386-libvirt-qemuu-debianhvm-amd64-xsm 10 migrate-support-check 
fail never pass
 test-arm64-arm64-xl-multivcpu 12 migrate-support-check        fail  never pass
 test-arm64-arm64-xl-multivcpu 13 saverestore-support-check    fail  never pass
 test-armhf-armhf-xl-arndale  12 migrate-support-check        fail   never pass
 test-arm64-arm64-libvirt-xsm 12 migrate-support-check        fail   never pass
 test-arm64-arm64-libvirt-xsm 13 saverestore-support-check    fail   never pass
 test-armhf-armhf-libvirt-xsm 12 migrate-support-check        fail   never pass
 test-armhf-armhf-xl-arndale  13 saverestore-support-check    fail   never pass
 test-arm64-arm64-xl          12 migrate-support-check        fail   never pass
 test-arm64-arm64-xl          13 saverestore-support-check    fail   never pass
 test-amd64-amd64-libvirt-vhd 11 migrate-support-check        fail   never pass
 test-arm64-arm64-libvirt-qcow2 11 migrate-support-check        fail never pass
 test-arm64-arm64-libvirt-qcow2 12 saverestore-support-check    fail never pass
 test-amd64-amd64-qemuu-nested-amd 16 debian-hvm-install/l1/l2  fail never pass
 test-armhf-armhf-xl-credit2  12 migrate-support-check        fail   never pass
 test-armhf-armhf-xl-credit2  13 saverestore-support-check    fail   never pass
 test-armhf-armhf-xl-multivcpu 12 migrate-support-check        fail  never pass
 test-armhf-armhf-xl-multivcpu 13 saverestore-support-check    fail  never pass
 test-armhf-armhf-xl-xsm      12 migrate-support-check        fail   never pass
 test-armhf-armhf-xl-xsm      13 saverestore-support-check    fail   never pass
 test-armhf-armhf-libvirt-raw 11 migrate-support-check        fail   never pass
 test-armhf-armhf-xl-vhd      11 migrate-support-check        fail   never pass
 test-armhf-armhf-xl-vhd      12 saverestore-support-check    fail   never pass
 test-armhf-armhf-xl-cubietruck 12 migrate-support-check        fail never pass
 test-armhf-armhf-xl-cubietruck 13 saverestore-support-check    fail never pass
 test-armhf-armhf-xl          12 migrate-support-check        fail   never pass
 test-armhf-armhf-xl          13 saverestore-support-check    fail   never pass
 test-arm64-arm64-xl-rtds     12 migrate-support-check        fail   never pass
 test-arm64-arm64-xl-rtds     13 saverestore-support-check    fail   never pass
 test-armhf-armhf-libvirt     12 migrate-support-check        fail   never pass
 test-amd64-i386-xl-qemuu-win10-i386  9 windows-install         fail never pass
 test-amd64-amd64-xl-qemuu-win10-i386  9 windows-install        fail never pass
 test-amd64-i386-xl-qemuu-ws16-amd64  9 windows-install         fail never pass

version targeted for testing:
 qemuu                56821559f0ba682fe6b367815572e6f974d329ab
baseline version:
 qemuu                eab1e53cacfb1d877317d5e7b416ddb43858d92e

Last test of basis   107636  2017-04-24 21:15:22 Z   27 days
Failing since        107644  2017-04-25 10:26:10 Z   26 days   63 attempts
Testing same since   109583  2017-05-18 14:56:50 Z    3 days    4 attempts

------------------------------------------------------------
People who touched revisions under test:
  Abdallah Bouassida <abdallah.bouass...@lauterbach.com>
  Alex Bennée <alex.ben...@linaro.org>
  Alex Williamson <alex.william...@redhat.com>
  Alexander Graf <ag...@suse.de>
  Alexey Kardashevskiy <a...@ozlabs.ru>
  Alistair Francis <alistair.fran...@xilinx.com>
  Andreas Grapentin <andr...@grapentin.org>
  Anthony PERARD <anthony.per...@citrix.com>
  Anthony Xu <anthony...@intel.com>
  Anton Blanchard <an...@samba.org>
  Anton Nefedov <anton.nefe...@virtuozzo.com>
  Ard Biesheuvel <ard.biesheu...@linaro.org>
  Ashish Mittal <ashish.mit...@veritas.com>
  Ashish Mittal <ashmit...@gmail.com>
  Aurelien Jarno <aurel...@aurel32.net>
  Benjamin Herrenschmidt <b...@kernel.crashing.org>
  Bernhard Kaindl <bernhard.kai...@thalesgroup.com>
  Bharata B Rao <bhar...@linux.vnet.ibm.com>
  Brendan Shanks <bren...@bslabs.net>
  Brian Norris <computersforpe...@gmail.com>
  Bruce Rogers <brog...@suse.com>
  Chris Webb <ch...@arachsys.com>
  Christian Borntraeger <borntrae...@de.ibm.com>
  Christoph Hellwig <h...@lst.de>
  Corey Minyard <cminy...@mvista.com>
  Cornelia Huck <cornelia.h...@de.ibm.com>
  Craig Jellick <cr...@rancher.com>
  Cédric Le Goater <c...@kaod.org>
  Daniel P. Berrange <berra...@redhat.com>
  David Gibson <da...@gibson.dropbear.id.au>
  Denis V. Lunev <d...@openvz.org>
  Dong Jia Shi <bjsdj...@linux.vnet.ibm.com>
  Doug Gale <doug...@gmail.com>
  Dr. David Alan Gilbert <dgilb...@redhat.com>
  Eduardo Habkost <ehabk...@redhat.com>
  Eric Bischoff <ebisch...@nerim.net>
  Eric Blake <ebl...@redhat.com>
  Eugene (jno) Dvurechenski <j...@linux.vnet.ibm.com>
  Fam Zheng <f...@redhat.com>
  Farhan Ali <al...@linux.vnet.ibm.com>
  Felipe Franciosi <fel...@nutanix.com>
  Geert Martin Ijewski <gm.ijew...@web.de>
  Gerd Hoffmann <kra...@redhat.com>
  Greg Kurz <gr...@kaod.org>
  He Chen <he.c...@linux.intel.com>
  Herongguang (Stephen) <herongguang...@huawei.com>
  herongguang <herongguang...@huawei.com>
  Igor Mammedov <imamm...@redhat.com>
  Ishani Chugh <chugh.ish...@research.iiit.ac.in>
  Jason Wang <jasow...@redhat.com>
  Jeff Cody <jc...@redhat.com>
  Jens Freimann <jfrei...@redhat.com>
  Jing Liu <liuj...@linux.vnet.ibm.com>
  Joe Perches <j...@perches.com>
  John Snow <js...@redhat.com>
  Jose Ricardo Ziviani <jos...@linux.vnet.ibm.com>
  Juan Quintela <quint...@redhat.com>
  Juergen Gross <jgr...@suse.com>
  Kamil Rytarowski <n...@gmx.com>
  Kashyap Chamarthy <kcham...@redhat.com>
  Keith Busch <keith.bu...@intel.com>
  Kevin Wolf <kw...@redhat.com>
  Klim Kireev <pro...@virtuozzo.mipt.ru>
  KONRAD Frederic <fred.kon...@greensocs.com>
  Krzysztof Kozlowski <k...@kernel.org>
  Ladi Prosek <lpro...@redhat.com>
  Laszlo Ersek <ler...@redhat.com>
  Laurent Vivier <laur...@vivier.eu>
  Laurent Vivier <lviv...@redhat.com>
  Lidong Chen <lidongc...@tencent.com>
  Marc-André Lureau <marcandre.lur...@redhat.com>
  Marcel Apfelbaum <mar...@redhat.com>
  Mark Cave-Ayland <mark.cave-ayl...@ilande.co.uk>
  Markus Armbruster <arm...@redhat.com>
  Max Reitz <mre...@redhat.com>
  Maxime Coquelin <maxime.coque...@redhat.com>
  Michael Roth <mdr...@linux.vnet.ibm.com>
  Michael S. Tsirkin <m...@redhat.com>
  Michael Tokarev <m...@tls.msk.ru>
  Miroslav Benes <mbe...@suse.cz>
  Nikunj A Dadhania <nik...@linux.vnet.ibm.com>
  P J P <ppan...@redhat.com>
  Paolo Bonzini <pbonz...@redhat.com>
  Paul Durrant <paul.durr...@citrix.com>
  Paul E. McKenney <paul...@linux.vnet.ibm.com>
  Pavel Dovgalyuk <pavel.dovga...@ispras.ru>
  Peter Krempa <pkre...@redhat.com>
  Peter Lieven <p...@kamp.de>
  Peter Maydell <peter.mayd...@linaro.org>
  Peter Xu <pet...@redhat.com>
  Phil Dennis-Jordan <p...@philjordan.eu>
  Philipp Kern <p...@philkern.de>
  Philippe Mathieu-Daudé <f4...@amsat.org>
  Philippe Voinov <philippevoi...@gmail.com>
  Prasad J Pandit <p...@fedoraproject.org>
  Richard Henderson <r...@twiddle.net>
  Richard W.M. Jones <rjo...@redhat.com>
  Riku Voipio <riku.voi...@linaro.org>
  Sam Bobroff <sam.bobr...@au1.ibm.com>
  Sameeh Jubran <sam...@daynix.com>
  Samuel Thibault <samuel.thiba...@ens-lyon.org>
  Saurav Sachidanand <sauravsachidan...@gmail.com>
  Scott Wood <o...@buserror.net>
  sochin.jiang <soc...@aliyun.com>
  Stafford Horne <sho...@gmail.com>
  Stefan Hajnoczi <stefa...@redhat.com>
  Stefano Stabellini <sstabell...@kernel.org>
  Stefano Stabellini <stef...@aporeto.com>
  Suraj Jitindar Singh <sjitindarsi...@gmail.com>
  Thomas Huth <th...@redhat.com>
  Tim 'mithro' Ansell <mit...@mithis.com>
  Vincent Bernat <vinc...@bernat.im>
  Vinzenz Feenstra <vfeen...@redhat.com>
  Vladimir Sementsov-Ogievskiy <vsement...@virtuozzo.com>
  Wei Qi <wei...@huawei.com>
  Yang Chen <bjcy...@linux.vnet.ibm.com>
  Yu Ning <yu.n...@linux.intel.com>
  Zhang Chen <zhangchen.f...@cn.fujitsu.com>
  zhanghailiang <zhang.zhanghaili...@huawei.com>
  Zhiyong Yang <zhiyong.y...@intel.com>
  Zihan Yang <tgny...@gmail.com>

jobs:
 build-amd64-xsm                                              pass    
 build-arm64-xsm                                              pass    
 build-armhf-xsm                                              pass    
 build-i386-xsm                                               pass    
 build-amd64                                                  pass    
 build-arm64                                                  pass    
 build-armhf                                                  pass    
 build-i386                                                   pass    
 build-amd64-libvirt                                          pass    
 build-arm64-libvirt                                          pass    
 build-armhf-libvirt                                          pass    
 build-i386-libvirt                                           pass    
 build-amd64-pvops                                            pass    
 build-arm64-pvops                                            pass    
 build-armhf-pvops                                            pass    
 build-i386-pvops                                             pass    
 test-amd64-amd64-xl                                          pass    
 test-arm64-arm64-xl                                          pass    
 test-armhf-armhf-xl                                          pass    
 test-amd64-i386-xl                                           pass    
 test-amd64-amd64-libvirt-qemuu-debianhvm-amd64-xsm           pass    
 test-amd64-i386-libvirt-qemuu-debianhvm-amd64-xsm            pass    
 test-amd64-amd64-xl-qemuu-debianhvm-amd64-xsm                pass    
 test-amd64-i386-xl-qemuu-debianhvm-amd64-xsm                 pass    
 test-amd64-amd64-libvirt-xsm                                 pass    
 test-arm64-arm64-libvirt-xsm                                 pass    
 test-armhf-armhf-libvirt-xsm                                 pass    
 test-amd64-i386-libvirt-xsm                                  pass    
 test-amd64-amd64-xl-xsm                                      pass    
 test-arm64-arm64-xl-xsm                                      pass    
 test-armhf-armhf-xl-xsm                                      pass    
 test-amd64-i386-xl-xsm                                       pass    
 test-amd64-amd64-qemuu-nested-amd                            fail    
 test-amd64-amd64-xl-pvh-amd                                  pass    
 test-amd64-i386-qemuu-rhel6hvm-amd                           pass    
 test-amd64-amd64-xl-qemuu-debianhvm-amd64                    pass    
 test-amd64-i386-xl-qemuu-debianhvm-amd64                     pass    
 test-amd64-i386-freebsd10-amd64                              pass    
 test-amd64-amd64-xl-qemuu-ovmf-amd64                         pass    
 test-amd64-i386-xl-qemuu-ovmf-amd64                          pass    
 test-amd64-amd64-xl-qemuu-win7-amd64                         fail    
 test-amd64-i386-xl-qemuu-win7-amd64                          fail    
 test-amd64-amd64-xl-qemuu-ws16-amd64                         fail    
 test-amd64-i386-xl-qemuu-ws16-amd64                          fail    
 test-armhf-armhf-xl-arndale                                  pass    
 test-amd64-amd64-xl-credit2                                  pass    
 test-arm64-arm64-xl-credit2                                  pass    
 test-armhf-armhf-xl-credit2                                  pass    
 test-armhf-armhf-xl-cubietruck                               pass    
 test-amd64-i386-freebsd10-i386                               pass    
 test-amd64-amd64-xl-qemuu-win10-i386                         fail    
 test-amd64-i386-xl-qemuu-win10-i386                          fail    
 test-amd64-amd64-qemuu-nested-intel                          pass    
 test-amd64-amd64-xl-pvh-intel                                pass    
 test-amd64-i386-qemuu-rhel6hvm-intel                         pass    
 test-amd64-amd64-libvirt                                     pass    
 test-arm64-arm64-libvirt                                     pass    
 test-armhf-armhf-libvirt                                     pass    
 test-amd64-i386-libvirt                                      pass    
 test-amd64-amd64-xl-multivcpu                                pass    
 test-arm64-arm64-xl-multivcpu                                pass    
 test-armhf-armhf-xl-multivcpu                                pass    
 test-amd64-amd64-pair                                        pass    
 test-amd64-i386-pair                                         pass    
 test-amd64-amd64-libvirt-pair                                pass    
 test-amd64-i386-libvirt-pair                                 pass    
 test-amd64-amd64-amd64-pvgrub                                pass    
 test-amd64-amd64-i386-pvgrub                                 pass    
 test-amd64-amd64-pygrub                                      pass    
 test-arm64-arm64-libvirt-qcow2                               pass    
 test-amd64-amd64-xl-qcow2                                    pass    
 test-armhf-armhf-libvirt-raw                                 pass    
 test-amd64-i386-xl-raw                                       pass    
 test-amd64-amd64-xl-rtds                                     pass    
 test-arm64-arm64-xl-rtds                                     pass    
 test-armhf-armhf-xl-rtds                                     fail    
 test-amd64-amd64-libvirt-vhd                                 pass    
 test-armhf-armhf-xl-vhd                                      pass    


------------------------------------------------------------
sg-report-flight on osstest.test-lab.xenproject.org
logs: /home/logs/logs
images: /home/logs/images

Logs, config files, etc. are available at
    http://logs.test-lab.xenproject.org/osstest/logs

Explanation of these reports, and of osstest in general, is at
    http://xenbits.xen.org/gitweb/?p=osstest.git;a=blob;f=README.email;hb=master
    http://xenbits.xen.org/gitweb/?p=osstest.git;a=blob;f=README;hb=master

Test harness code can be found at
    http://xenbits.xen.org/gitweb?p=osstest.git;a=summary


Pushing revision :

+ branch=qemu-mainline
+ revision=56821559f0ba682fe6b367815572e6f974d329ab
+ . ./cri-lock-repos
++ . ./cri-common
+++ . ./cri-getconfig
+++ umask 002
+++ getrepos
++++ getconfig Repos
++++ perl -e '
                use Osstest;
                readglobalconfig();
                print $c{"Repos"} or die $!;
        '
+++ local repos=/home/osstest/repos
+++ '[' -z /home/osstest/repos ']'
+++ '[' '!' -d /home/osstest/repos ']'
+++ echo /home/osstest/repos
++ repos=/home/osstest/repos
++ repos_lock=/home/osstest/repos/lock
++ '[' x '!=' x/home/osstest/repos/lock ']'
++ OSSTEST_REPOS_LOCK_LOCKED=/home/osstest/repos/lock
++ exec with-lock-ex -w /home/osstest/repos/lock ./ap-push qemu-mainline 
56821559f0ba682fe6b367815572e6f974d329ab
+ branch=qemu-mainline
+ revision=56821559f0ba682fe6b367815572e6f974d329ab
+ . ./cri-lock-repos
++ . ./cri-common
+++ . ./cri-getconfig
+++ umask 002
+++ getrepos
++++ getconfig Repos
++++ perl -e '
                use Osstest;
                readglobalconfig();
                print $c{"Repos"} or die $!;
        '
+++ local repos=/home/osstest/repos
+++ '[' -z /home/osstest/repos ']'
+++ '[' '!' -d /home/osstest/repos ']'
+++ echo /home/osstest/repos
++ repos=/home/osstest/repos
++ repos_lock=/home/osstest/repos/lock
++ '[' x/home/osstest/repos/lock '!=' x/home/osstest/repos/lock ']'
+ . ./cri-common
++ . ./cri-getconfig
++ umask 002
+ select_xenbranch
+ case "$branch" in
+ tree=qemuu
+ xenbranch=xen-unstable
+ qemuubranch=qemu-mainline
+ '[' xqemuu = xlinux ']'
+ linuxbranch=
+ '[' xqemu-mainline = x ']'
+ select_prevxenbranch
++ ./cri-getprevxenbranch xen-unstable
+ prevxenbranch=xen-4.8-testing
+ '[' x56821559f0ba682fe6b367815572e6f974d329ab = x ']'
+ : tested/2.6.39.x
+ . ./ap-common
++ : osst...@xenbits.xen.org
+++ getconfig OsstestUpstream
+++ perl -e '
                use Osstest;
                readglobalconfig();
                print $c{"OsstestUpstream"} or die $!;
        '
++ :
++ : git://xenbits.xen.org/xen.git
++ : osst...@xenbits.xen.org:/home/xen/git/xen.git
++ : git://xenbits.xen.org/qemu-xen-traditional.git
++ : git://git.kernel.org
++ : git://git.kernel.org/pub/scm/linux/kernel/git
++ : git
++ : git://xenbits.xen.org/xtf.git
++ : osst...@xenbits.xen.org:/home/xen/git/xtf.git
++ : git://xenbits.xen.org/xtf.git
++ : git://xenbits.xen.org/libvirt.git
++ : osst...@xenbits.xen.org:/home/xen/git/libvirt.git
++ : git://xenbits.xen.org/libvirt.git
++ : git://xenbits.xen.org/osstest/rumprun.git
++ : git
++ : git://xenbits.xen.org/osstest/rumprun.git
++ : osst...@xenbits.xen.org:/home/xen/git/osstest/rumprun.git
++ : git://git.seabios.org/seabios.git
++ : osst...@xenbits.xen.org:/home/xen/git/osstest/seabios.git
++ : git://xenbits.xen.org/osstest/seabios.git
++ : https://github.com/tianocore/edk2.git
++ : osst...@xenbits.xen.org:/home/xen/git/osstest/ovmf.git
++ : git://xenbits.xen.org/osstest/ovmf.git
++ : git://xenbits.xen.org/osstest/linux-firmware.git
++ : osst...@xenbits.xen.org:/home/osstest/ext/linux-firmware.git
++ : git://git.kernel.org/pub/scm/linux/kernel/git/firmware/linux-firmware.git
++ : osst...@xenbits.xen.org:/home/xen/git/linux-pvops.git
++ : git://xenbits.xen.org/linux-pvops.git
++ : tested/linux-3.14
++ : tested/linux-arm-xen
++ '[' xgit://xenbits.xen.org/linux-pvops.git = x ']'
++ '[' x = x ']'
++ : git://xenbits.xen.org/linux-pvops.git
++ : tested/linux-arm-xen
++ : git://git.kernel.org/pub/scm/linux/kernel/git/konrad/xen.git
++ : tested/2.6.39.x
++ : daily-cron.qemu-mainline
++ : daily-cron.qemu-mainline
++ : daily-cron.qemu-mainline
++ : daily-cron.qemu-mainline
++ : daily-cron.qemu-mainline
++ : daily-cron.qemu-mainline
++ : daily-cron.qemu-mainline
++ : http://hg.uk.xensource.com/carbon/trunk/linux-2.6.27
++ : git://xenbits.xen.org/qemu-xen.git
++ : osst...@xenbits.xen.org:/home/xen/git/qemu-xen.git
++ : daily-cron.qemu-mainline
++ : git://git.qemu.org/qemu.git
++ : git://git.qemu.org/qemu.git
+ TREE_LINUX=osst...@xenbits.xen.org:/home/xen/git/linux-pvops.git
+ TREE_QEMU_UPSTREAM=osst...@xenbits.xen.org:/home/xen/git/qemu-xen.git
+ TREE_XEN=osst...@xenbits.xen.org:/home/xen/git/xen.git
+ TREE_LIBVIRT=osst...@xenbits.xen.org:/home/xen/git/libvirt.git
+ TREE_RUMPRUN=osst...@xenbits.xen.org:/home/xen/git/osstest/rumprun.git
+ TREE_SEABIOS=osst...@xenbits.xen.org:/home/xen/git/osstest/seabios.git
+ TREE_OVMF=osst...@xenbits.xen.org:/home/xen/git/osstest/ovmf.git
+ TREE_XTF=osst...@xenbits.xen.org:/home/xen/git/xtf.git
+ info_linux_tree qemu-mainline
+ case $1 in
+ return 1
+ case "$branch" in
+ cd /home/osstest/repos/qemu-mainline
+ git push osst...@xenbits.xen.org:/home/xen/git/qemu-xen.git 
56821559f0ba682fe6b367815572e6f974d329ab:refs/heads/upstream-tested
To osst...@xenbits.xen.org:/home/xen/git/qemu-xen.git
   eab1e53..5682155  56821559f0ba682fe6b367815572e6f974d329ab -> upstream-tested

_______________________________________________
Xen-devel mailing list
Xen-devel@lists.xen.org
https://lists.xen.org/xen-devel

Reply via email to