flight 109656 linux-linus real [real]
http://logs.test-lab.xenproject.org/osstest/logs/109656/

Regressions :-(

Tests which did not succeed and are blocking,
including tests which could not be run:
 test-amd64-amd64-xl-qemuu-win7-amd64 15 guest-localmigrate/x10 fail REGR. vs. 
109572

Regressions which are regarded as allowable (not blocking):
 test-armhf-armhf-xl-rtds     11 guest-start              fail REGR. vs. 109572

Tests which did not succeed, but are not blocking:
 test-amd64-amd64-xl-qemut-win7-amd64 15 guest-localmigrate/x10 fail like 109552
 test-armhf-armhf-libvirt-xsm 13 saverestore-support-check    fail  like 109572
 test-armhf-armhf-libvirt     13 saverestore-support-check    fail  like 109572
 test-armhf-armhf-libvirt-raw 12 saverestore-support-check    fail  like 109572
 test-amd64-i386-xl-qemuu-win7-amd64 16 guest-stop             fail like 109572
 test-amd64-i386-xl-qemut-win7-amd64 16 guest-stop             fail like 109572
 test-amd64-amd64-xl-rtds      9 debian-install               fail  like 109572
 test-amd64-amd64-libvirt-xsm 12 migrate-support-check        fail   never pass
 test-amd64-amd64-xl-qemut-ws16-amd64  9 windows-install        fail never pass
 test-amd64-i386-libvirt      12 migrate-support-check        fail   never pass
 test-amd64-i386-libvirt-xsm  12 migrate-support-check        fail   never pass
 test-amd64-amd64-xl-qemuu-ws16-amd64  9 windows-install        fail never pass
 test-amd64-amd64-libvirt     12 migrate-support-check        fail   never pass
 test-arm64-arm64-xl-multivcpu 12 migrate-support-check        fail  never pass
 test-arm64-arm64-xl-multivcpu 13 saverestore-support-check    fail  never pass
 test-arm64-arm64-libvirt-xsm 12 migrate-support-check        fail   never pass
 test-arm64-arm64-libvirt-xsm 13 saverestore-support-check    fail   never pass
 test-arm64-arm64-xl-xsm      12 migrate-support-check        fail   never pass
 test-arm64-arm64-xl-xsm      13 saverestore-support-check    fail   never pass
 test-amd64-i386-libvirt-qemuu-debianhvm-amd64-xsm 10 migrate-support-check 
fail never pass
 test-arm64-arm64-xl-rtds     12 migrate-support-check        fail   never pass
 test-arm64-arm64-xl-rtds     13 saverestore-support-check    fail   never pass
 test-amd64-amd64-libvirt-vhd 11 migrate-support-check        fail   never pass
 test-armhf-armhf-libvirt-xsm 12 migrate-support-check        fail   never pass
 test-amd64-amd64-qemuu-nested-amd 16 debian-hvm-install/l1/l2  fail never pass
 test-armhf-armhf-xl-credit2  12 migrate-support-check        fail   never pass
 test-armhf-armhf-xl-credit2  13 saverestore-support-check    fail   never pass
 test-armhf-armhf-xl-xsm      12 migrate-support-check        fail   never pass
 test-armhf-armhf-xl-xsm      13 saverestore-support-check    fail   never pass
 test-armhf-armhf-libvirt     12 migrate-support-check        fail   never pass
 test-armhf-armhf-libvirt-raw 11 migrate-support-check        fail   never pass
 test-amd64-amd64-libvirt-qemuu-debianhvm-amd64-xsm 10 migrate-support-check 
fail never pass
 test-armhf-armhf-xl-vhd      11 migrate-support-check        fail   never pass
 test-armhf-armhf-xl-vhd      12 saverestore-support-check    fail   never pass
 test-arm64-arm64-xl          12 migrate-support-check        fail   never pass
 test-arm64-arm64-xl          13 saverestore-support-check    fail   never pass
 test-arm64-arm64-libvirt     12 migrate-support-check        fail   never pass
 test-arm64-arm64-libvirt     13 saverestore-support-check    fail   never pass
 test-arm64-arm64-xl-credit2  12 migrate-support-check        fail   never pass
 test-arm64-arm64-xl-credit2  13 saverestore-support-check    fail   never pass
 test-armhf-armhf-xl-cubietruck 12 migrate-support-check        fail never pass
 test-armhf-armhf-xl-cubietruck 13 saverestore-support-check    fail never pass
 test-armhf-armhf-xl-arndale  12 migrate-support-check        fail   never pass
 test-armhf-armhf-xl-arndale  13 saverestore-support-check    fail   never pass
 test-armhf-armhf-xl-multivcpu 12 migrate-support-check        fail  never pass
 test-armhf-armhf-xl-multivcpu 13 saverestore-support-check    fail  never pass
 test-arm64-arm64-libvirt-qcow2 11 migrate-support-check        fail never pass
 test-arm64-arm64-libvirt-qcow2 12 saverestore-support-check    fail never pass
 test-amd64-i386-xl-qemut-win10-i386  9 windows-install         fail never pass
 test-amd64-amd64-xl-qemuu-win10-i386  9 windows-install        fail never pass
 test-amd64-i386-xl-qemuu-win10-i386  9 windows-install         fail never pass
 test-amd64-i386-xl-qemuu-ws16-amd64  9 windows-install         fail never pass
 test-amd64-amd64-xl-qemut-win10-i386  9 windows-install        fail never pass
 test-amd64-i386-xl-qemut-ws16-amd64  9 windows-install         fail never pass
 test-armhf-armhf-xl          12 migrate-support-check        fail   never pass
 test-armhf-armhf-xl          13 saverestore-support-check    fail   never pass

version targeted for testing:
 linux                ef82f1ad2e3f4509807c83e7eff4ec7c735076e8
baseline version:
 linux                dac94e29110cd606dec37673644caf2cf6fd1dde

Last test of basis   109572  2017-05-18 10:57:06 Z    3 days
Failing since        109598  2017-05-18 23:55:14 Z    3 days    3 attempts
Testing same since   109656  2017-05-21 06:08:50 Z    0 days    1 attempts

------------------------------------------------------------
People who touched revisions under test:
  "Eric W. Biederman" <ebied...@xmission.com>
  Adam Ford <aford...@gmail.com>
  Alan Stern <st...@rowland.harvard.edu>
  Alex Bennée <alex.ben...@linaro.org>
  Alexander GQ Gerasiov <g...@redlab-i.ru>
  Alexandre Belloni <alexandre.bell...@free-electrons.com>
  Alexei Starovoitov <a...@kernel.org>
  Ander Conselvan de Oliveira <ander.conselvan.de.olive...@intel.com>
  Andreas Kemnade <andr...@kemnade.info>
  Andrey Konovalov <andreyk...@google.com>
  Andrey Korolyov <and...@xdel.ru>
  Anthony Mallet <anthony.mal...@laas.fr>
  Anton Bondarenko <anton.bondarenko.s...@gmail.com>
  Ard Biesheuvel <ard.biesheu...@linaro.org>
  Arkadi Sharshevsky <arka...@mellanox.com>
  Arnd Bergmann <a...@arndb.de>
  Artur Paszkiewicz <artur.paszkiew...@intel.com>
  Balbir Singh <bsinghar...@gmail.com>
  Bart Van Assche <bart.vanass...@sandisk.com>
  Baruch Siach <bar...@tkos.co.il>
  Ben Skeggs <bske...@redhat.com>
  Benny Halevy <bhal...@gmail.com>
  Bharat Bhushan <bharat.bhus...@nxp.com>
  Bin Liu <b-...@ti.com>
  Bjørn Mork <bj...@mork.no>
  Boaz Harrosh <o...@electrozaur.com>
  Bogdan Mirea <bogdan-stefan_mi...@mentor.com>
  Boris Brezillon <boris.brezil...@free-electrons.com>
  Breno Leitao <breno.lei...@gmail.com>
  Catalin Marinas <catalin.mari...@arm.com>
  Chad Dupuis <chad.dup...@cavium.com>
  Chaotian Jing <chaotian.j...@mediatek.com>
  Chris Brandt <chris.bra...@renesas.com>
  Christoffer Dall <cd...@linaro.org>
  Christoffer Dall <christoffer.d...@linaro.org>
  Christoph Hellwig <h...@lst.de>
  Christophe JAILLET <christophe.jail...@wanadoo.fr>
  Chuanxiao Dong <chuanxiao.d...@intel.com>
  Colin Ian King <colin.k...@canonical.com>
  Coly Li <col...@suse.de>
  Craig Gallek <kr...@google.com>
  Dan Carpenter <dan.carpen...@oracle.com>
  Dan Williams <dan.j.willi...@intel.com>
  Daniel Borkmann <dan...@iogearbox.net>
  Daniele Palmas <dnl...@gmail.com>
  Dave Airlie <airl...@redhat.com>
  David Ahern <dsah...@gmail.com>
  David Gibson <da...@gibson.dropbear.id.au>
  David S. Miller <da...@davemloft.net>
  David Woodhouse <d...@amazon.co.uk>
  Dick Kennedy <dick.kenn...@broadcom.com>
  Eric Anholt <e...@anholt.net>
  Eric Auger <eric.au...@redhat.com>
  Eric Dumazet <eduma...@google.com>
  Eric W. Biederman <ebied...@xmission.com>
  Fabio Estevam <fabio.este...@nxp.com>
  Felipe Balbi <felipe.ba...@linux.intel.com>
  Florian Fainelli <f.faine...@gmail.com>
  Ganapatrao Kulkarni <ganapatrao.kulka...@cavium.com>
  Ganesh Goudar <ganes...@chelsio.com>
  Gautham R. Shenoy <e...@linux.vnet.ibm.com>
  Geert Uytterhoeven <geert+rene...@glider.be>
  Gilad Ben-Yossef <gi...@benyossef.com>
  Greentime Hu <green...@gmail.com>
  Greg Kroah-Hartman <gre...@linuxfoundation.org>
  Gregory CLEMENT <gregory.clem...@free-electrons.com>
  Gregory Fong <gregory.0...@gmail.com>
  Guenter Roeck <li...@roeck-us.net>
  Guru Das Srinagesh <gurooo...@gmail.com>
  Gustavo A. R. Silva <garsi...@embeddedor.com>
  Hannes Reinecke <h...@suse.com>
  Hannes Reinecke <h...@suse.de>
  Hans Verkuil <hans.verk...@cisco.com>
  Heikki Krogerus <heikki.kroge...@linux.intel.com>
  Heiko Stuebner <he...@sntech.de>
  Ian Chard <i...@chard.org>
  Ian W Morrison <ianwmorri...@gmail.com>
  Ido Schimmel <ido...@mellanox.com>
  Ihar Hrachyshka <ihrac...@redhat.com>
  James Smart <james.sm...@broadcom.com>
  James Smart <jsmart2...@gmail.com>
  Jani Nikula <jani.nik...@intel.com>
  Jarkko Nikula <jarkko.nik...@linux.intel.com>
  Javier Martinez Canillas <jav...@dowhile0.org>
  Jean-Philippe Brucker <jean-philippe.bruc...@arm.com>
  Jeff Layton <jlay...@redhat.com>
  Jessica Yu <j...@redhat.com>
  Jiri Pirko <j...@mellanox.com>
  Jiri Slaby <jsl...@suse.cz>
  Joerg Roedel <jroe...@suse.de>
  Johan Hovold <jo...@kernel.org>
  Johannes Thumshirn <j...@kernel.org>
  John Crispin <j...@phrozen.org>
  Juergen Gross <jgr...@suse.com>
  Julia Cartwright <ju...@ni.com>
  Julius Werner <jwer...@chromium.org>
  KarimAllah Ahmed <karah...@amazon.de>
  Keerthy <j-keer...@ti.com>
  Kees Cook <keesc...@chromium.org>
  Kirill Tkhai <ktk...@virtuozzo.com>
  Krzysztof Hałasa <khal...@piap.pl>
  Laura Abbott <labb...@redhat.com>
  Leon Romanovsky <l...@kernel.org>
  Leonard Crestez <leonard.cres...@nxp.com>
  Liam R. Howlett <liam.howl...@oracle.com>
  Linus Torvalds <torva...@linux-foundation.org>
  Linus Walleij <linus.wall...@linaro.org>
  linzhang <xiaolou4...@gmail.com>
  Liviu Dudau <liviu.du...@arm.com>
  Lubomir Rintel <lkund...@v3.sk>
  Lucas Stach <l.st...@pengutronix.de>
  Maksim Salau <maksim.sa...@gmail.com>
  Malcolm Priestley <tvbox...@gmail.com>
  Marc Zyngier <marc.zyng...@arm.com>
  Mark Rutland <mark.rutl...@arm.com>
  Markus Heiser <markus.hei...@darmarit.de>
  Martin K. Petersen <martin.peter...@oracle.com>
  Masahiro Yamada <yamada.masah...@socionext.com>
  Mathias Nyman <mathias.ny...@linux.intel.com>
  Matthew Auld <matthew.a...@intel.com>
  Matthew R. Ochs <mro...@linux.vnet.ibm.com>
  Matthias Brugger <matthias....@gmail.com>
  Matthias Lange <matthias.la...@kernkonzept.com>
  Michael Chan <michael.c...@broadcom.com>
  Michael Ellerman <m...@ellerman.id.au>
  Michael Neuling <mi...@neuling.org>
  Naveen N. Rao <naveen.n....@linux.vnet.ibm.com>
  Neal Cardwell <ncardw...@google.com>
  Nicolas Dichtel <nicolas.dich...@6wind.com>
  Nicolas Pitre <n...@linaro.org>
  Nikolay Aleksandrov <niko...@cumulusnetworks.com>
  Nishanth Menon <n...@ti.com>
  Nitin Gupta <nitin.m.gu...@oracle.com>
  Oleg Nesterov <o...@redhat.com>
  Olivier Leveque <o_leve...@orange.fr>
  Olof Johansson <o...@lixom.net>
  Orlando Arias <oar...@knights.ucf.edu>
  Pan Bian <bianpan2...@163.com>
  Paolo Abeni <pab...@redhat.com>
  Paolo Bonzini <pbonz...@redhat.com>
  Paul Mackerras <pau...@ozlabs.org>
  Pete Zaitcev <zait...@yahoo.com>
  Peter Chen <peter.c...@nxp.com>
  Peter Ujfalusi <peter.ujfal...@ti.com>
  Phil Elwell <p...@raspberrypi.org>
  Ping Gao <ping.a....@intel.com>
  Radim Krčmář <rkrc...@redhat.com>
  Randy Dunlap <rdun...@infradead.org>
  Ravikumar Kattekola <r...@ti.com>
  Rob Herring <r...@kernel.org>
  Robin Murphy <robin.mur...@arm.com>
  Roger Quadros <rog...@ti.com>
  Rui Miguel Silva <rmf...@gmail.com>
  Sabrina Dubroca <s...@queasysnail.net>
  Santosh Shilimkar <ssant...@kernel.org>
  Sean Paul <seanp...@chromium.org>
  Sean Wang <sean.w...@mediatek.com>
  Shanker Donthineni <shank...@codeaurora.org>
  Shaohua Li <s...@fb.com>
  Shawn Guo <shawn...@kernel.org>
  Shile Zhang <shile.zh...@nokia.com>
  Shuah Khan <shua...@osg.samsung.com>
  Simon Horman <horms+rene...@verge.net.au>
  Soheil Hassas Yeganeh <soh...@google.com>
  Song Liu <songliubrav...@fb.com>
  Stefan Wahren <stefan.wah...@i2se.com>
  Suman Anna <s-a...@ti.com>
  Suzuki K Poulose <suzuki.poul...@arm.com>
  Thinh Nguyen <thinh.ngu...@synopsys.com>
  Thinh Nguyen <thi...@synopsys.com>
  Thomas Gleixner <t...@linutronix.de>
  Thomas Petazzoni <thomas.petazz...@free-electrons.com>
  Thomas Winter <thomas.win...@alliedtelesis.co.nz>
  Tobias Jungel <tobias.jun...@bisdn.de>
  Tobias Regnery <tobias.regn...@gmail.com>
  Tomas Melin <tomas.me...@vaisala.com>
  Tomasz Majchrzak <tomasz.majchr...@intel.com>
  Tomi Sarvela <tomi.p.sarv...@intel.com>
  Tommi Rantala <tt.rant...@gmail.com>
  Tony Lindgren <t...@atomide.com>
  Tony Luck <tony.l...@intel.com>
  Ursula Braun <ubr...@linux.vnet.ibm.com>
  Vamsi Krishna Samavedam <vskri...@codeaurora.org>
  Ville Syrjälä <ville.syrj...@linux.intel.com>
  Viresh Kumar <viresh.ku...@linaro.org>
  Wanpeng Li <wanpeng...@hotmail.com>
  Wei Yongjun <weiyongj...@huawei.com>
  Wenyou.Yang <wenyou.y...@microchip.com>
  Will Deacon <will.dea...@arm.com>
  William Wu <william...@rock-chips.com>
  Willy Tarreau <w...@1wt.eu>
  Wim Van Sebroeck <w...@iguana.be>
  Wolfram Sang <w...@the-dreams.de>
  Yisheng Xie <xieyishe...@huawei.com>
  Yong Mao <yong....@mediatek.com>
  Yonghong Song <y...@fb.com>
  Yoshihiro Shimoda <yoshihiro.shimoda...@renesas.com>
  Yuchung Cheng <ych...@google.com>
  Yueyao Zhu <yueyao....@gmail.com>
  Zeng Rujia <zengru...@sangfor.com.cn>
  Zhenyu Wang <zhen...@linux.intel.com>
  Zhichao Huang <zhichao.hu...@linaro.org>
  Zhou Zhengping <johnzzpcrys...@gmail.com>

jobs:
 build-amd64-xsm                                              pass    
 build-arm64-xsm                                              pass    
 build-armhf-xsm                                              pass    
 build-i386-xsm                                               pass    
 build-amd64                                                  pass    
 build-arm64                                                  pass    
 build-armhf                                                  pass    
 build-i386                                                   pass    
 build-amd64-libvirt                                          pass    
 build-arm64-libvirt                                          pass    
 build-armhf-libvirt                                          pass    
 build-i386-libvirt                                           pass    
 build-amd64-pvops                                            pass    
 build-arm64-pvops                                            pass    
 build-armhf-pvops                                            pass    
 build-i386-pvops                                             pass    
 build-amd64-rumprun                                          pass    
 build-i386-rumprun                                           pass    
 test-amd64-amd64-xl                                          pass    
 test-arm64-arm64-xl                                          pass    
 test-armhf-armhf-xl                                          pass    
 test-amd64-i386-xl                                           pass    
 test-amd64-amd64-xl-qemut-debianhvm-amd64-xsm                pass    
 test-amd64-i386-xl-qemut-debianhvm-amd64-xsm                 pass    
 test-amd64-amd64-libvirt-qemuu-debianhvm-amd64-xsm           pass    
 test-amd64-i386-libvirt-qemuu-debianhvm-amd64-xsm            pass    
 test-amd64-amd64-xl-qemuu-debianhvm-amd64-xsm                pass    
 test-amd64-i386-xl-qemuu-debianhvm-amd64-xsm                 pass    
 test-amd64-amd64-xl-qemut-stubdom-debianhvm-amd64-xsm        pass    
 test-amd64-i386-xl-qemut-stubdom-debianhvm-amd64-xsm         pass    
 test-amd64-amd64-libvirt-xsm                                 pass    
 test-arm64-arm64-libvirt-xsm                                 pass    
 test-armhf-armhf-libvirt-xsm                                 pass    
 test-amd64-i386-libvirt-xsm                                  pass    
 test-amd64-amd64-xl-xsm                                      pass    
 test-arm64-arm64-xl-xsm                                      pass    
 test-armhf-armhf-xl-xsm                                      pass    
 test-amd64-i386-xl-xsm                                       pass    
 test-amd64-amd64-qemuu-nested-amd                            fail    
 test-amd64-amd64-xl-pvh-amd                                  pass    
 test-amd64-i386-qemut-rhel6hvm-amd                           pass    
 test-amd64-i386-qemuu-rhel6hvm-amd                           pass    
 test-amd64-amd64-xl-qemut-debianhvm-amd64                    pass    
 test-amd64-i386-xl-qemut-debianhvm-amd64                     pass    
 test-amd64-amd64-xl-qemuu-debianhvm-amd64                    pass    
 test-amd64-i386-xl-qemuu-debianhvm-amd64                     pass    
 test-amd64-i386-freebsd10-amd64                              pass    
 test-amd64-amd64-xl-qemuu-ovmf-amd64                         pass    
 test-amd64-i386-xl-qemuu-ovmf-amd64                          pass    
 test-amd64-amd64-rumprun-amd64                               pass    
 test-amd64-amd64-xl-qemut-win7-amd64                         fail    
 test-amd64-i386-xl-qemut-win7-amd64                          fail    
 test-amd64-amd64-xl-qemuu-win7-amd64                         fail    
 test-amd64-i386-xl-qemuu-win7-amd64                          fail    
 test-amd64-amd64-xl-qemut-ws16-amd64                         fail    
 test-amd64-i386-xl-qemut-ws16-amd64                          fail    
 test-amd64-amd64-xl-qemuu-ws16-amd64                         fail    
 test-amd64-i386-xl-qemuu-ws16-amd64                          fail    
 test-armhf-armhf-xl-arndale                                  pass    
 test-amd64-amd64-xl-credit2                                  pass    
 test-arm64-arm64-xl-credit2                                  pass    
 test-armhf-armhf-xl-credit2                                  pass    
 test-armhf-armhf-xl-cubietruck                               pass    
 test-amd64-amd64-examine                                     pass    
 test-arm64-arm64-examine                                     pass    
 test-armhf-armhf-examine                                     pass    
 test-amd64-i386-examine                                      pass    
 test-amd64-i386-freebsd10-i386                               pass    
 test-amd64-i386-rumprun-i386                                 pass    
 test-amd64-amd64-xl-qemut-win10-i386                         fail    
 test-amd64-i386-xl-qemut-win10-i386                          fail    
 test-amd64-amd64-xl-qemuu-win10-i386                         fail    
 test-amd64-i386-xl-qemuu-win10-i386                          fail    
 test-amd64-amd64-qemuu-nested-intel                          pass    
 test-amd64-amd64-xl-pvh-intel                                pass    
 test-amd64-i386-qemut-rhel6hvm-intel                         pass    
 test-amd64-i386-qemuu-rhel6hvm-intel                         pass    
 test-amd64-amd64-libvirt                                     pass    
 test-arm64-arm64-libvirt                                     pass    
 test-armhf-armhf-libvirt                                     pass    
 test-amd64-i386-libvirt                                      pass    
 test-amd64-amd64-xl-multivcpu                                pass    
 test-arm64-arm64-xl-multivcpu                                pass    
 test-armhf-armhf-xl-multivcpu                                pass    
 test-amd64-amd64-pair                                        pass    
 test-amd64-i386-pair                                         pass    
 test-amd64-amd64-libvirt-pair                                pass    
 test-amd64-i386-libvirt-pair                                 pass    
 test-amd64-amd64-amd64-pvgrub                                pass    
 test-amd64-amd64-i386-pvgrub                                 pass    
 test-amd64-amd64-pygrub                                      pass    
 test-arm64-arm64-libvirt-qcow2                               pass    
 test-amd64-amd64-xl-qcow2                                    pass    
 test-armhf-armhf-libvirt-raw                                 pass    
 test-amd64-i386-xl-raw                                       pass    
 test-amd64-amd64-xl-rtds                                     fail    
 test-arm64-arm64-xl-rtds                                     pass    
 test-armhf-armhf-xl-rtds                                     fail    
 test-amd64-amd64-libvirt-vhd                                 pass    
 test-armhf-armhf-xl-vhd                                      pass    


------------------------------------------------------------
sg-report-flight on osstest.test-lab.xenproject.org
logs: /home/logs/logs
images: /home/logs/images

Logs, config files, etc. are available at
    http://logs.test-lab.xenproject.org/osstest/logs

Explanation of these reports, and of osstest in general, is at
    http://xenbits.xen.org/gitweb/?p=osstest.git;a=blob;f=README.email;hb=master
    http://xenbits.xen.org/gitweb/?p=osstest.git;a=blob;f=README;hb=master

Test harness code can be found at
    http://xenbits.xen.org/gitweb?p=osstest.git;a=summary


Not pushing.

(No revision log; it would be 6189 lines long.)

_______________________________________________
Xen-devel mailing list
Xen-devel@lists.xen.org
https://lists.xen.org/xen-devel

Reply via email to