flight 109478 qemu-mainline real [real] http://logs.test-lab.xenproject.org/osstest/logs/109478/
Regressions :-( Tests which did not succeed and are blocking, including tests which could not be run: build-arm64-xsm 5 xen-build fail REGR. vs. 107636 build-arm64 5 xen-build fail REGR. vs. 107636 build-i386 5 xen-build fail REGR. vs. 107636 build-amd64-xsm 5 xen-build fail REGR. vs. 107636 build-amd64 5 xen-build fail REGR. vs. 107636 build-armhf-xsm 5 xen-build fail REGR. vs. 107636 build-i386-xsm 5 xen-build fail REGR. vs. 107636 build-armhf 5 xen-build fail REGR. vs. 107636 Tests which did not succeed, but are not blocking: test-amd64-amd64-xl-qemuu-debianhvm-amd64 1 build-check(1) blocked n/a test-amd64-i386-freebsd10-i386 1 build-check(1) blocked n/a test-amd64-amd64-qemuu-nested-intel 1 build-check(1) blocked n/a test-amd64-i386-libvirt-qemuu-debianhvm-amd64-xsm 1 build-check(1) blocked n/a test-armhf-armhf-libvirt 1 build-check(1) blocked n/a test-amd64-i386-xl-qemuu-debianhvm-amd64-xsm 1 build-check(1) blocked n/a build-arm64-libvirt 1 build-check(1) blocked n/a test-arm64-arm64-libvirt-qcow2 1 build-check(1) blocked n/a test-amd64-i386-xl-qemuu-winxpsp3-vcpus1 1 build-check(1) blocked n/a test-armhf-armhf-libvirt-raw 1 build-check(1) blocked n/a test-arm64-arm64-libvirt 1 build-check(1) blocked n/a test-amd64-i386-libvirt-xsm 1 build-check(1) blocked n/a test-amd64-amd64-xl-multivcpu 1 build-check(1) blocked n/a test-amd64-i386-xl-qemuu-winxpsp3 1 build-check(1) blocked n/a test-amd64-amd64-libvirt 1 build-check(1) blocked n/a test-amd64-amd64-xl-pvh-amd 1 build-check(1) blocked n/a test-amd64-i386-freebsd10-amd64 1 build-check(1) blocked n/a test-amd64-amd64-pair 1 build-check(1) blocked n/a test-armhf-armhf-xl-credit2 1 build-check(1) blocked n/a test-amd64-amd64-xl-qemuu-win7-amd64 1 build-check(1) blocked n/a test-amd64-amd64-libvirt-qemuu-debianhvm-amd64-xsm 1 build-check(1) blocked n/a test-amd64-amd64-pygrub 1 build-check(1) blocked n/a test-amd64-amd64-xl-qemuu-winxpsp3 1 build-check(1) blocked n/a test-amd64-amd64-xl-qcow2 1 build-check(1) blocked n/a test-arm64-arm64-xl-rtds 1 build-check(1) blocked n/a test-amd64-amd64-amd64-pvgrub 1 build-check(1) blocked n/a test-arm64-arm64-xl-multivcpu 1 build-check(1) blocked n/a test-armhf-armhf-xl-arndale 1 build-check(1) blocked n/a test-amd64-i386-xl-qemuu-debianhvm-amd64 1 build-check(1) blocked n/a test-armhf-armhf-libvirt-xsm 1 build-check(1) blocked n/a test-amd64-i386-xl 1 build-check(1) blocked n/a build-i386-libvirt 1 build-check(1) blocked n/a test-amd64-i386-libvirt-pair 1 build-check(1) blocked n/a test-amd64-amd64-xl-qemuu-ovmf-amd64 1 build-check(1) blocked n/a test-amd64-amd64-libvirt-vhd 1 build-check(1) blocked n/a test-arm64-arm64-libvirt-xsm 1 build-check(1) blocked n/a test-amd64-amd64-xl-credit2 1 build-check(1) blocked n/a test-armhf-armhf-xl-multivcpu 1 build-check(1) blocked n/a test-amd64-i386-xl-xsm 1 build-check(1) blocked n/a build-amd64-libvirt 1 build-check(1) blocked n/a test-amd64-amd64-xl-qemuu-debianhvm-amd64-xsm 1 build-check(1) blocked n/a test-amd64-i386-xl-qemuu-ovmf-amd64 1 build-check(1) blocked n/a test-amd64-amd64-xl-pvh-intel 1 build-check(1) blocked n/a test-amd64-i386-xl-raw 1 build-check(1) blocked n/a test-amd64-i386-qemuu-rhel6hvm-amd 1 build-check(1) blocked n/a test-amd64-amd64-i386-pvgrub 1 build-check(1) blocked n/a test-arm64-arm64-xl 1 build-check(1) blocked n/a build-armhf-libvirt 1 build-check(1) blocked n/a test-amd64-i386-libvirt 1 build-check(1) blocked n/a test-amd64-amd64-libvirt-pair 1 build-check(1) blocked n/a test-armhf-armhf-xl 1 build-check(1) blocked n/a test-amd64-amd64-libvirt-xsm 1 build-check(1) blocked n/a test-amd64-amd64-xl-xsm 1 build-check(1) blocked n/a test-amd64-i386-qemuu-rhel6hvm-intel 1 build-check(1) blocked n/a test-armhf-armhf-xl-vhd 1 build-check(1) blocked n/a test-amd64-i386-xl-qemuu-win7-amd64 1 build-check(1) blocked n/a test-amd64-amd64-xl 1 build-check(1) blocked n/a test-arm64-arm64-xl-credit2 1 build-check(1) blocked n/a test-amd64-i386-pair 1 build-check(1) blocked n/a test-amd64-amd64-qemuu-nested-amd 1 build-check(1) blocked n/a test-armhf-armhf-xl-cubietruck 1 build-check(1) blocked n/a test-armhf-armhf-xl-rtds 1 build-check(1) blocked n/a test-armhf-armhf-xl-xsm 1 build-check(1) blocked n/a test-amd64-amd64-xl-rtds 1 build-check(1) blocked n/a test-arm64-arm64-xl-xsm 1 build-check(1) blocked n/a version targeted for testing: qemuu 3a8760664d5c1a1a93c9012bdb8ac07ab8fd4b0d baseline version: qemuu eab1e53cacfb1d877317d5e7b416ddb43858d92e Last test of basis 107636 2017-04-24 21:15:22 Z 22 days Failing since 107644 2017-04-25 10:26:10 Z 21 days 55 attempts Testing same since 109454 2017-05-15 18:46:56 Z 1 days 2 attempts ------------------------------------------------------------ People who touched revisions under test: Abdallah Bouassida <abdallah.bouass...@lauterbach.com> Alex Bennée <alex.ben...@linaro.org> Alex Williamson <alex.william...@redhat.com> Alexander Graf <ag...@suse.de> Alexey Kardashevskiy <a...@ozlabs.ru> Andreas Grapentin <andr...@grapentin.org> Anthony Xu <anthony...@intel.com> Anton Blanchard <an...@samba.org> Anton Nefedov <anton.nefe...@virtuozzo.com> Ashish Mittal <ashish.mit...@veritas.com> Ashish Mittal <ashmit...@gmail.com> Aurelien Jarno <aurel...@aurel32.net> Benjamin Herrenschmidt <b...@kernel.crashing.org> Bernhard Kaindl <bernhard.kai...@thalesgroup.com> Bharata B Rao <bhar...@linux.vnet.ibm.com> Brendan Shanks <bren...@bslabs.net> Brian Norris <computersforpe...@gmail.com> Chris Webb <ch...@arachsys.com> Christian Borntraeger <borntrae...@de.ibm.com> Christoph Hellwig <h...@lst.de> Corey Minyard <cminy...@mvista.com> Cornelia Huck <cornelia.h...@de.ibm.com> Craig Jellick <cr...@rancher.com> Cédric Le Goater <c...@kaod.org> Daniel P. Berrange <berra...@redhat.com> David Gibson <da...@gibson.dropbear.id.au> Denis V. Lunev <d...@openvz.org> Dong Jia Shi <bjsdj...@linux.vnet.ibm.com> Doug Gale <doug...@gmail.com> Dr. David Alan Gilbert <dgilb...@redhat.com> Eric Blake <ebl...@redhat.com> Eugene (jno) Dvurechenski <j...@linux.vnet.ibm.com> Fam Zheng <f...@redhat.com> Farhan Ali <al...@linux.vnet.ibm.com> Felipe Franciosi <fel...@nutanix.com> Geert Martin Ijewski <gm.ijew...@web.de> Gerd Hoffmann <kra...@redhat.com> Greg Kurz <gr...@kaod.org> Ishani Chugh <chugh.ish...@research.iiit.ac.in> Jason Wang <jasow...@redhat.com> Jeff Cody <jc...@redhat.com> Jing Liu <liuj...@linux.vnet.ibm.com> Joe Perches <j...@perches.com> John Snow <js...@redhat.com> Jose Ricardo Ziviani <jos...@linux.vnet.ibm.com> Juan Quintela <quint...@redhat.com> Juergen Gross <jgr...@suse.com> Kamil Rytarowski <n...@gmx.com> Kashyap Chamarthy <kcham...@redhat.com> Keith Busch <keith.bu...@intel.com> Kevin Wolf <kw...@redhat.com> Klim Kireev <pro...@virtuozzo.mipt.ru> KONRAD Frederic <fred.kon...@greensocs.com> Krzysztof Kozlowski <k...@kernel.org> Laurent Vivier <laur...@vivier.eu> Lidong Chen <lidongc...@tencent.com> Marc-André Lureau <marcandre.lur...@redhat.com> Mark Cave-Ayland <mark.cave-ayl...@ilande.co.uk> Markus Armbruster <arm...@redhat.com> Max Reitz <mre...@redhat.com> Michael Roth <mdr...@linux.vnet.ibm.com> Michael Tokarev <m...@tls.msk.ru> Nikunj A Dadhania <nik...@linux.vnet.ibm.com> P J P <ppan...@redhat.com> Paolo Bonzini <pbonz...@redhat.com> Paul Durrant <paul.durr...@citrix.com> Paul E. McKenney <paul...@linux.vnet.ibm.com> Pavel Dovgalyuk <pavel.dovga...@ispras.ru> Peter Lieven <p...@kamp.de> Peter Maydell <peter.mayd...@linaro.org> Phil Dennis-Jordan <p...@philjordan.eu> Philipp Kern <p...@philkern.de> Philippe Mathieu-Daudé <f4...@amsat.org> Prasad J Pandit <p...@fedoraproject.org> Richard Henderson <r...@twiddle.net> Riku Voipio <riku.voi...@linaro.org> Sam Bobroff <sam.bobr...@au1.ibm.com> Sameeh Jubran <sam...@daynix.com> Samuel Thibault <samuel.thiba...@ens-lyon.org> Saurav Sachidanand <sauravsachidan...@gmail.com> Scott Wood <o...@buserror.net> sochin.jiang <soc...@aliyun.com> Stafford Horne <sho...@gmail.com> Stefan Hajnoczi <stefa...@redhat.com> Stefano Stabellini <sstabell...@kernel.org> Stefano Stabellini <stef...@aporeto.com> Suraj Jitindar Singh <sjitindarsi...@gmail.com> Thomas Huth <th...@redhat.com> Tim 'mithro' Ansell <mit...@mithis.com> Vincent Bernat <vinc...@bernat.im> Vinzenz Feenstra <vfeen...@redhat.com> Vladimir Sementsov-Ogievskiy <vsement...@virtuozzo.com> Yang Chen <bjcy...@linux.vnet.ibm.com> Yu Ning <yu.n...@linux.intel.com> Zhang Chen <zhangchen.f...@cn.fujitsu.com> zhanghailiang <zhang.zhanghaili...@huawei.com> Zihan Yang <tgny...@gmail.com> jobs: build-amd64-xsm fail build-arm64-xsm fail build-armhf-xsm fail build-i386-xsm fail build-amd64 fail build-arm64 fail build-armhf fail build-i386 fail build-amd64-libvirt blocked build-arm64-libvirt blocked build-armhf-libvirt blocked build-i386-libvirt blocked build-amd64-pvops pass build-arm64-pvops pass build-armhf-pvops pass build-i386-pvops pass test-amd64-amd64-xl blocked test-arm64-arm64-xl blocked test-armhf-armhf-xl blocked test-amd64-i386-xl blocked test-amd64-amd64-libvirt-qemuu-debianhvm-amd64-xsm blocked test-amd64-i386-libvirt-qemuu-debianhvm-amd64-xsm blocked test-amd64-amd64-xl-qemuu-debianhvm-amd64-xsm blocked test-amd64-i386-xl-qemuu-debianhvm-amd64-xsm blocked test-amd64-amd64-libvirt-xsm blocked test-arm64-arm64-libvirt-xsm blocked test-armhf-armhf-libvirt-xsm blocked test-amd64-i386-libvirt-xsm blocked test-amd64-amd64-xl-xsm blocked test-arm64-arm64-xl-xsm blocked test-armhf-armhf-xl-xsm blocked test-amd64-i386-xl-xsm blocked test-amd64-amd64-qemuu-nested-amd blocked test-amd64-amd64-xl-pvh-amd blocked test-amd64-i386-qemuu-rhel6hvm-amd blocked test-amd64-amd64-xl-qemuu-debianhvm-amd64 blocked test-amd64-i386-xl-qemuu-debianhvm-amd64 blocked test-amd64-i386-freebsd10-amd64 blocked test-amd64-amd64-xl-qemuu-ovmf-amd64 blocked test-amd64-i386-xl-qemuu-ovmf-amd64 blocked test-amd64-amd64-xl-qemuu-win7-amd64 blocked test-amd64-i386-xl-qemuu-win7-amd64 blocked test-armhf-armhf-xl-arndale blocked test-amd64-amd64-xl-credit2 blocked test-arm64-arm64-xl-credit2 blocked test-armhf-armhf-xl-credit2 blocked test-armhf-armhf-xl-cubietruck blocked test-amd64-i386-freebsd10-i386 blocked test-amd64-amd64-qemuu-nested-intel blocked test-amd64-amd64-xl-pvh-intel blocked test-amd64-i386-qemuu-rhel6hvm-intel blocked test-amd64-amd64-libvirt blocked test-arm64-arm64-libvirt blocked test-armhf-armhf-libvirt blocked test-amd64-i386-libvirt blocked test-amd64-amd64-xl-multivcpu blocked test-arm64-arm64-xl-multivcpu blocked test-armhf-armhf-xl-multivcpu blocked test-amd64-amd64-pair blocked test-amd64-i386-pair blocked test-amd64-amd64-libvirt-pair blocked test-amd64-i386-libvirt-pair blocked test-amd64-amd64-amd64-pvgrub blocked test-amd64-amd64-i386-pvgrub blocked test-amd64-amd64-pygrub blocked test-arm64-arm64-libvirt-qcow2 blocked test-amd64-amd64-xl-qcow2 blocked test-armhf-armhf-libvirt-raw blocked test-amd64-i386-xl-raw blocked test-amd64-amd64-xl-rtds blocked test-arm64-arm64-xl-rtds blocked test-armhf-armhf-xl-rtds blocked test-amd64-i386-xl-qemuu-winxpsp3-vcpus1 blocked test-amd64-amd64-libvirt-vhd blocked test-armhf-armhf-xl-vhd blocked test-amd64-amd64-xl-qemuu-winxpsp3 blocked test-amd64-i386-xl-qemuu-winxpsp3 blocked ------------------------------------------------------------ sg-report-flight on osstest.test-lab.xenproject.org logs: /home/logs/logs images: /home/logs/images Logs, config files, etc. are available at http://logs.test-lab.xenproject.org/osstest/logs Explanation of these reports, and of osstest in general, is at http://xenbits.xen.org/gitweb/?p=osstest.git;a=blob;f=README.email;hb=master http://xenbits.xen.org/gitweb/?p=osstest.git;a=blob;f=README;hb=master Test harness code can be found at http://xenbits.xen.org/gitweb?p=osstest.git;a=summary Not pushing. (No revision log; it would be 7768 lines long.)
_______________________________________________ Xen-devel mailing list Xen-devel@lists.xen.org https://lists.xen.org/xen-devel