flight 109029 ovmf real [real] http://logs.test-lab.xenproject.org/osstest/logs/109029/
Regressions :-( Tests which did not succeed and are blocking, including tests which could not be run: test-amd64-i386-xl-qemuu-ovmf-amd64 9 debian-hvm-install fail REGR. vs. 108170 test-amd64-amd64-xl-qemuu-ovmf-amd64 9 debian-hvm-install fail REGR. vs. 108170 version targeted for testing: ovmf 34816e7e16c4c337888d2518222268096f67c4fc baseline version: ovmf 00324f3fce83b8d813ca3ec6b6eb663a88a8675e Last test of basis 108170 2017-05-03 02:45:01 Z 3 days Failing since 108216 2017-05-04 00:17:43 Z 2 days 3 attempts Testing same since 109011 2017-05-05 09:54:52 Z 0 days 2 attempts ------------------------------------------------------------ People who touched revisions under test: Bell Song <binx.s...@intel.com> Chao Zhang <chao.b.zh...@intel.com> Eric Dong <eric.d...@intel.com> Feng Tian <feng.t...@intel.com> Fu Siyuan <siyuan...@intel.com> Jeff Westfahl <jeff.westf...@ni.com> Jiaxin Wu <jiaxin...@intel.com> Laszlo Ersek <ler...@redhat.com> Liming Gao <liming....@intel.com> Long Qin <qin.l...@intel.com> Nerijus Baliūnas <neri...@users.sourceforge.net> Qin Long <qin.l...@intel.com> Ruiyu Ni <ruiyu...@intel.com> Song, BinX <binx.s...@intel.com> Tian, Feng <feng.t...@intel.com> Wu Jiaxin <jiaxin...@intel.com> Yonghong Zhu <yonghong....@intel.com> Zhang, Chao B <chao.b.zh...@intel.com> jobs: build-amd64-xsm pass build-i386-xsm pass build-amd64 pass build-i386 pass build-amd64-libvirt pass build-i386-libvirt pass build-amd64-pvops pass build-i386-pvops pass test-amd64-amd64-xl-qemuu-ovmf-amd64 fail test-amd64-i386-xl-qemuu-ovmf-amd64 fail ------------------------------------------------------------ sg-report-flight on osstest.test-lab.xenproject.org logs: /home/logs/logs images: /home/logs/images Logs, config files, etc. are available at http://logs.test-lab.xenproject.org/osstest/logs Explanation of these reports, and of osstest in general, is at http://xenbits.xen.org/gitweb/?p=osstest.git;a=blob;f=README.email;hb=master http://xenbits.xen.org/gitweb/?p=osstest.git;a=blob;f=README;hb=master Test harness code can be found at http://xenbits.xen.org/gitweb?p=osstest.git;a=summary Not pushing. (No revision log; it would be 409 lines long.)
_______________________________________________ Xen-devel mailing list Xen-devel@lists.xen.org https://lists.xen.org/xen-devel