flight 108152 linux-3.18 real [real] http://logs.test-lab.xenproject.org/osstest/logs/108152/
Failures :-/ but no regressions. Tests which are failing intermittently (not blocking): test-amd64-amd64-rumprun-amd64 16 rumprun-demo-xenstorels/xenstorels.repeat fail in 108037 pass in 108152 test-armhf-armhf-xl-cubietruck 15 guest-start/debian.repeat fail in 108037 pass in 108152 test-amd64-amd64-xl-qemut-winxpsp3 16 guest-stop fail in 108037 pass in 108152 test-armhf-armhf-libvirt-raw 14 guest-start/debian.repeat fail in 108037 pass in 108152 test-amd64-i386-xl-qemut-winxpsp3-vcpus1 17 guest-start/win.repeat fail in 108118 pass in 108152 test-amd64-i386-xl-qemuu-winxpsp3-vcpus1 9 windows-install fail in 108118 pass in 108152 test-amd64-i386-xl-qemuu-winxpsp3-vcpus1 17 guest-start/win.repeat fail pass in 108037 test-amd64-amd64-xl-pvh-amd 11 guest-start fail pass in 108118 test-armhf-armhf-xl-arndale 15 guest-start/debian.repeat fail pass in 108118 test-amd64-amd64-pygrub 18 guest-start/debian.repeat fail pass in 108118 test-amd64-i386-xl-qemut-win7-amd64 15 guest-localmigrate/x10 fail pass in 108118 test-amd64-amd64-xl-qemuu-winxpsp3 17 guest-start/win.repeat fail pass in 108118 Tests which did not succeed, but are not blocking: test-arm64-arm64-libvirt-xsm 1 build-check(1) blocked n/a test-arm64-arm64-xl 1 build-check(1) blocked n/a test-arm64-arm64-libvirt-qcow2 1 build-check(1) blocked n/a test-arm64-arm64-libvirt 1 build-check(1) blocked n/a test-arm64-arm64-xl-credit2 1 build-check(1) blocked n/a test-arm64-arm64-xl-rtds 1 build-check(1) blocked n/a test-arm64-arm64-xl-multivcpu 1 build-check(1) blocked n/a test-arm64-arm64-xl-xsm 1 build-check(1) blocked n/a test-amd64-i386-xl-qemut-win7-amd64 17 guest-start/win.repeat fail in 108037 blocked in 107606 test-amd64-i386-xl-qemut-win7-amd64 16 guest-stop fail in 108118 like 107606 test-armhf-armhf-libvirt 13 saverestore-support-check fail like 107606 test-amd64-i386-xl-qemuu-win7-amd64 16 guest-stop fail like 107606 test-amd64-amd64-xl-qemuu-win7-amd64 16 guest-stop fail like 107606 test-armhf-armhf-libvirt-xsm 13 saverestore-support-check fail like 107606 test-armhf-armhf-libvirt-raw 12 saverestore-support-check fail like 107606 test-amd64-amd64-libvirt 12 migrate-support-check fail never pass test-amd64-amd64-libvirt-xsm 12 migrate-support-check fail never pass test-amd64-i386-libvirt 12 migrate-support-check fail never pass test-amd64-i386-libvirt-xsm 12 migrate-support-check fail never pass test-amd64-amd64-libvirt-qemuu-debianhvm-amd64-xsm 10 migrate-support-check fail never pass test-amd64-i386-libvirt-qemuu-debianhvm-amd64-xsm 10 migrate-support-check fail never pass test-armhf-armhf-xl-arndale 12 migrate-support-check fail never pass test-armhf-armhf-xl-arndale 13 saverestore-support-check fail never pass test-amd64-amd64-libvirt-vhd 11 migrate-support-check fail never pass test-amd64-amd64-qemuu-nested-amd 16 debian-hvm-install/l1/l2 fail never pass build-arm64-pvops 5 kernel-build fail never pass test-armhf-armhf-xl-cubietruck 12 migrate-support-check fail never pass test-armhf-armhf-xl 12 migrate-support-check fail never pass test-armhf-armhf-xl-credit2 12 migrate-support-check fail never pass test-armhf-armhf-xl-cubietruck 13 saverestore-support-check fail never pass test-armhf-armhf-xl 13 saverestore-support-check fail never pass test-armhf-armhf-xl-credit2 13 saverestore-support-check fail never pass test-armhf-armhf-libvirt 12 migrate-support-check fail never pass test-armhf-armhf-xl-rtds 12 migrate-support-check fail never pass test-armhf-armhf-xl-rtds 13 saverestore-support-check fail never pass test-armhf-armhf-xl-vhd 11 migrate-support-check fail never pass test-armhf-armhf-xl-vhd 12 saverestore-support-check fail never pass test-armhf-armhf-xl-multivcpu 12 migrate-support-check fail never pass test-armhf-armhf-xl-multivcpu 13 saverestore-support-check fail never pass test-armhf-armhf-xl-xsm 12 migrate-support-check fail never pass test-armhf-armhf-xl-xsm 13 saverestore-support-check fail never pass test-armhf-armhf-libvirt-xsm 12 migrate-support-check fail never pass test-armhf-armhf-libvirt-raw 11 migrate-support-check fail never pass version targeted for testing: linux ce88f02714836c33a4f0173c29fbe378ea402275 baseline version: linux 630b59cde7be8248b425cbe27c970c2ba8db36f2 Last test of basis 107606 2017-04-22 16:46:04 Z 10 days Testing same since 108014 2017-04-30 04:22:43 Z 3 days 6 attempts ------------------------------------------------------------ People who touched revisions under test: Adrian Hunter <adrian.hun...@intel.com> Alban Bedel <al...@free.fr> Alex Williamson <alex.william...@redhat.com> Andre Przywara <andre.przyw...@arm.com> Andrew Morton <a...@linux-foundation.org> Arnd Bergmann <a...@arndb.de> Bob Peterson <rpete...@redhat.com> Boris Brezillon <boris.brezil...@free-electrons.com> Borislav Petkov <b...@suse.de> Catalin Marinas <catalin.mari...@arm.com> Chris Mason <c...@fb.com> Christian Borntraeger <borntrae...@de.ibm.com> Christoffer Dall <cd...@linaro.org> David Howells <dhowe...@redhat.com> David Lanzendörfer <david.lanzendoer...@o2s.ch> David S. Miller <da...@davemloft.net> Dmitry Torokhov <dmitry.torok...@gmail.com> Dong Aisheng <aisheng.d...@nxp.com> Eric Biggers <ebigg...@google.com> Eric Dumazet <eduma...@google.com> Eun Taik Lee <eun.taik....@samsung.com> EunTaik Lee <eun.taik....@samsung.com> Germano Percossi <germano.perco...@citrix.com> Grant Grundler <grund...@parisc-linux.org> Greg Kroah-Hartman <gre...@linuxfoundation.org> Haibo Chen <haibo.c...@nxp.com> Hannes Reinecke <h...@suse.de> Ingo Molnar <mi...@kernel.org> J. Bruce Fields <bfie...@redhat.com> James Bottomley <jbottom...@odin.com> Joerg Roedel <jroe...@suse.de> John Crispin <j...@phrozen.org> Jonathan Liu <net...@gmail.com> Kalle Valo <kv...@codeaurora.org> Kevin Cernekee <cerne...@gmail.com> Linus Torvalds <torva...@linux-foundation.org> Marc Zyngier <marc.zyng...@arm.com> Mark Rutland <mark.rutl...@arm.com> Markos Chandras <markos.chand...@imgtec.com> Martin Schwidefsky <schwidef...@de.ibm.com> Mauro Carvalho Chehab <mche...@osg.samsung.com> Maxime Coquelin <mcoquelin.st...@gmail.com> Michael Ellerman <m...@ellerman.id.au> Mimi Zohar <zo...@linux.vnet.ibm.com> Oliver O'Halloran <ooh...@gmail.com> Paul Burton <paul.bur...@imgtec.com> Pavel Shilovsky <pshi...@microsoft.com> Peter Zijlstra (Intel) <pet...@infradead.org> Rafael J. Wysocki <rafael.j.wyso...@intel.com> Ralf Baechle <r...@linux-mips.org> Ravi Bangoria <ravi.bango...@linux.vnet.ibm.com> Richard Leitner <d...@g0hl1n.net> Richard Weinberger <rich...@nod.at> Russell King <rmk+ker...@arm.linux.org.uk> Sachin Prabhu <spra...@redhat.com> Satoru Takeuchi <takeuchi_sat...@jp.fujitsu.com> Sebastian Andrzej Siewior <bige...@linutronix.de> Sebastian Siewior <bige...@linutronix.de> Sergey Ryazanov <ryazanov....@gmail.com> Stefan Agner <ste...@agner.ch> Steve French <smfre...@gmail.com> Steve French <steve.fre...@primarydata.com> Steven Rostedt (VMware) <rost...@goodmis.org> Suzuki K Poulose <suzuki.poul...@arm.com> Thomas Gleixner <t...@linutronix.de> Thomas Petazzoni <thomas.petazz...@free-electrons.com> Thorsten Leemhuis <li...@leemhuis.info> Trond Myklebust <trond.mykleb...@primarydata.com> Ulf Hansson <ulf.hans...@linaro.org> Vlad Tsyrklevich <v...@tsyrklevich.net> Yazen Ghannam <yazen.ghan...@amd.com> jobs: build-amd64-xsm pass build-arm64-xsm pass build-armhf-xsm pass build-i386-xsm pass build-amd64 pass build-arm64 pass build-armhf pass build-i386 pass build-amd64-libvirt pass build-arm64-libvirt pass build-armhf-libvirt pass build-i386-libvirt pass build-amd64-pvops pass build-arm64-pvops fail build-armhf-pvops pass build-i386-pvops pass build-amd64-rumprun pass build-i386-rumprun pass test-amd64-amd64-xl pass test-arm64-arm64-xl blocked test-armhf-armhf-xl pass test-amd64-i386-xl pass test-amd64-amd64-xl-qemut-debianhvm-amd64-xsm pass test-amd64-i386-xl-qemut-debianhvm-amd64-xsm pass test-amd64-amd64-libvirt-qemuu-debianhvm-amd64-xsm pass test-amd64-i386-libvirt-qemuu-debianhvm-amd64-xsm pass test-amd64-amd64-xl-qemuu-debianhvm-amd64-xsm pass test-amd64-i386-xl-qemuu-debianhvm-amd64-xsm pass test-amd64-amd64-xl-qemut-stubdom-debianhvm-amd64-xsm pass test-amd64-i386-xl-qemut-stubdom-debianhvm-amd64-xsm pass test-amd64-amd64-libvirt-xsm pass test-arm64-arm64-libvirt-xsm blocked test-armhf-armhf-libvirt-xsm pass test-amd64-i386-libvirt-xsm pass test-amd64-amd64-xl-xsm pass test-arm64-arm64-xl-xsm blocked test-armhf-armhf-xl-xsm pass test-amd64-i386-xl-xsm pass test-amd64-amd64-qemuu-nested-amd fail test-amd64-amd64-xl-pvh-amd fail test-amd64-i386-qemut-rhel6hvm-amd pass test-amd64-i386-qemuu-rhel6hvm-amd pass test-amd64-amd64-xl-qemut-debianhvm-amd64 pass test-amd64-i386-xl-qemut-debianhvm-amd64 pass test-amd64-amd64-xl-qemuu-debianhvm-amd64 pass test-amd64-i386-xl-qemuu-debianhvm-amd64 pass test-amd64-i386-freebsd10-amd64 pass test-amd64-amd64-xl-qemuu-ovmf-amd64 pass test-amd64-i386-xl-qemuu-ovmf-amd64 pass test-amd64-amd64-rumprun-amd64 pass test-amd64-amd64-xl-qemut-win7-amd64 pass test-amd64-i386-xl-qemut-win7-amd64 fail test-amd64-amd64-xl-qemuu-win7-amd64 fail test-amd64-i386-xl-qemuu-win7-amd64 fail test-armhf-armhf-xl-arndale fail test-amd64-amd64-xl-credit2 pass test-arm64-arm64-xl-credit2 blocked test-armhf-armhf-xl-credit2 pass test-armhf-armhf-xl-cubietruck pass test-amd64-i386-freebsd10-i386 pass test-amd64-i386-rumprun-i386 pass test-amd64-amd64-qemuu-nested-intel pass test-amd64-amd64-xl-pvh-intel pass test-amd64-i386-qemut-rhel6hvm-intel pass test-amd64-i386-qemuu-rhel6hvm-intel pass test-amd64-amd64-libvirt pass test-arm64-arm64-libvirt blocked test-armhf-armhf-libvirt pass test-amd64-i386-libvirt pass test-amd64-amd64-xl-multivcpu pass test-arm64-arm64-xl-multivcpu blocked test-armhf-armhf-xl-multivcpu pass test-amd64-amd64-pair pass test-amd64-i386-pair pass test-amd64-amd64-libvirt-pair pass test-amd64-i386-libvirt-pair pass test-amd64-amd64-amd64-pvgrub pass test-amd64-amd64-i386-pvgrub pass test-amd64-amd64-pygrub fail test-arm64-arm64-libvirt-qcow2 blocked test-amd64-amd64-xl-qcow2 pass test-armhf-armhf-libvirt-raw pass test-amd64-i386-xl-raw pass test-amd64-amd64-xl-rtds pass test-arm64-arm64-xl-rtds blocked test-armhf-armhf-xl-rtds pass test-amd64-i386-xl-qemut-winxpsp3-vcpus1 pass test-amd64-i386-xl-qemuu-winxpsp3-vcpus1 fail test-amd64-amd64-libvirt-vhd pass test-armhf-armhf-xl-vhd pass test-amd64-amd64-xl-qemut-winxpsp3 pass test-amd64-i386-xl-qemut-winxpsp3 pass test-amd64-amd64-xl-qemuu-winxpsp3 fail test-amd64-i386-xl-qemuu-winxpsp3 pass ------------------------------------------------------------ sg-report-flight on osstest.test-lab.xenproject.org logs: /home/logs/logs images: /home/logs/images Logs, config files, etc. are available at http://logs.test-lab.xenproject.org/osstest/logs Explanation of these reports, and of osstest in general, is at http://xenbits.xen.org/gitweb/?p=osstest.git;a=blob;f=README.email;hb=master http://xenbits.xen.org/gitweb/?p=osstest.git;a=blob;f=README;hb=master Test harness code can be found at http://xenbits.xen.org/gitweb?p=osstest.git;a=summary Pushing revision : + branch=linux-3.18 + revision=ce88f02714836c33a4f0173c29fbe378ea402275 + . ./cri-lock-repos ++ . ./cri-common +++ . ./cri-getconfig +++ umask 002 +++ getrepos ++++ getconfig Repos ++++ perl -e ' use Osstest; readglobalconfig(); print $c{"Repos"} or die $!; ' +++ local repos=/home/osstest/repos +++ '[' -z /home/osstest/repos ']' +++ '[' '!' -d /home/osstest/repos ']' +++ echo /home/osstest/repos ++ repos=/home/osstest/repos ++ repos_lock=/home/osstest/repos/lock ++ '[' x '!=' x/home/osstest/repos/lock ']' ++ OSSTEST_REPOS_LOCK_LOCKED=/home/osstest/repos/lock ++ exec with-lock-ex -w /home/osstest/repos/lock ./ap-push linux-3.18 ce88f02714836c33a4f0173c29fbe378ea402275 + branch=linux-3.18 + revision=ce88f02714836c33a4f0173c29fbe378ea402275 + . ./cri-lock-repos ++ . ./cri-common +++ . ./cri-getconfig +++ umask 002 +++ getrepos ++++ getconfig Repos ++++ perl -e ' use Osstest; readglobalconfig(); print $c{"Repos"} or die $!; ' +++ local repos=/home/osstest/repos +++ '[' -z /home/osstest/repos ']' +++ '[' '!' -d /home/osstest/repos ']' +++ echo /home/osstest/repos ++ repos=/home/osstest/repos ++ repos_lock=/home/osstest/repos/lock ++ '[' x/home/osstest/repos/lock '!=' x/home/osstest/repos/lock ']' + . ./cri-common ++ . ./cri-getconfig ++ umask 002 + select_xenbranch + case "$branch" in + tree=linux + xenbranch=xen-unstable + '[' xlinux = xlinux ']' + linuxbranch=linux-3.18 + '[' x = x ']' + qemuubranch=qemu-upstream-unstable + select_prevxenbranch ++ ./cri-getprevxenbranch xen-unstable + prevxenbranch=xen-4.8-testing + '[' xce88f02714836c33a4f0173c29fbe378ea402275 = x ']' + : tested/2.6.39.x + . ./ap-common ++ : osst...@xenbits.xen.org +++ getconfig OsstestUpstream +++ perl -e ' use Osstest; readglobalconfig(); print $c{"OsstestUpstream"} or die $!; ' ++ : ++ : git://xenbits.xen.org/xen.git ++ : osst...@xenbits.xen.org:/home/xen/git/xen.git ++ : git://xenbits.xen.org/qemu-xen-traditional.git ++ : git://git.kernel.org ++ : git://git.kernel.org/pub/scm/linux/kernel/git ++ : git ++ : git://xenbits.xen.org/xtf.git ++ : osst...@xenbits.xen.org:/home/xen/git/xtf.git ++ : git://xenbits.xen.org/xtf.git ++ : git://xenbits.xen.org/libvirt.git ++ : osst...@xenbits.xen.org:/home/xen/git/libvirt.git ++ : git://xenbits.xen.org/libvirt.git ++ : git://xenbits.xen.org/osstest/rumprun.git ++ : git ++ : git://xenbits.xen.org/osstest/rumprun.git ++ : osst...@xenbits.xen.org:/home/xen/git/osstest/rumprun.git ++ : git://git.seabios.org/seabios.git ++ : osst...@xenbits.xen.org:/home/xen/git/osstest/seabios.git ++ : git://xenbits.xen.org/osstest/seabios.git ++ : https://github.com/tianocore/edk2.git ++ : osst...@xenbits.xen.org:/home/xen/git/osstest/ovmf.git ++ : git://xenbits.xen.org/osstest/ovmf.git ++ : git://xenbits.xen.org/osstest/linux-firmware.git ++ : osst...@xenbits.xen.org:/home/osstest/ext/linux-firmware.git ++ : git://git.kernel.org/pub/scm/linux/kernel/git/firmware/linux-firmware.git ++ : osst...@xenbits.xen.org:/home/xen/git/linux-pvops.git ++ : git://xenbits.xen.org/linux-pvops.git ++ : tested/linux-3.14 ++ : tested/linux-arm-xen ++ '[' xgit://git.kernel.org/pub/scm/linux/kernel/git/stable/linux-stable.git = x ']' ++ '[' xgit://git.kernel.org/pub/scm/linux/kernel/git/stable/linux-stable.git = x ']' ++ : git://git.kernel.org/pub/scm/linux/kernel/git/konrad/xen.git ++ : tested/2.6.39.x ++ : daily-cron.linux-3.18 ++ : daily-cron.linux-3.18 ++ : daily-cron.linux-3.18 ++ : daily-cron.linux-3.18 ++ : daily-cron.linux-3.18 ++ : daily-cron.linux-3.18 ++ : daily-cron.linux-3.18 ++ : http://hg.uk.xensource.com/carbon/trunk/linux-2.6.27 ++ : git://xenbits.xen.org/qemu-xen.git ++ : osst...@xenbits.xen.org:/home/xen/git/qemu-xen.git ++ : daily-cron.linux-3.18 ++ : git://xenbits.xen.org/qemu-xen.git ++ : git://git.qemu.org/qemu.git + TREE_LINUX=osst...@xenbits.xen.org:/home/xen/git/linux-pvops.git + TREE_QEMU_UPSTREAM=osst...@xenbits.xen.org:/home/xen/git/qemu-xen.git + TREE_XEN=osst...@xenbits.xen.org:/home/xen/git/xen.git + TREE_LIBVIRT=osst...@xenbits.xen.org:/home/xen/git/libvirt.git + TREE_RUMPRUN=osst...@xenbits.xen.org:/home/xen/git/osstest/rumprun.git + TREE_SEABIOS=osst...@xenbits.xen.org:/home/xen/git/osstest/seabios.git + TREE_OVMF=osst...@xenbits.xen.org:/home/xen/git/osstest/ovmf.git + TREE_XTF=osst...@xenbits.xen.org:/home/xen/git/xtf.git + info_linux_tree linux-3.18 + case $1 in + : git://git.kernel.org/pub/scm/linux/kernel/git/stable/linux-stable.git + : linux-3.18.y + : linux-3.18.y + : git + : git + : git://xenbits.xen.org/linux-pvops.git + : osst...@xenbits.xen.org:/home/xen/git/linux-pvops.git + : tested/linux-3.18 + : refs/heads/tested/linux-3.18 + return 0 + cd /home/osstest/repos/linux + git push osst...@xenbits.xen.org:/home/xen/git/linux-pvops.git ce88f02714836c33a4f0173c29fbe378ea402275:refs/heads/tested/linux-3.18 To osst...@xenbits.xen.org:/home/xen/git/linux-pvops.git 630b59c..ce88f02 ce88f02714836c33a4f0173c29fbe378ea402275 -> tested/linux-3.18 + exit 0
_______________________________________________ Xen-devel mailing list Xen-devel@lists.xen.org https://lists.xen.org/xen-devel