flight 107358 linux-4.9 real [real] http://logs.test-lab.xenproject.org/osstest/logs/107358/
Failures :-/ but no regressions. Tests which are failing intermittently (not blocking): test-armhf-armhf-xl-arndale 2 hosts-allocate broken in 107313 pass in 107358 test-armhf-armhf-xl-multivcpu 15 guest-start/debian.repeat fail in 107313 pass in 107328 test-amd64-amd64-libvirt-vhd 9 debian-di-install fail in 107313 pass in 107358 test-arm64-arm64-libvirt-qcow2 9 debian-di-install fail in 107313 pass in 107358 test-armhf-armhf-xl-xsm 6 xen-boot fail pass in 107313 test-armhf-armhf-xl-multivcpu 6 xen-boot fail pass in 107328 test-amd64-amd64-xl-qemuu-win7-amd64 17 guest-start/win.repeat fail pass in 107328 Regressions which are regarded as allowable (not blocking): test-amd64-amd64-xl-qemut-win7-amd64 16 guest-stop fail REGR. vs. 107238 test-armhf-armhf-xl-credit2 15 guest-start/debian.repeat fail in 107313 like 107238 test-armhf-armhf-xl-vhd 6 xen-boot fail like 107238 test-armhf-armhf-libvirt 6 xen-boot fail like 107238 test-armhf-armhf-xl-rtds 6 xen-boot fail like 107238 test-armhf-armhf-xl 6 xen-boot fail like 107238 test-armhf-armhf-libvirt-xsm 6 xen-boot fail like 107238 test-armhf-armhf-libvirt-raw 6 xen-boot fail like 107238 Tests which did not succeed, but are not blocking: test-armhf-armhf-libvirt 12 migrate-support-check fail in 107313 never pass test-armhf-armhf-libvirt 13 saverestore-support-check fail in 107313 never pass test-armhf-armhf-xl-xsm 12 migrate-support-check fail in 107313 never pass test-armhf-armhf-xl-xsm 13 saverestore-support-check fail in 107313 never pass test-armhf-armhf-libvirt-xsm 12 migrate-support-check fail in 107313 never pass test-armhf-armhf-xl 12 migrate-support-check fail in 107313 never pass test-armhf-armhf-libvirt-xsm 13 saverestore-support-check fail in 107313 never pass test-armhf-armhf-xl 13 saverestore-support-check fail in 107313 never pass test-armhf-armhf-xl-multivcpu 12 migrate-support-check fail in 107313 never pass test-armhf-armhf-xl-multivcpu 13 saverestore-support-check fail in 107313 never pass test-armhf-armhf-libvirt-raw 11 migrate-support-check fail in 107313 never pass test-armhf-armhf-libvirt-raw 12 saverestore-support-check fail in 107313 never pass test-armhf-armhf-xl-rtds 12 migrate-support-check fail in 107313 never pass test-armhf-armhf-xl-rtds 13 saverestore-support-check fail in 107313 never pass test-armhf-armhf-xl-vhd 11 migrate-support-check fail in 107313 never pass test-armhf-armhf-xl-vhd 12 saverestore-support-check fail in 107313 never pass test-amd64-amd64-libvirt 12 migrate-support-check fail never pass test-amd64-i386-libvirt-xsm 12 migrate-support-check fail never pass test-amd64-i386-libvirt 12 migrate-support-check fail never pass test-amd64-amd64-libvirt-xsm 12 migrate-support-check fail never pass test-armhf-armhf-xl-arndale 6 xen-boot fail never pass test-arm64-arm64-xl-xsm 12 migrate-support-check fail never pass test-arm64-arm64-xl-xsm 13 saverestore-support-check fail never pass test-arm64-arm64-xl 12 migrate-support-check fail never pass test-arm64-arm64-xl 13 saverestore-support-check fail never pass test-arm64-arm64-libvirt 12 migrate-support-check fail never pass test-arm64-arm64-libvirt 13 saverestore-support-check fail never pass test-arm64-arm64-xl-credit2 12 migrate-support-check fail never pass test-arm64-arm64-xl-credit2 13 saverestore-support-check fail never pass test-arm64-arm64-xl-multivcpu 12 migrate-support-check fail never pass test-arm64-arm64-xl-multivcpu 13 saverestore-support-check fail never pass test-arm64-arm64-libvirt-xsm 12 migrate-support-check fail never pass test-arm64-arm64-libvirt-xsm 13 saverestore-support-check fail never pass test-amd64-i386-libvirt-qemuu-debianhvm-amd64-xsm 10 migrate-support-check fail never pass test-amd64-amd64-libvirt-qemuu-debianhvm-amd64-xsm 10 migrate-support-check fail never pass test-arm64-arm64-xl-rtds 12 migrate-support-check fail never pass test-arm64-arm64-xl-rtds 13 saverestore-support-check fail never pass test-amd64-amd64-libvirt-vhd 11 migrate-support-check fail never pass test-amd64-amd64-qemuu-nested-intel 13 xen-boot/l1 fail never pass test-amd64-amd64-qemuu-nested-amd 13 xen-boot/l1 fail never pass test-arm64-arm64-libvirt-qcow2 11 migrate-support-check fail never pass test-arm64-arm64-libvirt-qcow2 12 saverestore-support-check fail never pass test-armhf-armhf-xl-cubietruck 12 migrate-support-check fail never pass test-armhf-armhf-xl-cubietruck 13 saverestore-support-check fail never pass test-armhf-armhf-xl-credit2 12 migrate-support-check fail never pass test-armhf-armhf-xl-credit2 13 saverestore-support-check fail never pass test-amd64-i386-xl-qemut-win7-amd64 16 guest-stop fail never pass version targeted for testing: linux 37feaf8095d352014555b82adb4a04609ca17d3f baseline version: linux c8e131605de2e0d1d5769ff25272ae1c8e4720b0 Last test of basis 107238 2017-04-06 10:22:37 Z 5 days Failing since 107272 2017-04-07 11:29:15 Z 4 days 4 attempts Testing same since 107313 2017-04-08 20:47:04 Z 2 days 3 attempts ------------------------------------------------------------ People who touched revisions under test: Aaron Armstrong Skomra <aaron.sko...@wacom.com> Aaron Armstrong Skomra <sko...@gmail.com> Adrian Hunter <adrian.hun...@intel.com> Alan Stern <st...@rowland.harvard.edu> Alex Deucher <alexander.deuc...@amd.com> Amit Pundir <amit.pun...@linaro.org> Andrew Morton <a...@linux-foundation.org> Andy Whitcroft <a...@canonical.com> Anna Schumaker <anna.schuma...@netapp.com> Baoquan He <b...@redhat.com> Bart Van Assche <bart.vanass...@sandisk.com> Bin Liu <b-...@ti.com> Bjorn Andersson <bjorn.anders...@linaro.org> Bjorn Helgaas <bhelg...@google.com> Brian Foster <bfos...@redhat.com> Chandan Rajendra <chan...@linux.vnet.ibm.com> Christoph Hellwig <h...@lst.de> Darrick J. Wong <darrick.w...@oracle.com> Dave Martin <dave.mar...@arm.com> Dave Young <dyo...@redhat.com> David Hildenbrand <da...@redhat.com> David S. Miller <da...@davemloft.net> Dong Aisheng <aisheng.d...@nxp.com> Douglas Gilbert <dgilb...@interlog.com> Eric Anholt <e...@anholt.net> Eric Biggers <ebigg...@google.com> Felix Fietkau <n...@nbd.name> Florian Fainelli <f.faine...@gmail.com> Florian Westphal <f...@strlen.de> Greg Kroah-Hartman <gre...@linuxfoundation.org> Hans de Goede <hdego...@redhat.com> Helge Deller <del...@gmx.de> Herbert Xu <herb...@gondor.apana.org.au> Hillf Danton <hillf...@alibaba-inc.com> Himanshu Madhani <himanshu.madh...@cavium.com> Hou Tao <hout...@huawei.com> Hui Wang <hui.w...@canonical.com> Ilya Dryomov <idryo...@gmail.com> Ingo Molnar <mi...@kernel.org> J. Bruce Fields <bfie...@redhat.com> James Hogan <james.ho...@imgtec.com> Jason A. Donenfeld <ja...@zx2c4.com> Jens Axboe <ax...@fb.com> Jinpu Wang <jinpu.w...@profitbricks.com> Jiri Kosina <jkos...@suse.cz> Joe Carnuccio <joe.carnuc...@cavium.com> Joerg Roedel <jroe...@suse.de> Johannes Weiner <han...@cmpxchg.org> John Crispin <j...@phrozen.org> John David Anglin <dave.ang...@bell.net> John Garry <john.ga...@huawei.com> Jon Mason <jon.ma...@broadcom.com> Josh Poimboeuf <jpoim...@redhat.com> Juergen Gross <jgr...@suse.com> Kees Cook <keesc...@chromium.org> Keith Busch <keith.bu...@intel.com> Kinglong Mee <kinglong...@gmail.com> Ladi Prosek <lpro...@redhat.com> Linus Torvalds <torva...@linux-foundation.org> Linus Walleij <linus.wall...@linaro.org> Lucas Stach <l.st...@pengutronix.de> Ludovic Desroches <ludovic.desroc...@microchip.com> Mark Brown <broo...@kernel.org> Martin K. Petersen <martin.peter...@oracle.com> Michael Halcrow <mhalc...@google.com> Michael S. Tsirkin <m...@redhat.com> Michal Hocko <mho...@suse.com> Michel Dänzer <michel.daen...@amd.com> Naoya Horiguchi <n-horigu...@ah.jp.nec.com> NeilBrown <ne...@suse.com> Nicholas Bellinger <n...@linux-iscsi.org> Nicolas Ferre <nicolas.fe...@microchip.com> Olga Kornievskaia <ko...@netapp.com> Paolo Bonzini <pbonz...@redhat.com> Peter Chang <d...@google.com> Peter Xu <pet...@redhat.com> Peter Zijlstra (Intel) <pet...@infradead.org> Radim KrÄmáŠ<rkrc...@redhat.com> Rafael J. Wysocki <rafael.j.wyso...@intel.com> RafaÅ MiÅecki <ra...@milecki.pl> Richard Genoud <richard.gen...@gmail.com> Ross Lagerwall <ross.lagerw...@citrix.com> Sagi Grimberg <s...@grimberg.me> Sebastian Andrzej Siewior <bige...@linutronix.de> Songjun Wu <songjun...@microchip.com> Stefan Wahren <stefan.wah...@i2se.com> Steffen Klassert <steffen.klass...@secunet.com> Steven Rostedt (VMware) <rost...@goodmis.org> Takashi Iwai <ti...@suse.de> Takashi Sakamoto <takashi.sakam...@miraclelinux.com> Theodore Ts'o <ty...@mit.edu> Thomas Garnier <thgar...@google.com> Tony Lindgren <t...@atomide.com> Tony Luck <tony.l...@intel.com> Ulf Hansson <ulf.hans...@linaro.org> Uwe Kleine-König <u.kleine-koe...@pengutronix.de> Vinod Koul <vinod.k...@intel.com> Vladimir Davydov <vdavy...@tarantool.org> jobs: build-amd64-xsm pass build-arm64-xsm pass build-armhf-xsm pass build-i386-xsm pass build-amd64 pass build-arm64 pass build-armhf pass build-i386 pass build-amd64-libvirt pass build-arm64-libvirt pass build-armhf-libvirt pass build-i386-libvirt pass build-amd64-pvops pass build-arm64-pvops pass build-armhf-pvops pass build-i386-pvops pass build-amd64-rumprun pass build-i386-rumprun pass test-amd64-amd64-xl pass test-arm64-arm64-xl pass test-armhf-armhf-xl fail test-amd64-i386-xl pass test-amd64-amd64-xl-qemut-debianhvm-amd64-xsm pass test-amd64-i386-xl-qemut-debianhvm-amd64-xsm pass test-amd64-amd64-libvirt-qemuu-debianhvm-amd64-xsm pass test-amd64-i386-libvirt-qemuu-debianhvm-amd64-xsm pass test-amd64-amd64-xl-qemuu-debianhvm-amd64-xsm pass test-amd64-i386-xl-qemuu-debianhvm-amd64-xsm pass test-amd64-amd64-xl-qemut-stubdom-debianhvm-amd64-xsm pass test-amd64-i386-xl-qemut-stubdom-debianhvm-amd64-xsm pass test-amd64-amd64-libvirt-xsm pass test-arm64-arm64-libvirt-xsm pass test-armhf-armhf-libvirt-xsm fail test-amd64-i386-libvirt-xsm pass test-amd64-amd64-xl-xsm pass test-arm64-arm64-xl-xsm pass test-armhf-armhf-xl-xsm fail test-amd64-i386-xl-xsm pass test-amd64-amd64-qemuu-nested-amd fail test-amd64-amd64-xl-pvh-amd pass test-amd64-i386-qemut-rhel6hvm-amd pass test-amd64-i386-qemuu-rhel6hvm-amd pass test-amd64-amd64-xl-qemut-debianhvm-amd64 pass test-amd64-i386-xl-qemut-debianhvm-amd64 pass test-amd64-amd64-xl-qemuu-debianhvm-amd64 pass test-amd64-i386-xl-qemuu-debianhvm-amd64 pass test-amd64-i386-freebsd10-amd64 pass test-amd64-amd64-xl-qemuu-ovmf-amd64 pass test-amd64-i386-xl-qemuu-ovmf-amd64 pass test-amd64-amd64-rumprun-amd64 pass test-amd64-amd64-xl-qemut-win7-amd64 fail test-amd64-i386-xl-qemut-win7-amd64 fail test-amd64-amd64-xl-qemuu-win7-amd64 fail test-amd64-i386-xl-qemuu-win7-amd64 pass test-armhf-armhf-xl-arndale fail test-amd64-amd64-xl-credit2 pass test-arm64-arm64-xl-credit2 pass test-armhf-armhf-xl-credit2 pass test-armhf-armhf-xl-cubietruck pass test-amd64-i386-freebsd10-i386 pass test-amd64-i386-rumprun-i386 pass test-amd64-amd64-qemuu-nested-intel fail test-amd64-amd64-xl-pvh-intel pass test-amd64-i386-qemut-rhel6hvm-intel pass test-amd64-i386-qemuu-rhel6hvm-intel pass test-amd64-amd64-libvirt pass test-arm64-arm64-libvirt pass test-armhf-armhf-libvirt fail test-amd64-i386-libvirt pass test-amd64-amd64-xl-multivcpu pass test-arm64-arm64-xl-multivcpu pass test-armhf-armhf-xl-multivcpu fail test-amd64-amd64-pair pass test-amd64-i386-pair pass test-amd64-amd64-libvirt-pair pass test-amd64-i386-libvirt-pair pass test-amd64-amd64-amd64-pvgrub pass test-amd64-amd64-i386-pvgrub pass test-amd64-amd64-pygrub pass test-arm64-arm64-libvirt-qcow2 pass test-amd64-amd64-xl-qcow2 pass test-armhf-armhf-libvirt-raw fail test-amd64-i386-xl-raw pass test-amd64-amd64-xl-rtds pass test-arm64-arm64-xl-rtds pass test-armhf-armhf-xl-rtds fail test-amd64-i386-xl-qemut-winxpsp3-vcpus1 pass test-amd64-i386-xl-qemuu-winxpsp3-vcpus1 pass test-amd64-amd64-libvirt-vhd pass test-armhf-armhf-xl-vhd fail test-amd64-amd64-xl-qemut-winxpsp3 pass test-amd64-i386-xl-qemut-winxpsp3 pass test-amd64-amd64-xl-qemuu-winxpsp3 pass test-amd64-i386-xl-qemuu-winxpsp3 pass ------------------------------------------------------------ sg-report-flight on osstest.test-lab.xenproject.org logs: /home/logs/logs images: /home/logs/images Logs, config files, etc. are available at http://logs.test-lab.xenproject.org/osstest/logs Explanation of these reports, and of osstest in general, is at http://xenbits.xen.org/gitweb/?p=osstest.git;a=blob;f=README.email;hb=master http://xenbits.xen.org/gitweb/?p=osstest.git;a=blob;f=README;hb=master Test harness code can be found at http://xenbits.xen.org/gitweb?p=osstest.git;a=summary Pushing revision : + branch=linux-4.9 + revision=37feaf8095d352014555b82adb4a04609ca17d3f + . ./cri-lock-repos ++ . ./cri-common +++ . ./cri-getconfig +++ umask 002 +++ getrepos ++++ getconfig Repos ++++ perl -e ' use Osstest; readglobalconfig(); print $c{"Repos"} or die $!; ' +++ local repos=/home/osstest/repos +++ '[' -z /home/osstest/repos ']' +++ '[' '!' -d /home/osstest/repos ']' +++ echo /home/osstest/repos ++ repos=/home/osstest/repos ++ repos_lock=/home/osstest/repos/lock ++ '[' x '!=' x/home/osstest/repos/lock ']' ++ OSSTEST_REPOS_LOCK_LOCKED=/home/osstest/repos/lock ++ exec with-lock-ex -w /home/osstest/repos/lock ./ap-push linux-4.9 37feaf8095d352014555b82adb4a04609ca17d3f + branch=linux-4.9 + revision=37feaf8095d352014555b82adb4a04609ca17d3f + . ./cri-lock-repos ++ . ./cri-common +++ . ./cri-getconfig +++ umask 002 +++ getrepos ++++ getconfig Repos ++++ perl -e ' use Osstest; readglobalconfig(); print $c{"Repos"} or die $!; ' +++ local repos=/home/osstest/repos +++ '[' -z /home/osstest/repos ']' +++ '[' '!' -d /home/osstest/repos ']' +++ echo /home/osstest/repos ++ repos=/home/osstest/repos ++ repos_lock=/home/osstest/repos/lock ++ '[' x/home/osstest/repos/lock '!=' x/home/osstest/repos/lock ']' + . ./cri-common ++ . ./cri-getconfig ++ umask 002 + select_xenbranch + case "$branch" in + tree=linux + xenbranch=xen-unstable + '[' xlinux = xlinux ']' + linuxbranch=linux-4.9 + '[' x = x ']' + qemuubranch=qemu-upstream-unstable + select_prevxenbranch ++ ./cri-getprevxenbranch xen-unstable + prevxenbranch=xen-4.8-testing + '[' x37feaf8095d352014555b82adb4a04609ca17d3f = x ']' + : tested/2.6.39.x + . ./ap-common ++ : osst...@xenbits.xen.org +++ getconfig OsstestUpstream +++ perl -e ' use Osstest; readglobalconfig(); print $c{"OsstestUpstream"} or die $!; ' ++ : ++ : git://xenbits.xen.org/xen.git ++ : osst...@xenbits.xen.org:/home/xen/git/xen.git ++ : git://xenbits.xen.org/qemu-xen-traditional.git ++ : git://git.kernel.org ++ : git://git.kernel.org/pub/scm/linux/kernel/git ++ : git ++ : git://xenbits.xen.org/xtf.git ++ : osst...@xenbits.xen.org:/home/xen/git/xtf.git ++ : git://xenbits.xen.org/xtf.git ++ : git://xenbits.xen.org/libvirt.git ++ : osst...@xenbits.xen.org:/home/xen/git/libvirt.git ++ : git://xenbits.xen.org/libvirt.git ++ : git://xenbits.xen.org/osstest/rumprun.git ++ : git ++ : git://xenbits.xen.org/osstest/rumprun.git ++ : osst...@xenbits.xen.org:/home/xen/git/osstest/rumprun.git ++ : git://git.seabios.org/seabios.git ++ : osst...@xenbits.xen.org:/home/xen/git/osstest/seabios.git ++ : git://xenbits.xen.org/osstest/seabios.git ++ : https://github.com/tianocore/edk2.git ++ : osst...@xenbits.xen.org:/home/xen/git/osstest/ovmf.git ++ : git://xenbits.xen.org/osstest/ovmf.git ++ : git://xenbits.xen.org/osstest/linux-firmware.git ++ : osst...@xenbits.xen.org:/home/osstest/ext/linux-firmware.git ++ : git://git.kernel.org/pub/scm/linux/kernel/git/firmware/linux-firmware.git ++ : osst...@xenbits.xen.org:/home/xen/git/linux-pvops.git ++ : git://xenbits.xen.org/linux-pvops.git ++ : tested/linux-3.14 ++ : tested/linux-arm-xen ++ '[' xgit://git.kernel.org/pub/scm/linux/kernel/git/stable/linux-stable.git = x ']' ++ '[' xgit://git.kernel.org/pub/scm/linux/kernel/git/stable/linux-stable.git = x ']' ++ : git://git.kernel.org/pub/scm/linux/kernel/git/konrad/xen.git ++ : tested/2.6.39.x ++ : daily-cron.linux-4.9 ++ : daily-cron.linux-4.9 ++ : daily-cron.linux-4.9 ++ : daily-cron.linux-4.9 ++ : daily-cron.linux-4.9 ++ : daily-cron.linux-4.9 ++ : daily-cron.linux-4.9 ++ : http://hg.uk.xensource.com/carbon/trunk/linux-2.6.27 ++ : git://xenbits.xen.org/qemu-xen.git ++ : osst...@xenbits.xen.org:/home/xen/git/qemu-xen.git ++ : daily-cron.linux-4.9 ++ : git://xenbits.xen.org/qemu-xen.git ++ : git://git.qemu.org/qemu.git + TREE_LINUX=osst...@xenbits.xen.org:/home/xen/git/linux-pvops.git + TREE_QEMU_UPSTREAM=osst...@xenbits.xen.org:/home/xen/git/qemu-xen.git + TREE_XEN=osst...@xenbits.xen.org:/home/xen/git/xen.git + TREE_LIBVIRT=osst...@xenbits.xen.org:/home/xen/git/libvirt.git + TREE_RUMPRUN=osst...@xenbits.xen.org:/home/xen/git/osstest/rumprun.git + TREE_SEABIOS=osst...@xenbits.xen.org:/home/xen/git/osstest/seabios.git + TREE_OVMF=osst...@xenbits.xen.org:/home/xen/git/osstest/ovmf.git + TREE_XTF=osst...@xenbits.xen.org:/home/xen/git/xtf.git + info_linux_tree linux-4.9 + case $1 in + : git://git.kernel.org/pub/scm/linux/kernel/git/stable/linux-stable.git + : linux-4.9.y + : linux-4.9.y + : git + : git + : git://xenbits.xen.org/linux-pvops.git + : osst...@xenbits.xen.org:/home/xen/git/linux-pvops.git + : tested/linux-4.9 + : refs/heads/tested/linux-4.9 + return 0 + cd /home/osstest/repos/linux + git push osst...@xenbits.xen.org:/home/xen/git/linux-pvops.git 37feaf8095d352014555b82adb4a04609ca17d3f:refs/heads/tested/linux-4.9 To osst...@xenbits.xen.org:/home/xen/git/linux-pvops.git c8e1316..37feaf8 37feaf8095d352014555b82adb4a04609ca17d3f -> tested/linux-4.9 + exit 0
_______________________________________________ Xen-devel mailing list Xen-devel@lists.xen.org https://lists.xen.org/xen-devel