flight 107321 xen-unstable-coverity real [real]
http://logs.test-lab.xenproject.org/osstest/logs/107321/

Regressions :-(

Tests which did not succeed and are blocking,
including tests which could not be run:
 coverity-amd64                6 coverity-upload          fail REGR. vs. 106549

version targeted for testing:
 xen                  6772d50a50ca4315f658e33194f966e48d180384
baseline version:
 xen                  4361e80d228655b100bae5d19b489b39d20aa68d

Last test of basis   106549  2017-03-08 09:20:26 Z   32 days
Failing since        106616  2017-03-12 09:18:46 Z   28 days    8 attempts
Testing same since   107321  2017-04-09 09:20:57 Z    0 days    1 attempts

------------------------------------------------------------
People who touched revisions under test:
  Adrian Pop <a...@bitdefender.com>
  Al Stone <a...@redhat.com>
  Andre Przywara <andre.przyw...@arm.com>
  Andrew Cooper <andrew.coop...@citrix.com>
  Anthony PERARD <anthony.per...@citrix.com>
  Bhavesh Davda <bhavesh.da...@oracle.com>
  Bob Moore <robert.mo...@intel.com>
  Boris Ostrovsky <boris.ostrov...@oracle.com>
  Chao Gao <chao....@intel.com>
  Christoph Egger <cheg...@amazon.de>
  Cristian-Bogdan Sirb <cs...@bitdefender.com>
  Daniel De Graaf <dgde...@tycho.nsa.gov>
  Daniel Kiper <daniel.ki...@oracle.com>
  Dario Faggioli <dario.faggi...@citrix.com>
  David Scott <d...@recoil.org>
  Elena Ufimtseva <elena.ufimts...@oracle.com>
  Feng Wu <feng...@intel.com>
  George Dunlap <george.dun...@citrix.com>
  Haozhong Zhang <haozhong.zh...@intel.com>
  Ian Jackson <ian.jack...@citrix.com>
  Ian Jackson <ian.jack...@eu.citrix.com>
  Iurii Konovalenko <iurii.konovale...@globallogic.com>
  Jan Beulich <jbeul...@suse.com>
  Jan Beulich <jbeul...@suse.com> [x86]
  Jonathan Davies <jonathan.dav...@citrix.com>
  Joshua Otto <jto...@uwaterloo.ca>
  Juergen Gross <jgr...@suse.com>
  Julien Grall <julien.gr...@arm.com>
  Kevin Tian <kevin.t...@intel.com>
  Konrad Rzeszutek Wilk <konrad.w...@oracle.com>
  Luca Miccio <lucmic...@gmail.com>
  Lv Zheng <lv.zh...@intel.com>
  Mohit Gambhir <mohit.gamb...@oracle.com>
  Olaf Hering <o...@aepfle.de>
  Oleksandr Andrushchenko <oleksandr_andrushche...@epam.com>
  Oleksandr Dmytryshyn <oleksandr.dmytrys...@globallogic.com>
  Oleksandr Grytsov <oleksandr_gryt...@epam.com>
  Owen Smith <owen.sm...@citrix.com>
  Paul Durrant <paul.durr...@citrix.com>
  Rafael J. Wysocki <rafael.j.wyso...@intel.com>
  Razvan Cojocaru <rcojoc...@bitdefender.com>
  Roger Pau Monne <roger....@citrix.com>
  Roger Pau Monné <roger....@citrix.com>
  Ronald Rojas <ronlad...@gmail.com>
  Ross Lagerwall <ross.lagerw...@citrix.com>
  Sameer Goel <sg...@codeaurora.org>
  Seraphime Kirkovski <kirkser...@gmail.com>
  Sergej Proskurin <prosku...@sec.in.tum.de>
  Sergey Dyasli <sergey.dya...@citrix.com>
  Shanker Donthineni <shank...@codeaurora.org>
  Stefano Stabellini <sstabell...@kernel.org>
  Stefano Stabellini <stef...@aporeto.com>
  Suravee Suthikulpanit <suravee.suthikulpa...@amd.com>
  Tamas K Lengyel <tamas.leng...@zentific.com>
  Thomas Sanders <thomas.sand...@citrix.com>
  Tim Deegan <t...@xen.org>
  Vijaya Kumar K <vijaya.ku...@cavium.com>
  Vitaly Kuznetsov <vkuzn...@redhat.com>
  Wei Chen <wei.c...@arm.com>
  Wei Liu <wei.l...@citrix.com>
  Wei Liu <wei.l...@citrix.com> [libxc change]
  Wei Liu <wei.l...@citrix.com> [libxc changes]
  Yu Zhang <yu.c.zh...@linux.intel.com>
  Zhang Chen <zhangchen.f...@cn.fujitsu.com>
  Zhongze Liu <blacksk...@gmail.com>

jobs:
 coverity-amd64                                               fail    


------------------------------------------------------------
sg-report-flight on osstest.test-lab.xenproject.org
logs: /home/logs/logs
images: /home/logs/images

Logs, config files, etc. are available at
    http://logs.test-lab.xenproject.org/osstest/logs

Explanation of these reports, and of osstest in general, is at
    http://xenbits.xen.org/gitweb/?p=osstest.git;a=blob;f=README.email;hb=master
    http://xenbits.xen.org/gitweb/?p=osstest.git;a=blob;f=README;hb=master

Test harness code can be found at
    http://xenbits.xen.org/gitweb?p=osstest.git;a=summary


Not pushing.

(No revision log; it would be 6057 lines long.)

_______________________________________________
Xen-devel mailing list
Xen-devel@lists.xen.org
https://lists.xen.org/xen-devel

Reply via email to