flight 106925 xen-unstable-coverity real [real] http://logs.test-lab.xenproject.org/osstest/logs/106925/
Regressions :-( Tests which did not succeed and are blocking, including tests which could not be run: coverity-amd64 6 coverity-upload fail REGR. vs. 106549 version targeted for testing: xen 5b08f85689a8479f947be74563fe993875b9caa9 baseline version: xen 4361e80d228655b100bae5d19b489b39d20aa68d Last test of basis 106549 2017-03-08 09:20:26 Z 18 days Failing since 106616 2017-03-12 09:18:46 Z 14 days 5 attempts Testing same since 106925 2017-03-26 09:19:53 Z 0 days 1 attempts ------------------------------------------------------------ People who touched revisions under test: Andre Przywara <andre.przyw...@arm.com> Andrew Cooper <andrew.coop...@citrix.com> Anthony PERARD <anthony.per...@citrix.com> Boris Ostrovsky <boris.ostrov...@oracle.com> Christoph Egger <cheg...@amazon.de> Daniel De Graaf <dgde...@tycho.nsa.gov> Dario Faggioli <dario.faggi...@citrix.com> David Scott <d...@recoil.org> Elena Ufimtseva <elena.ufimts...@oracle.com> George Dunlap <george.dun...@citrix.com> Haozhong Zhang <haozhong.zh...@intel.com> Ian Jackson <ian.jack...@eu.citrix.com> Jan Beulich <jbeul...@suse.com> Juergen Gross <jgr...@suse.com> Julien Grall <julien.gr...@arm.com> Kevin Tian <kevin.t...@intel.com> Luca Miccio <lucmic...@gmail.com> Olaf Hering <o...@aepfle.de> Paul Durrant <paul.durr...@citrix.com> Razvan Cojocaru <rcojoc...@bitdefender.com> Roger Pau Monne <roger....@citrix.com> Roger Pau Monné <roger....@citrix.com> Ross Lagerwall <ross.lagerw...@citrix.com> Sergey Dyasli <sergey.dya...@citrix.com> Suravee Suthikulpanit <suravee.suthikulpa...@amd.com> Tim Deegan <t...@xen.org> Vitaly Kuznetsov <vkuzn...@redhat.com> Wei Liu <wei.l...@citrix.com> Zhang Chen <zhangchen.f...@cn.fujitsu.com> Zhongze Liu <blacksk...@gmail.com> jobs: coverity-amd64 fail ------------------------------------------------------------ sg-report-flight on osstest.test-lab.xenproject.org logs: /home/logs/logs images: /home/logs/images Logs, config files, etc. are available at http://logs.test-lab.xenproject.org/osstest/logs Explanation of these reports, and of osstest in general, is at http://xenbits.xen.org/gitweb/?p=osstest.git;a=blob;f=README.email;hb=master http://xenbits.xen.org/gitweb/?p=osstest.git;a=blob;f=README;hb=master Test harness code can be found at http://xenbits.xen.org/gitweb?p=osstest.git;a=summary Not pushing. (No revision log; it would be 2176 lines long.)
_______________________________________________ Xen-devel mailing list Xen-devel@lists.xen.org https://lists.xen.org/xen-devel