flight 106776 linux-4.1 real [real]
http://logs.test-lab.xenproject.org/osstest/logs/106776/

Failures :-/ but no regressions.

Tests which are failing intermittently (not blocking):
 test-amd64-i386-xl-qemuu-debianhvm-amd64-xsm 3 host-install(3) broken in 
106768 pass in 106776
 test-amd64-amd64-xl-qemuu-winxpsp3 3 host-install(3) broken in 106768 pass in 
106776
 test-amd64-i386-xl-qemut-stubdom-debianhvm-amd64-xsm 3 host-install(3) broken 
in 106768 pass in 106776
 test-amd64-amd64-libvirt-vhd 3 host-install(3) broken in 106768 pass in 106776
 test-amd64-amd64-libvirt-pair 3 host-install/src_host(3) broken pass in 106764
 test-amd64-amd64-xl-pvh-amd   3 host-install(3)          broken pass in 106764
 test-amd64-amd64-xl-multivcpu  3 host-install(3)         broken pass in 106768
 test-amd64-i386-freebsd10-i386  3 host-install(3)        broken pass in 106768
 test-amd64-i386-xl-qemut-winxpsp3-vcpus1 3 host-install(3) broken pass in 
106768
 test-amd64-amd64-xl-qemut-debianhvm-amd64-xsm 3 host-install(3) broken pass in 
106768
 test-amd64-i386-qemuu-rhel6hvm-amd  3 host-install(3)    broken pass in 106768
 test-amd64-i386-qemut-rhel6hvm-amd  3 host-install(3)    broken pass in 106768
 test-amd64-amd64-xl-qemuu-debianhvm-amd64-xsm 3 host-install(3) broken pass in 
106768
 test-amd64-amd64-xl-pvh-intel 11 guest-start     fail in 106768 pass in 106776
 test-armhf-armhf-xl-multivcpu  6 xen-boot                  fail pass in 106768

Regressions which are regarded as allowable (not blocking):
 test-armhf-armhf-xl-rtds     16 guest-start.2           fail blocked in 104301
 test-armhf-armhf-libvirt-xsm 13 saverestore-support-check    fail  like 104301
 test-armhf-armhf-libvirt     13 saverestore-support-check    fail  like 104301
 test-amd64-amd64-xl-qemuu-win7-amd64 16 guest-stop            fail like 104301
 test-amd64-amd64-xl-qemut-win7-amd64 16 guest-stop            fail like 104301
 test-amd64-i386-xl-qemuu-win7-amd64 16 guest-stop             fail like 104301
 test-amd64-i386-xl-qemut-win7-amd64 16 guest-stop             fail like 104301

Tests which did not succeed, but are not blocking:
 test-arm64-arm64-libvirt-xsm  1 build-check(1)               blocked  n/a
 test-arm64-arm64-xl           1 build-check(1)               blocked  n/a
 build-arm64-libvirt           1 build-check(1)               blocked  n/a
 test-arm64-arm64-libvirt-qcow2  1 build-check(1)               blocked  n/a
 test-arm64-arm64-libvirt      1 build-check(1)               blocked  n/a
 test-arm64-arm64-xl-credit2   1 build-check(1)               blocked  n/a
 test-arm64-arm64-xl-rtds      1 build-check(1)               blocked  n/a
 test-arm64-arm64-xl-multivcpu  1 build-check(1)               blocked  n/a
 test-arm64-arm64-xl-xsm       1 build-check(1)               blocked  n/a
 test-amd64-amd64-xl-pvh-amd  11 guest-start          fail in 106764 never pass
 test-armhf-armhf-xl-multivcpu 12 migrate-support-check fail in 106768 never 
pass
 test-armhf-armhf-xl-multivcpu 13 saverestore-support-check fail in 106768 
never pass
 test-amd64-amd64-libvirt-xsm 12 migrate-support-check        fail   never pass
 test-amd64-i386-libvirt      12 migrate-support-check        fail   never pass
 test-amd64-i386-libvirt-xsm  12 migrate-support-check        fail   never pass
 test-amd64-amd64-libvirt     12 migrate-support-check        fail   never pass
 build-arm64                   5 xen-build                    fail   never pass
 build-arm64-xsm               5 xen-build                    fail   never pass
 test-amd64-i386-libvirt-qemuu-debianhvm-amd64-xsm 10 migrate-support-check 
fail never pass
 test-amd64-amd64-libvirt-qemuu-debianhvm-amd64-xsm 10 migrate-support-check 
fail never pass
 test-amd64-amd64-libvirt-vhd 11 migrate-support-check        fail   never pass
 test-amd64-amd64-qemuu-nested-amd 16 debian-hvm-install/l1/l2  fail never pass
 test-armhf-armhf-xl-xsm      12 migrate-support-check        fail   never pass
 test-armhf-armhf-xl-xsm      13 saverestore-support-check    fail   never pass
 test-armhf-armhf-xl-cubietruck 12 migrate-support-check        fail never pass
 test-armhf-armhf-xl-cubietruck 13 saverestore-support-check    fail never pass
 test-armhf-armhf-libvirt-xsm 12 migrate-support-check        fail   never pass
 test-armhf-armhf-libvirt     12 migrate-support-check        fail   never pass
 test-armhf-armhf-xl-credit2  12 migrate-support-check        fail   never pass
 test-armhf-armhf-xl-credit2  13 saverestore-support-check    fail   never pass
 test-armhf-armhf-xl          12 migrate-support-check        fail   never pass
 test-armhf-armhf-xl          13 saverestore-support-check    fail   never pass
 test-armhf-armhf-xl-rtds     12 migrate-support-check        fail   never pass
 test-armhf-armhf-xl-rtds     13 saverestore-support-check    fail   never pass
 test-armhf-armhf-libvirt-raw 11 migrate-support-check        fail   never pass
 test-armhf-armhf-libvirt-raw 12 saverestore-support-check    fail   never pass
 test-armhf-armhf-xl-vhd      11 migrate-support-check        fail   never pass
 test-armhf-armhf-xl-vhd      12 saverestore-support-check    fail   never pass
 test-armhf-armhf-xl-arndale  12 migrate-support-check        fail   never pass
 test-armhf-armhf-xl-arndale  13 saverestore-support-check    fail   never pass

version targeted for testing:
 linux                d9e0350d2575a20ee7783427da9bd6b6107eb983
baseline version:
 linux                f40b3cc69de8c97bbcdb74e3cffda06ffcad2cd7

Last test of basis   104301  2017-01-19 13:16:22 Z   59 days
Testing same since   106644  2017-03-13 22:17:49 Z    6 days   12 attempts

------------------------------------------------------------
People who touched revisions under test:
  "Eric W. Biederman" <ebied...@xmission.com>
  Adrian Hunter <adrian.hun...@intel.com>
  Akinobu Mita <akinobu.m...@gmail.com>
  Al Viro <v...@zeniv.linux.org.uk>
  Alan Stern <st...@rowland.harvard.edu>
  Aleksander Morgado <aleksan...@aleksander.es>
  Alex Deucher <alexander.deuc...@amd.com>
  Ander Conselvan de Oliveira <ander.conselvan.de.olive...@intel.com>
  Andrew Morton <a...@linux-foundation.org>
  Andrey Konovalov <andreyk...@google.com>
  Andrey Ryabinin <aryabi...@virtuozzo.com>
  Anssi Hannula <anssi.hann...@bitwise.fi>
  Ard Biesheuvel <ard.biesheu...@linaro.org>
  Arnd Bergmann <a...@arndb.de>
  Arvind Yadav <arvind.yadav...@gmail.com>
  Augusto Mecking Caringi <augustocari...@gmail.com>
  Baolin Wang <baolin.w...@linaro.org>
  Bart Van Assche <bart.vanass...@sandisk.com>
  Bartosz Golaszewski <bgolaszew...@baylibre.com>
  Ben Skeggs <bske...@redhat.com>
  Benoit Camredon <benoit.camre...@airbus.com>
  Bin Liu <b-...@ti.com>
  Bjorn Helgaas <bhelg...@google.com>
  Bjørn Mork <bj...@mork.no>
  Blake Moore <blake.mo...@men.de>
  Boris Brezillon <boris.brezil...@free-electrons.com>
  Boris Ostrovsky <boris.ostrov...@oracle.com>
  Catalin Marinas <catalin.mari...@arm.com>
  Chris Metcalf <cmetc...@mellanox.com>
  Chuck Lever <chuck.le...@oracle.com>
  Damien Le Moal <damien.lem...@wdc.com>
  Daniel Vetter <daniel.vet...@ffwll.ch>
  Darren Stevens <dar...@stevens-zone.net>
  Dave Carroll <david.carr...@microsemi.com>
  Dave Martin <dave.mar...@arm.com>
  David Matlack <dmatl...@google.com>
  David Rientjes <rient...@google.com>
  David S. Miller <da...@davemloft.net>
  David Sterba <dste...@suse.com>
  Dennis Kadioglu <d...@post.com>
  Dmitry Torokhov <dmitry.torok...@gmail.com>
  Douglas Miller <dougm...@linux.vnet.ibm.com>
  Edward O'Callaghan <funfunc...@folklore1984.net>
  Einar Jón <tolvupos...@gmail.com>
  Eric Dumazet <eduma...@google.com>
  Eric Ren <z...@suse.com>
  Eric W. Biederman <ebied...@xmission.com>
  Fabien Parent <fpar...@baylibre.com>
  Felipe Balbi <felipe.ba...@linux.intel.com>
  Gabriel Krisman Bertazi <kris...@collabora.co.uk>
  Gary Guo <g...@datera.io>
  Gavin Shan <gws...@linux.vnet.ibm.com>
  George Cherian <george.cher...@cavium.com>
  Greg Kroah-Hartman <gre...@linuxfoundation.org>
  Guenter Roeck <gro...@chromium.org>
  Guenter Roeck <li...@roeck-us.net>
  Haozhong Zhang <haozhong.zh...@intel.com>
  Hauke Mehrtens <ha...@hauke-m.de>
  Helge Deller <del...@gmx.de>
  Herbert Xu <herb...@gondor.apana.org.au>
  Himanshu Madhani <himanshu.madh...@cavium.com>
  Ilia Mirkin <imir...@alum.mit.edu>
  Ilya Dryomov <idryo...@gmail.com>
  Ingo Molnar <mi...@kernel.org>
  J. Bruce Fields <bfie...@redhat.com>
  James Hogan <james.ho...@imgtec.com>
  Jani Nikula <jani.nik...@intel.com>
  Jeff Layton <jlay...@redhat.com>
  Jeff Mahoney <je...@suse.com>
  Jiri Kosina <jkos...@suse.cz>
  Johan Hovold <jo...@kernel.org>
  Johannes Berg <johannes.b...@intel.com>
  Kan Liang <kan.li...@intel.com>
  Kees Cook <keesc...@chromium.org>
  Kevin Hilman <khil...@baylibre.com>
  Kinglong Mee <kinglong...@gmail.com>
  Kirill A. Shutemov <kirill.shute...@linux.intel.com>
  Krzysztof Opasiak <k.opas...@samsung.com>
  Linus Torvalds <torva...@linux-foundation.org>
  Lu Baolu <baolu...@linux.intel.com>
  Lukáš Lalinský <lu...@oxygene.sk>
  Marc Kleine-Budde <m...@pengutronix.de>
  Marcel J.E. Mol <mar...@mesa.nl>
  Mark Rutland <mark.rutl...@arm.com>
  Martin K. Petersen <martin.peter...@oracle.com>
  Martyn Welch <mar...@welchs.me.uk>
  Mathias Nyman <mathias.ny...@linux.intel.com>
  Mauro Carvalho Chehab <mche...@s-opensource.com>
  Michael Ellerman <m...@ellerman.id.au>
  Michael Josenhans <michael.josenh...@web.de>
  Michal Hocko <mho...@suse.com>
  Michel Dänzer <michel.daen...@amd.com>
  Mike Kravetz <mike.krav...@oracle.com>
  Miklos Szeredi <mszer...@redhat.com>
  Nathan D Ciobanu <nathan.d.ciob...@linux.intel.com>
  Nicholas Bellinger <n...@linux-iscsi.org>
  Nicolas Iooss <nicolas.iooss_li...@m4x.org>
  Nixon Vincent <nixon.vinc...@calsoftinc.com>
  Olga Kornievskaia <ko...@netapp.com>
  Oliver Hartkopp <socket...@hartkopp.net>
  Oliver Neukum <oneu...@suse.com>
  Oliver Neukum <oneu...@suse.com>
  Olof Johansson <o...@lixom.net>
  Paolo Bonzini <pbonz...@redhat.com>
  Paul E. McKenney <paul...@linux.vnet.ibm.com>
  Paul Moore <p...@paul-moore.com>
  Peter Zijlstra (Intel) <pet...@infradead.org>
  Peter Zijlstra <pet...@infradead.org>
  Pierre-Louis Bossart <pierre-louis.boss...@linux.intel.com>
  Quinn Tran <quinn.t...@cavium.com>
  Radim Krčmář <rkrc...@redhat.com>
  Richard Weinberger <rich...@nod.at>
  Rolf Eike Beer <e...@emlix.com>
  Russell King <rmk+ker...@arm.linux.org.uk>
  Russell King <rmk+ker...@armlinux.org.uk>
  Salvatore Benedetto <salvatore.benede...@intel.com>
  Sasha Levin <alexander.le...@verizon.com>
  Sekhar Nori <nsek...@ti.com>
  Sergey Senozhatsky <sergey.senozhatsky.w...@gmail.com>
  Sergey Senozhatsky <sergey.senozhat...@gmail.com>
  Shuah Khan <shua...@osg.samsung.com>
  Sonny Jiang <sonny.ji...@amd.com>
  Stefan Wahren <stefan.wah...@i2se.com>
  Stephen Smalley <s...@tycho.nsa.gov>
  Steven Rostedt (VMware) <rost...@goodmis.org>
  Takashi Iwai <ti...@suse.de>
  Tan Xiaojun <tanxiao...@huawei.com>
  Tejun Heo <t...@kernel.org>
  Thomas Gleixner <t...@linutronix.de>
  Tomasz Medrek <tomaszx.med...@intel.com>
  Tony Lindgren <t...@atomide.com>
  Trond Myklebust <trond.mykleb...@primarydata.com>
  Ulf Hansson <ulf.hans...@linaro.org>
  Ville Syrjälä <ville.syrj...@linux.intel.com>
  Vincent Pelletier <plr.vinc...@gmail.com>
  Vineet Gupta <vgu...@synopsys.com>
  Vineet Gupta <vineet.gup...@synopsys.com>
  Vlastimil Babka <vba...@suse.cz>
  Wan Ahmad Zainie <wan.ahmad.zainie.wan.moha...@intel.com>
  Will Deacon <will.dea...@arm.com>
  Xuan Qi <xuan...@oracle.com>
  Yang Shukui <yangshu...@huawei.com>
  Yang Yang <yang.yan...@zte.com.cn>
  Yegor Yefremov <yegorsli...@googlemail.com>
  Zhou Chengming <zhouchengmi...@huawei.com>

jobs:
 build-amd64-xsm                                              pass    
 build-arm64-xsm                                              fail    
 build-armhf-xsm                                              pass    
 build-i386-xsm                                               pass    
 build-amd64                                                  pass    
 build-arm64                                                  fail    
 build-armhf                                                  pass    
 build-i386                                                   pass    
 build-amd64-libvirt                                          pass    
 build-arm64-libvirt                                          blocked 
 build-armhf-libvirt                                          pass    
 build-i386-libvirt                                           pass    
 build-amd64-pvops                                            pass    
 build-arm64-pvops                                            pass    
 build-armhf-pvops                                            pass    
 build-i386-pvops                                             pass    
 build-amd64-rumprun                                          pass    
 build-i386-rumprun                                           pass    
 test-amd64-amd64-xl                                          pass    
 test-arm64-arm64-xl                                          blocked 
 test-armhf-armhf-xl                                          pass    
 test-amd64-i386-xl                                           pass    
 test-amd64-amd64-xl-qemut-debianhvm-amd64-xsm                broken  
 test-amd64-i386-xl-qemut-debianhvm-amd64-xsm                 pass    
 test-amd64-amd64-libvirt-qemuu-debianhvm-amd64-xsm           pass    
 test-amd64-i386-libvirt-qemuu-debianhvm-amd64-xsm            pass    
 test-amd64-amd64-xl-qemuu-debianhvm-amd64-xsm                broken  
 test-amd64-i386-xl-qemuu-debianhvm-amd64-xsm                 pass    
 test-amd64-amd64-xl-qemut-stubdom-debianhvm-amd64-xsm        pass    
 test-amd64-i386-xl-qemut-stubdom-debianhvm-amd64-xsm         pass    
 test-amd64-amd64-libvirt-xsm                                 pass    
 test-arm64-arm64-libvirt-xsm                                 blocked 
 test-armhf-armhf-libvirt-xsm                                 pass    
 test-amd64-i386-libvirt-xsm                                  pass    
 test-amd64-amd64-xl-xsm                                      pass    
 test-arm64-arm64-xl-xsm                                      blocked 
 test-armhf-armhf-xl-xsm                                      pass    
 test-amd64-i386-xl-xsm                                       pass    
 test-amd64-amd64-qemuu-nested-amd                            fail    
 test-amd64-amd64-xl-pvh-amd                                  broken  
 test-amd64-i386-qemut-rhel6hvm-amd                           broken  
 test-amd64-i386-qemuu-rhel6hvm-amd                           broken  
 test-amd64-amd64-xl-qemut-debianhvm-amd64                    pass    
 test-amd64-i386-xl-qemut-debianhvm-amd64                     pass    
 test-amd64-amd64-xl-qemuu-debianhvm-amd64                    pass    
 test-amd64-i386-xl-qemuu-debianhvm-amd64                     pass    
 test-amd64-i386-freebsd10-amd64                              pass    
 test-amd64-amd64-xl-qemuu-ovmf-amd64                         pass    
 test-amd64-i386-xl-qemuu-ovmf-amd64                          pass    
 test-amd64-amd64-rumprun-amd64                               pass    
 test-amd64-amd64-xl-qemut-win7-amd64                         fail    
 test-amd64-i386-xl-qemut-win7-amd64                          fail    
 test-amd64-amd64-xl-qemuu-win7-amd64                         fail    
 test-amd64-i386-xl-qemuu-win7-amd64                          fail    
 test-armhf-armhf-xl-arndale                                  pass    
 test-amd64-amd64-xl-credit2                                  pass    
 test-arm64-arm64-xl-credit2                                  blocked 
 test-armhf-armhf-xl-credit2                                  pass    
 test-armhf-armhf-xl-cubietruck                               pass    
 test-amd64-i386-freebsd10-i386                               broken  
 test-amd64-i386-rumprun-i386                                 pass    
 test-amd64-amd64-qemuu-nested-intel                          pass    
 test-amd64-amd64-xl-pvh-intel                                pass    
 test-amd64-i386-qemut-rhel6hvm-intel                         pass    
 test-amd64-i386-qemuu-rhel6hvm-intel                         pass    
 test-amd64-amd64-libvirt                                     pass    
 test-arm64-arm64-libvirt                                     blocked 
 test-armhf-armhf-libvirt                                     pass    
 test-amd64-i386-libvirt                                      pass    
 test-amd64-amd64-xl-multivcpu                                broken  
 test-arm64-arm64-xl-multivcpu                                blocked 
 test-armhf-armhf-xl-multivcpu                                fail    
 test-amd64-amd64-pair                                        pass    
 test-amd64-i386-pair                                         pass    
 test-amd64-amd64-libvirt-pair                                broken  
 test-amd64-i386-libvirt-pair                                 pass    
 test-amd64-amd64-amd64-pvgrub                                pass    
 test-amd64-amd64-i386-pvgrub                                 pass    
 test-amd64-amd64-pygrub                                      pass    
 test-arm64-arm64-libvirt-qcow2                               blocked 
 test-amd64-amd64-xl-qcow2                                    pass    
 test-armhf-armhf-libvirt-raw                                 pass    
 test-amd64-i386-xl-raw                                       pass    
 test-amd64-amd64-xl-rtds                                     pass    
 test-arm64-arm64-xl-rtds                                     blocked 
 test-armhf-armhf-xl-rtds                                     fail    
 test-amd64-i386-xl-qemut-winxpsp3-vcpus1                     broken  
 test-amd64-i386-xl-qemuu-winxpsp3-vcpus1                     pass    
 test-amd64-amd64-libvirt-vhd                                 pass    
 test-armhf-armhf-xl-vhd                                      pass    
 test-amd64-amd64-xl-qemut-winxpsp3                           pass    
 test-amd64-i386-xl-qemut-winxpsp3                            pass    
 test-amd64-amd64-xl-qemuu-winxpsp3                           pass    
 test-amd64-i386-xl-qemuu-winxpsp3                            pass    


------------------------------------------------------------
sg-report-flight on osstest.test-lab.xenproject.org
logs: /home/logs/logs
images: /home/logs/images

Logs, config files, etc. are available at
    http://logs.test-lab.xenproject.org/osstest/logs

Explanation of these reports, and of osstest in general, is at
    http://xenbits.xen.org/gitweb/?p=osstest.git;a=blob;f=README.email;hb=master
    http://xenbits.xen.org/gitweb/?p=osstest.git;a=blob;f=README;hb=master

Test harness code can be found at
    http://xenbits.xen.org/gitweb?p=osstest.git;a=summary

broken-step test-amd64-amd64-xl-multivcpu host-install(3)
broken-step test-amd64-i386-freebsd10-i386 host-install(3)
broken-step test-amd64-i386-xl-qemut-winxpsp3-vcpus1 host-install(3)
broken-step test-amd64-amd64-libvirt-pair host-install/src_host(3)
broken-step test-amd64-amd64-xl-qemut-debianhvm-amd64-xsm host-install(3)
broken-step test-amd64-amd64-xl-pvh-amd host-install(3)
broken-step test-amd64-i386-qemuu-rhel6hvm-amd host-install(3)
broken-step test-amd64-i386-qemut-rhel6hvm-amd host-install(3)
broken-step test-amd64-amd64-xl-qemuu-debianhvm-amd64-xsm host-install(3)

Pushing revision :

+ branch=linux-4.1
+ revision=d9e0350d2575a20ee7783427da9bd6b6107eb983
+ . ./cri-lock-repos
++ . ./cri-common
+++ . ./cri-getconfig
+++ umask 002
+++ getrepos
++++ getconfig Repos
++++ perl -e '
                use Osstest;
                readglobalconfig();
                print $c{"Repos"} or die $!;
        '
+++ local repos=/home/osstest/repos
+++ '[' -z /home/osstest/repos ']'
+++ '[' '!' -d /home/osstest/repos ']'
+++ echo /home/osstest/repos
++ repos=/home/osstest/repos
++ repos_lock=/home/osstest/repos/lock
++ '[' x '!=' x/home/osstest/repos/lock ']'
++ OSSTEST_REPOS_LOCK_LOCKED=/home/osstest/repos/lock
++ exec with-lock-ex -w /home/osstest/repos/lock ./ap-push linux-4.1 
d9e0350d2575a20ee7783427da9bd6b6107eb983
+ branch=linux-4.1
+ revision=d9e0350d2575a20ee7783427da9bd6b6107eb983
+ . ./cri-lock-repos
++ . ./cri-common
+++ . ./cri-getconfig
+++ umask 002
+++ getrepos
++++ getconfig Repos
++++ perl -e '
                use Osstest;
                readglobalconfig();
                print $c{"Repos"} or die $!;
        '
+++ local repos=/home/osstest/repos
+++ '[' -z /home/osstest/repos ']'
+++ '[' '!' -d /home/osstest/repos ']'
+++ echo /home/osstest/repos
++ repos=/home/osstest/repos
++ repos_lock=/home/osstest/repos/lock
++ '[' x/home/osstest/repos/lock '!=' x/home/osstest/repos/lock ']'
+ . ./cri-common
++ . ./cri-getconfig
++ umask 002
+ select_xenbranch
+ case "$branch" in
+ tree=linux
+ xenbranch=xen-unstable
+ '[' xlinux = xlinux ']'
+ linuxbranch=linux-4.1
+ '[' x = x ']'
+ qemuubranch=qemu-upstream-unstable
+ select_prevxenbranch
++ ./cri-getprevxenbranch xen-unstable
+ prevxenbranch=xen-4.8-testing
+ '[' xd9e0350d2575a20ee7783427da9bd6b6107eb983 = x ']'
+ : tested/2.6.39.x
+ . ./ap-common
++ : osst...@xenbits.xen.org
+++ getconfig OsstestUpstream
+++ perl -e '
                use Osstest;
                readglobalconfig();
                print $c{"OsstestUpstream"} or die $!;
        '
++ :
++ : git://xenbits.xen.org/xen.git
++ : osst...@xenbits.xen.org:/home/xen/git/xen.git
++ : git://xenbits.xen.org/qemu-xen-traditional.git
++ : git://git.kernel.org
++ : git://git.kernel.org/pub/scm/linux/kernel/git
++ : git
++ : git://xenbits.xen.org/xtf.git
++ : osst...@xenbits.xen.org:/home/xen/git/xtf.git
++ : git://xenbits.xen.org/xtf.git
++ : git://xenbits.xen.org/libvirt.git
++ : osst...@xenbits.xen.org:/home/xen/git/libvirt.git
++ : git://xenbits.xen.org/libvirt.git
++ : git://xenbits.xen.org/osstest/rumprun.git
++ : git
++ : git://xenbits.xen.org/osstest/rumprun.git
++ : osst...@xenbits.xen.org:/home/xen/git/osstest/rumprun.git
++ : git://git.seabios.org/seabios.git
++ : osst...@xenbits.xen.org:/home/xen/git/osstest/seabios.git
++ : git://xenbits.xen.org/osstest/seabios.git
++ : https://github.com/tianocore/edk2.git
++ : osst...@xenbits.xen.org:/home/xen/git/osstest/ovmf.git
++ : git://xenbits.xen.org/osstest/ovmf.git
++ : git://xenbits.xen.org/osstest/linux-firmware.git
++ : osst...@xenbits.xen.org:/home/osstest/ext/linux-firmware.git
++ : git://git.kernel.org/pub/scm/linux/kernel/git/firmware/linux-firmware.git
++ : osst...@xenbits.xen.org:/home/xen/git/linux-pvops.git
++ : git://xenbits.xen.org/linux-pvops.git
++ : tested/linux-3.14
++ : tested/linux-arm-xen
++ '[' xgit://git.kernel.org/pub/scm/linux/kernel/git/stable/linux-stable.git = 
x ']'
++ '[' xgit://git.kernel.org/pub/scm/linux/kernel/git/stable/linux-stable.git = 
x ']'
++ : git://git.kernel.org/pub/scm/linux/kernel/git/konrad/xen.git
++ : tested/2.6.39.x
++ : daily-cron.linux-4.1
++ : daily-cron.linux-4.1
++ : daily-cron.linux-4.1
++ : daily-cron.linux-4.1
++ : daily-cron.linux-4.1
++ : daily-cron.linux-4.1
++ : daily-cron.linux-4.1
++ : http://hg.uk.xensource.com/carbon/trunk/linux-2.6.27
++ : git://xenbits.xen.org/qemu-xen.git
++ : osst...@xenbits.xen.org:/home/xen/git/qemu-xen.git
++ : daily-cron.linux-4.1
++ : git://xenbits.xen.org/qemu-xen.git
++ : git://git.qemu.org/qemu.git
+ TREE_LINUX=osst...@xenbits.xen.org:/home/xen/git/linux-pvops.git
+ TREE_QEMU_UPSTREAM=osst...@xenbits.xen.org:/home/xen/git/qemu-xen.git
+ TREE_XEN=osst...@xenbits.xen.org:/home/xen/git/xen.git
+ TREE_LIBVIRT=osst...@xenbits.xen.org:/home/xen/git/libvirt.git
+ TREE_RUMPRUN=osst...@xenbits.xen.org:/home/xen/git/osstest/rumprun.git
+ TREE_SEABIOS=osst...@xenbits.xen.org:/home/xen/git/osstest/seabios.git
+ TREE_OVMF=osst...@xenbits.xen.org:/home/xen/git/osstest/ovmf.git
+ TREE_XTF=osst...@xenbits.xen.org:/home/xen/git/xtf.git
+ info_linux_tree linux-4.1
+ case $1 in
+ : git://git.kernel.org/pub/scm/linux/kernel/git/stable/linux-stable.git
+ : linux-4.1.y
+ : linux-4.1.y
+ : git
+ : git
+ : git://xenbits.xen.org/linux-pvops.git
+ : osst...@xenbits.xen.org:/home/xen/git/linux-pvops.git
+ : tested/linux-4.1
+ : refs/heads/tested/linux-4.1
+ return 0
+ cd /home/osstest/repos/linux
+ git push osst...@xenbits.xen.org:/home/xen/git/linux-pvops.git 
d9e0350d2575a20ee7783427da9bd6b6107eb983:refs/heads/tested/linux-4.1
To osst...@xenbits.xen.org:/home/xen/git/linux-pvops.git
   f40b3cc..d9e0350  d9e0350d2575a20ee7783427da9bd6b6107eb983 -> 
tested/linux-4.1
+ exit 0

_______________________________________________
Xen-devel mailing list
Xen-devel@lists.xen.org
https://lists.xen.org/xen-devel

Reply via email to