flight 34542 libvirt real [real] http://www.chiark.greenend.org.uk/~xensrcts/logs/34542/
Regressions :-( Tests which did not succeed and are blocking, including tests which could not be run: test-armhf-armhf-libvirt 13 guest-destroy fail REGR. vs. 34464 Regressions which are regarded as allowable (not blocking): test-amd64-i386-libvirt 9 guest-start fail REGR. vs. 34464 Tests which did not succeed, but are not blocking: test-armhf-armhf-libvirt 10 migrate-support-check fail never pass test-amd64-amd64-libvirt 10 migrate-support-check fail never pass version targeted for testing: libvirt aee3b77c336b7ae54914e322239ffabee59d74eb baseline version: libvirt a7c9c7a6abfb18db1e6b0da0bd9ee680d915c992 ------------------------------------------------------------ People who touched revisions under test: Daniel P. Berrange <berra...@redhat.com> Erik Skultety <eskul...@redhat.com> John Ferlan <jfer...@redhat.com> Ján Tomko <jto...@redhat.com> Laine Stump <la...@laine.org> Luyao Huang <lhu...@redhat.com> Marek Marczykowski-Górecki <marma...@invisiblethingslab.com> Martin Kletzander <mklet...@redhat.com> Michal Privoznik <mpriv...@redhat.com> Pavel Hrdina <phrd...@redhat.com> Yue Wenyuan <yueweny...@huawei.com@huawei.com> Zhang Bo <oscar.zhan...@huawei.com> ------------------------------------------------------------ jobs: build-amd64 pass build-armhf pass build-i386 pass build-amd64-libvirt pass build-armhf-libvirt pass build-i386-libvirt pass build-amd64-pvops pass build-armhf-pvops pass build-i386-pvops pass test-amd64-amd64-libvirt pass test-armhf-armhf-libvirt fail test-amd64-i386-libvirt fail ------------------------------------------------------------ sg-report-flight on osstest.cam.xci-test.com logs: /home/xc_osstest/logs images: /home/xc_osstest/images Logs, config files, etc. are available at http://www.chiark.greenend.org.uk/~xensrcts/logs Test harness code can be found at http://xenbits.xensource.com/gitweb?p=osstest.git;a=summary Not pushing. (No revision log; it would be 663 lines long.)
_______________________________________________ Xen-devel mailing list Xen-devel@lists.xen.org http://lists.xen.org/xen-devel