flight 34468 linux-3.14 real [real]
http://www.chiark.greenend.org.uk/~xensrcts/logs/34468/

Regressions :-(

Tests which did not succeed and are blocking,
including tests which could not be run:
 test-amd64-i386-qemut-rhel6hvm-intel 11 leak-check/check  fail REGR. vs. 34268

Regressions which are regarded as allowable (not blocking):
 test-armhf-armhf-xl-sedf      9 guest-start               fail REGR. vs. 34268
 test-amd64-i386-pair        17 guest-migrate/src_host/dst_host fail like 34268

Tests which did not succeed, but are not blocking:
 test-armhf-armhf-xl-sedf-pin 10 migrate-support-check        fail   never pass
 test-amd64-amd64-xl-pvh-intel  9 guest-start                  fail  never pass
 test-armhf-armhf-xl          10 migrate-support-check        fail   never pass
 test-armhf-armhf-xl-multivcpu 10 migrate-support-check        fail  never pass
 test-armhf-armhf-xl-midway   10 migrate-support-check        fail   never pass
 test-amd64-amd64-xl-pvh-amd   9 guest-start                  fail   never pass
 test-amd64-amd64-libvirt     10 migrate-support-check        fail   never pass
 test-amd64-amd64-xl-pcipt-intel  9 guest-start                 fail never pass
 test-amd64-i386-libvirt      10 migrate-support-check        fail   never pass
 test-armhf-armhf-libvirt     10 migrate-support-check        fail   never pass
 test-armhf-armhf-xl-credit2  10 migrate-support-check        fail   never pass
 test-amd64-i386-xl-qemut-winxpsp3 14 guest-stop                fail never pass
 test-amd64-i386-xl-win7-amd64 14 guest-stop                   fail  never pass
 test-amd64-i386-xl-qemuu-win7-amd64 14 guest-stop              fail never pass
 test-amd64-i386-xl-qemut-winxpsp3-vcpus1 14 guest-stop         fail never pass
 test-amd64-amd64-xl-qemut-winxpsp3 14 guest-stop               fail never pass
 test-amd64-i386-xl-qemut-win7-amd64 14 guest-stop              fail never pass
 test-amd64-amd64-xl-win7-amd64 14 guest-stop                   fail never pass
 test-amd64-i386-xl-winxpsp3  14 guest-stop                   fail   never pass
 test-amd64-amd64-xl-qemut-win7-amd64 14 guest-stop             fail never pass
 test-amd64-amd64-xl-qemuu-win7-amd64 14 guest-stop             fail never pass
 test-amd64-i386-xl-qemuu-winxpsp3-vcpus1 14 guest-stop         fail never pass
 test-amd64-i386-xl-winxpsp3-vcpus1 14 guest-stop               fail never pass
 test-amd64-amd64-xl-qemuu-winxpsp3 14 guest-stop               fail never pass
 test-amd64-i386-xl-qemuu-winxpsp3 14 guest-stop                fail never pass
 test-amd64-amd64-xl-winxpsp3 14 guest-stop                   fail   never pass

version targeted for testing:
 linux                a74f1d1204a5c892466b52ac68ee6443c1e459d7
baseline version:
 linux                4ccf212fb84d79b75fc66a2e26ac6bdbab0aedbf

------------------------------------------------------------
People who touched revisions under test:
  Aaro Koskinen <aaro.koski...@iki.fi>
  Andrew Morton <a...@linux-foundation.org>
  Andy Lutomirski <l...@amacapital.net>
  Bjorn Helgaas <bhelg...@google.com>
  Bo Shen <voice.s...@atmel.com>
  Catalin Marinas <catalin.mari...@arm.com>
  Charlotte Richardson <charlotte.richard...@stratus.com>
  David Daney <david.da...@cavium.com>
  David S. Miller <da...@davemloft.net>
  Dmitry Monakhov <dmonak...@openvz.org>
  Eric Dumazet <eduma...@google.com>
  Eric Nelson <eric.nel...@boundarydevices.com>
  Felix Fietkau <n...@openwrt.org>
  Greg Kroah-Hartman <gre...@linuxfoundation.org>
  Hemmo Nieminen <hemmo.niemi...@iki.fi>
  hujianyang <hujiany...@huawei.com>
  Jaroslav Kysela <pe...@perex.cz>
  Jeff Layton <jlay...@samba.org>
  Johan Hovold <jo...@kernel.org>
  karl beldan <karl.bel...@gmail.com>
  Karl Beldan <karl.bel...@rivierawaves.com>
  Lai Jiangshan <la...@cn.fujitsu.com>
  Linus Torvalds <torva...@linux-foundation.org>
  Linus Walleij <linus.wall...@linaro.org>
  Mark Brown <broo...@kernel.org>
  Mark Rutland <mark.rutl...@arm.com>
  Mathias Krause <mini...@googlemail.com>
  Michal Marek <mma...@suse.cz>
  Naoya Horiguchi <n-horigu...@ah.jp.nec.com>
  Paolo Bonzini <pbonz...@redhat.com>
  Pavel Hofman <pavel.hof...@ivitera.com>
  Peter Kümmel <syntheti...@gmx.net>
  Ralf Baechle <r...@linux-mips.org>
  Raymond Ngun <rn...@broadcom.com>
  Russell King <rmk+ker...@arm.linux.org.uk>
  Ryusuke Konishi <konishi.ryus...@lab.ntt.co.jp>
  Sachin Prabhu <spra...@redhat.com>
  Shiraz Hashim <shas...@codeaurora.org>
  Shirish Pargaonkar <shirishpargaon...@gmail.com>
  Steve French <steve.fre...@primarydata.com>
  Takashi Iwai <ti...@suse.de>
  Theodore Ts'o <ty...@mit.edu>
  Thomas Gleixner <t...@linutronix.de>
  Wang Kai <morgan.w...@huawei.com>
  Will Deacon <will.dea...@arm.com>
------------------------------------------------------------

jobs:
 build-amd64                                                  pass
 build-armhf                                                  pass
 build-i386                                                   pass
 build-amd64-libvirt                                          pass
 build-armhf-libvirt                                          pass
 build-i386-libvirt                                           pass
 build-amd64-pvops                                            pass
 build-armhf-pvops                                            pass
 build-i386-pvops                                             pass
 build-amd64-rumpuserxen                                      pass
 build-i386-rumpuserxen                                       pass
 test-amd64-amd64-xl                                          pass
 test-armhf-armhf-xl                                          pass
 test-amd64-i386-xl                                           pass
 test-amd64-amd64-xl-pvh-amd                                  fail
 test-amd64-i386-rhel6hvm-amd                                 pass
 test-amd64-i386-qemut-rhel6hvm-amd                           pass
 test-amd64-i386-qemuu-rhel6hvm-amd                           pass
 test-amd64-amd64-xl-qemut-debianhvm-amd64                    pass
 test-amd64-i386-xl-qemut-debianhvm-amd64                     pass
 test-amd64-amd64-xl-qemuu-debianhvm-amd64                    pass
 test-amd64-i386-xl-qemuu-debianhvm-amd64                     pass
 test-amd64-i386-freebsd10-amd64                              pass
 test-amd64-amd64-xl-qemuu-ovmf-amd64                         pass
 test-amd64-i386-xl-qemuu-ovmf-amd64                          pass
 test-amd64-amd64-rumpuserxen-amd64                           pass
 test-amd64-amd64-xl-qemut-win7-amd64                         fail
 test-amd64-i386-xl-qemut-win7-amd64                          fail
 test-amd64-amd64-xl-qemuu-win7-amd64                         fail
 test-amd64-i386-xl-qemuu-win7-amd64                          fail
 test-amd64-amd64-xl-win7-amd64                               fail
 test-amd64-i386-xl-win7-amd64                                fail
 test-amd64-amd64-xl-credit2                                  pass
 test-armhf-armhf-xl-credit2                                  pass
 test-amd64-i386-freebsd10-i386                               pass
 test-amd64-i386-rumpuserxen-i386                             pass
 test-amd64-amd64-xl-pcipt-intel                              fail
 test-amd64-amd64-xl-pvh-intel                                fail
 test-amd64-i386-rhel6hvm-intel                               pass
 test-amd64-i386-qemut-rhel6hvm-intel                         fail
 test-amd64-i386-qemuu-rhel6hvm-intel                         pass
 test-amd64-amd64-libvirt                                     pass
 test-armhf-armhf-libvirt                                     pass
 test-amd64-i386-libvirt                                      pass
 test-armhf-armhf-xl-midway                                   pass
 test-amd64-amd64-xl-multivcpu                                pass
 test-armhf-armhf-xl-multivcpu                                pass
 test-amd64-amd64-pair                                        pass
 test-amd64-i386-pair                                         fail
 test-amd64-amd64-xl-sedf-pin                                 pass
 test-armhf-armhf-xl-sedf-pin                                 pass
 test-amd64-amd64-xl-sedf                                     pass
 test-armhf-armhf-xl-sedf                                     fail
 test-amd64-i386-xl-qemut-winxpsp3-vcpus1                     fail
 test-amd64-i386-xl-qemuu-winxpsp3-vcpus1                     fail
 test-amd64-i386-xl-winxpsp3-vcpus1                           fail
 test-amd64-amd64-xl-qemut-winxpsp3                           fail
 test-amd64-i386-xl-qemut-winxpsp3                            fail
 test-amd64-amd64-xl-qemuu-winxpsp3                           fail
 test-amd64-i386-xl-qemuu-winxpsp3                            fail
 test-amd64-amd64-xl-winxpsp3                                 fail
 test-amd64-i386-xl-winxpsp3                                  fail


------------------------------------------------------------
sg-report-flight on osstest.cam.xci-test.com
logs: /home/xc_osstest/logs
images: /home/xc_osstest/images

Logs, config files, etc. are available at
    http://www.chiark.greenend.org.uk/~xensrcts/logs

Test harness code can be found at
    http://xenbits.xensource.com/gitweb?p=osstest.git;a=summary


Not pushing.

(No revision log; it would be 745 lines long.)

_______________________________________________
Xen-devel mailing list
Xen-devel@lists.xen.org
http://lists.xen.org/xen-devel

Reply via email to