flight 34341 xen-unstable real [real] http://www.chiark.greenend.org.uk/~xensrcts/logs/34341/
Failures :-/ but no regressions. Regressions which are regarded as allowable (not blocking): test-amd64-i386-libvirt 9 guest-start fail like 34137 test-amd64-i386-pair 17 guest-migrate/src_host/dst_host fail like 34137 Tests which did not succeed, but are not blocking: test-armhf-armhf-xl-sedf 10 migrate-support-check fail never pass test-armhf-armhf-xl-midway 10 migrate-support-check fail never pass test-armhf-armhf-xl-multivcpu 10 migrate-support-check fail never pass test-armhf-armhf-libvirt 10 migrate-support-check fail never pass test-amd64-amd64-xl-pvh-intel 9 guest-start fail never pass test-armhf-armhf-xl-sedf-pin 10 migrate-support-check fail never pass test-armhf-armhf-xl 10 migrate-support-check fail never pass test-amd64-amd64-xl-pcipt-intel 9 guest-start fail never pass test-amd64-amd64-libvirt 10 migrate-support-check fail never pass test-amd64-amd64-xl-pvh-amd 9 guest-start fail never pass test-armhf-armhf-xl-credit2 10 migrate-support-check fail never pass test-amd64-i386-xl-qemuu-win7-amd64 14 guest-stop fail never pass test-amd64-i386-xl-qemuu-winxpsp3-vcpus1 14 guest-stop fail never pass test-amd64-i386-xl-qemut-winxpsp3-vcpus1 14 guest-stop fail never pass test-amd64-i386-xl-qemut-winxpsp3 14 guest-stop fail never pass test-amd64-amd64-xl-qemut-win7-amd64 14 guest-stop fail never pass test-amd64-i386-xl-qemuu-winxpsp3 14 guest-stop fail never pass test-amd64-amd64-xl-qemuu-win7-amd64 14 guest-stop fail never pass test-amd64-amd64-xl-win7-amd64 14 guest-stop fail never pass test-amd64-i386-xl-win7-amd64 14 guest-stop fail never pass test-amd64-i386-xl-qemut-win7-amd64 14 guest-stop fail never pass test-amd64-i386-xl-winxpsp3-vcpus1 14 guest-stop fail never pass test-amd64-i386-xl-winxpsp3 14 guest-stop fail never pass test-amd64-amd64-xl-qemut-winxpsp3 14 guest-stop fail never pass test-amd64-amd64-xl-winxpsp3 14 guest-stop fail never pass test-amd64-amd64-xl-qemuu-winxpsp3 14 guest-stop fail never pass version targeted for testing: xen 001324547356af86875fad5003f679571a6b8f1c baseline version: xen a1b4af132077de694054d757fea4573d482c8b3a ------------------------------------------------------------ People who touched revisions under test: Andrew Cooper <andrew.coop...@citrix.com> Boris Ostrovsky <boris.ostrov...@oracle.com> Daniel De Graaf <dgde...@tycho.nsa.gov> Daniel Kiper <daniel.ki...@oracle.com> denys drozdov <denys.droz...@globallogic.com> Don Slutz <dsl...@verizon.com> Ed White <edmund.h.wh...@intel.com> Ian Campbell <ian.campb...@citrix.com> Ian Jackson <ian.jack...@eu.citrix.com> Iurii Konovalenko <iurii.konovale...@globallogic.com> Jan Beulich <jbeul...@suse.com> Kevin Tian <kevin.t...@intel.com> Lasse Collin <lasse.col...@tukaani.org> Liang Li <liang.z...@intel.com> Mike Latimer <mlati...@suse.com> Oleksandr Tyshchenko <oleksandr.tyshche...@globallogic.com> Tim Deegan <t...@xen.org> Wei Liu <wei.l...@citrix.com> Yang Zhang <yang.z.zh...@intel.com> ------------------------------------------------------------ jobs: build-amd64 pass build-armhf pass build-i386 pass build-amd64-libvirt pass build-armhf-libvirt pass build-i386-libvirt pass build-amd64-oldkern pass build-i386-oldkern pass build-amd64-pvops pass build-armhf-pvops pass build-i386-pvops pass build-amd64-rumpuserxen pass build-i386-rumpuserxen pass test-amd64-amd64-xl pass test-armhf-armhf-xl pass test-amd64-i386-xl pass test-amd64-amd64-xl-pvh-amd fail test-amd64-i386-rhel6hvm-amd pass test-amd64-i386-qemut-rhel6hvm-amd pass test-amd64-i386-qemuu-rhel6hvm-amd pass test-amd64-amd64-xl-qemut-debianhvm-amd64 pass test-amd64-i386-xl-qemut-debianhvm-amd64 pass test-amd64-amd64-xl-qemuu-debianhvm-amd64 pass test-amd64-i386-xl-qemuu-debianhvm-amd64 pass test-amd64-i386-freebsd10-amd64 pass test-amd64-amd64-xl-qemuu-ovmf-amd64 pass test-amd64-i386-xl-qemuu-ovmf-amd64 pass test-amd64-amd64-rumpuserxen-amd64 pass test-amd64-amd64-xl-qemut-win7-amd64 fail test-amd64-i386-xl-qemut-win7-amd64 fail test-amd64-amd64-xl-qemuu-win7-amd64 fail test-amd64-i386-xl-qemuu-win7-amd64 fail test-amd64-amd64-xl-win7-amd64 fail test-amd64-i386-xl-win7-amd64 fail test-amd64-amd64-xl-credit2 pass test-armhf-armhf-xl-credit2 pass test-amd64-i386-freebsd10-i386 pass test-amd64-i386-rumpuserxen-i386 pass test-amd64-amd64-xl-pcipt-intel fail test-amd64-amd64-xl-pvh-intel fail test-amd64-i386-rhel6hvm-intel pass test-amd64-i386-qemut-rhel6hvm-intel pass test-amd64-i386-qemuu-rhel6hvm-intel pass test-amd64-amd64-libvirt pass test-armhf-armhf-libvirt pass test-amd64-i386-libvirt fail test-armhf-armhf-xl-midway pass test-amd64-amd64-xl-multivcpu pass test-armhf-armhf-xl-multivcpu pass test-amd64-amd64-pair pass test-amd64-i386-pair fail test-amd64-amd64-xl-sedf-pin pass test-armhf-armhf-xl-sedf-pin pass test-amd64-amd64-xl-sedf pass test-armhf-armhf-xl-sedf pass test-amd64-i386-xl-qemut-winxpsp3-vcpus1 fail test-amd64-i386-xl-qemuu-winxpsp3-vcpus1 fail test-amd64-i386-xl-winxpsp3-vcpus1 fail test-amd64-amd64-xl-qemut-winxpsp3 fail test-amd64-i386-xl-qemut-winxpsp3 fail test-amd64-amd64-xl-qemuu-winxpsp3 fail test-amd64-i386-xl-qemuu-winxpsp3 fail test-amd64-amd64-xl-winxpsp3 fail test-amd64-i386-xl-winxpsp3 fail ------------------------------------------------------------ sg-report-flight on osstest.cam.xci-test.com logs: /home/xc_osstest/logs images: /home/xc_osstest/images Logs, config files, etc. are available at http://www.chiark.greenend.org.uk/~xensrcts/logs Test harness code can be found at http://xenbits.xensource.com/gitweb?p=osstest.git;a=summary Pushing revision : + branch=xen-unstable + revision=001324547356af86875fad5003f679571a6b8f1c + . cri-lock-repos ++ . cri-common +++ . cri-getconfig +++ umask 002 +++ getconfig Repos +++ perl -e ' use Osstest; readglobalconfig(); print $c{"Repos"} or die $!; ' ++ repos=/export/home/osstest/repos ++ repos_lock=/export/home/osstest/repos/lock ++ '[' x '!=' x/export/home/osstest/repos/lock ']' ++ OSSTEST_REPOS_LOCK_LOCKED=/export/home/osstest/repos/lock ++ exec with-lock-ex -w /export/home/osstest/repos/lock ./ap-push xen-unstable 001324547356af86875fad5003f679571a6b8f1c + branch=xen-unstable + revision=001324547356af86875fad5003f679571a6b8f1c + . cri-lock-repos ++ . cri-common +++ . cri-getconfig +++ umask 002 +++ getconfig Repos +++ perl -e ' use Osstest; readglobalconfig(); print $c{"Repos"} or die $!; ' ++ repos=/export/home/osstest/repos ++ repos_lock=/export/home/osstest/repos/lock ++ '[' x/export/home/osstest/repos/lock '!=' x/export/home/osstest/repos/lock ']' + . cri-common ++ . cri-getconfig ++ umask 002 + select_xenbranch + case "$branch" in + tree=xen + xenbranch=xen-unstable + '[' xxen = xlinux ']' + linuxbranch= + '[' x = x ']' + qemuubranch=qemu-upstream-unstable + : tested/2.6.39.x + . ap-common ++ : osst...@xenbits.xensource.com ++ : git://xenbits.xen.org/xen.git ++ : osst...@xenbits.xensource.com:/home/xen/git/xen.git ++ : git://xenbits.xen.org/staging/qemu-xen-unstable.git ++ : git://git.kernel.org ++ : git://git.kernel.org/pub/scm/linux/kernel/git ++ : git ++ : git://xenbits.xen.org/libvirt.git ++ : osst...@xenbits.xensource.com:/home/xen/git/libvirt.git ++ : git://xenbits.xen.org/libvirt.git ++ : git://xenbits.xen.org/rumpuser-xen.git ++ : git ++ : git://xenbits.xen.org/rumpuser-xen.git ++ : osst...@xenbits.xensource.com:/home/xen/git/rumpuser-xen.git +++ besteffort_repo https://github.com/rumpkernel/rumpkernel-netbsd-src +++ local repo=https://github.com/rumpkernel/rumpkernel-netbsd-src +++ cached_repo https://github.com/rumpkernel/rumpkernel-netbsd-src '[fetch=try]' +++ local repo=https://github.com/rumpkernel/rumpkernel-netbsd-src +++ local 'options=[fetch=try]' ++++ getconfig GitCacheProxy ++++ perl -e ' use Osstest; readglobalconfig(); print $c{"GitCacheProxy"} or die $!; ' +++ local cache=git://drall.uk.xensource.com:9419/ +++ '[' xgit://drall.uk.xensource.com:9419/ '!=' x ']' +++ echo 'git://drall.uk.xensource.com:9419/https://github.com/rumpkernel/rumpkernel-netbsd-src%20[fetch=try]' ++ : 'git://drall.uk.xensource.com:9419/https://github.com/rumpkernel/rumpkernel-netbsd-src%20[fetch=try]' ++ : git ++ : git://git.seabios.org/seabios.git ++ : osst...@xenbits.xensource.com:/home/xen/git/osstest/seabios.git ++ : git://xenbits.xen.org/osstest/seabios.git ++ : https://github.com/tianocore/edk2.git ++ : osst...@xenbits.xensource.com:/home/xen/git/osstest/ovmf.git ++ : git://xenbits.xen.org/osstest/ovmf.git ++ : git://xenbits.xen.org/osstest/linux-firmware.git ++ : osst...@xenbits.xensource.com:/home/osstest/ext/linux-firmware.git ++ : git://git.kernel.org/pub/scm/linux/kernel/git/firmware/linux-firmware.git ++ : osst...@xenbits.xensource.com:/home/xen/git/linux-pvops.git ++ : git://xenbits.xen.org/linux-pvops.git ++ : tested/linux-3.14 ++ : tested/linux-arm-xen ++ '[' xgit://xenbits.xen.org/linux-pvops.git = x ']' ++ '[' x = x ']' ++ : git://xenbits.xen.org/linux-pvops.git ++ : tested/linux-arm-xen ++ : git://git.kernel.org/pub/scm/linux/kernel/git/konrad/xen.git ++ : tested/2.6.39.x ++ : daily-cron.xen-unstable ++ : daily-cron.xen-unstable ++ : daily-cron.xen-unstable ++ : daily-cron.xen-unstable ++ : daily-cron.xen-unstable ++ : daily-cron.xen-unstable ++ : http://hg.uk.xensource.com/carbon/trunk/linux-2.6.27 ++ : git://xenbits.xen.org/staging/qemu-upstream-unstable.git ++ : daily-cron.xen-unstable ++ : git://git.qemu.org/qemu.git ++ : git://xenbits.xen.org/osstest/qemu.git ++ : osst...@xenbits.xensource.com:/home/xen/git/osstest/qemu.git ++ : daily-cron.xen-unstable + TREE_LINUX=osst...@xenbits.xensource.com:/home/xen/git/linux-pvops.git + TREE_QEMU_MAINLINE=osst...@xenbits.xensource.com:/home/xen/git/osstest/qemu.git + TREE_QEMU_UPSTREAM=osst...@xenbits.xensource.com:/home/xen/git/qemu-upstream-unstable.git + TREE_XEN=osst...@xenbits.xensource.com:/home/xen/git/xen.git + TREE_LIBVIRT=osst...@xenbits.xensource.com:/home/xen/git/libvirt.git + TREE_RUMPUSERXEN=osst...@xenbits.xensource.com:/home/xen/git/rumpuser-xen.git + TREE_SEABIOS=osst...@xenbits.xensource.com:/home/xen/git/osstest/seabios.git + TREE_OVMF=osst...@xenbits.xensource.com:/home/xen/git/osstest/ovmf.git + info_linux_tree xen-unstable + case $1 in + return 1 + case "$branch" in + cd /export/home/osstest/repos/xen + git push osst...@xenbits.xensource.com:/home/xen/git/xen.git 001324547356af86875fad5003f679571a6b8f1c:master To osst...@xenbits.xensource.com:/home/xen/git/xen.git a1b4af1..0013245 001324547356af86875fad5003f679571a6b8f1c -> master _______________________________________________ Xen-devel mailing list Xen-devel@lists.xen.org http://lists.xen.org/xen-devel