flight 34299 linux-linus real [real] http://www.chiark.greenend.org.uk/~xensrcts/logs/34299/
Regressions :-( Tests which did not succeed and are blocking, including tests which could not be run: test-armhf-armhf-libvirt 12 guest-start.2 fail REGR. vs. 34227 test-amd64-amd64-libvirt 9 guest-start fail REGR. vs. 34227 Regressions which are regarded as allowable (not blocking): test-amd64-i386-libvirt 9 guest-start fail like 34227 test-amd64-i386-freebsd10-i386 7 freebsd-install fail like 34227 test-amd64-i386-freebsd10-amd64 7 freebsd-install fail like 34227 test-amd64-i386-pair 17 guest-migrate/src_host/dst_host fail like 34227 test-amd64-amd64-xl-qemuu-winxpsp3 7 windows-install fail like 34227 Tests which did not succeed, but are not blocking: test-armhf-armhf-xl-sedf 10 migrate-support-check fail never pass test-amd64-amd64-xl-pvh-intel 9 guest-start fail never pass test-armhf-armhf-xl-multivcpu 10 migrate-support-check fail never pass test-armhf-armhf-xl 10 migrate-support-check fail never pass test-armhf-armhf-xl-sedf-pin 10 migrate-support-check fail never pass test-armhf-armhf-xl-midway 10 migrate-support-check fail never pass test-amd64-amd64-xl-pvh-amd 9 guest-start fail never pass test-armhf-armhf-libvirt 10 migrate-support-check fail never pass test-amd64-amd64-xl-pcipt-intel 9 guest-start fail never pass test-armhf-armhf-xl-credit2 5 xen-boot fail never pass test-amd64-i386-xl-qemuu-winxpsp3-vcpus1 14 guest-stop fail never pass test-amd64-i386-xl-qemuu-winxpsp3 14 guest-stop fail never pass test-amd64-amd64-xl-winxpsp3 14 guest-stop fail never pass test-amd64-amd64-xl-qemut-win7-amd64 14 guest-stop fail never pass test-amd64-i386-xl-qemut-win7-amd64 14 guest-stop fail never pass test-amd64-amd64-xl-qemuu-win7-amd64 14 guest-stop fail never pass test-amd64-i386-xl-qemuu-win7-amd64 14 guest-stop fail never pass test-amd64-amd64-xl-win7-amd64 14 guest-stop fail never pass test-amd64-i386-xl-win7-amd64 14 guest-stop fail never pass test-amd64-amd64-xl-qemut-winxpsp3 14 guest-stop fail never pass test-amd64-i386-xl-winxpsp3-vcpus1 14 guest-stop fail never pass test-amd64-i386-xl-qemut-winxpsp3-vcpus1 14 guest-stop fail never pass test-amd64-i386-xl-winxpsp3 14 guest-stop fail never pass test-amd64-i386-xl-qemut-winxpsp3 14 guest-stop fail never pass version targeted for testing: linux 26cdd1f76a889a21faa851bcb260782db2c7f0a9 baseline version: linux 9d82f5eb3376cbae96ad36a063a9390de1694546 ------------------------------------------------------------ People who touched revisions under test: Aaro Koskinen <aaro.koski...@iki.fi> Andrew Morton <a...@linux-foundation.org> Arnd Bergmann <a...@arndb.de> Baruch Siach <bar...@tkos.co.il> Bo Shen <voice.s...@atmel.com> Boris Ostrovsky <boris.ostrov...@oracle.com> Borislav Petkov <b...@suse.de> Brian Norris <computersforpe...@gmail.com> Charles Keepax <ckee...@opensource.wolfsonmicro.com> David Daney <david.da...@cavium.com> David Rientjes <rient...@google.com> Ed Swierk <eswi...@skyportsystems.com> Eric Nelson <eric.nel...@boundarydevices.com> Felix Fietkau <n...@openwrt.org> Filip Brozovic <fbrozo...@gmail.com> Greg Ungerer <g...@uclinux.org> Hemmo Nieminen <hemmo.niemi...@iki.fi> Hugh Dickins <hu...@google.com> Ingo Molnar <mi...@kernel.org> James Cowgill <james.cowg...@imgtec.com> James Hogan <james.ho...@imgtec.com> Jan Beulich <jbeul...@suse.com> Jarkko Nikula <jarkko.nik...@linux.intel.com> Jaroslav Kysela <pe...@perex.cz> Jie Yang <yang....@intel.com> Johannes Weiner <han...@cmpxchg.org> John Stultz <john.stu...@linaro.org> Joonsoo Kim <iamjoonsoo....@lge.com> Juri Lelli <juri.le...@arm.com> Kevin Strasser <kevin.stras...@linux.intel.com> Kim Phillips <kim.phill...@freescale.com> Konstantin Khlebnikov <koc...@gmail.com> Lai Jiangshan <la...@cn.fujitsu.com> Lars Persson <lar...@axis.com> Lars Persson <lars.pers...@axis.com> Lars-Peter Clausen <l...@metafoo.de> Liam Girdwood <lgirdw...@gmail.com> Linus Torvalds <torva...@linux-foundation.org> Luca Abeni <luca.ab...@unitn.it> Manuel Lauss <manuel.la...@gmail.com> Mark Brown <broo...@kernel.org> Markos Chandras <markos.chand...@imgtec.com> Michal Hocko <mho...@suse.cz> Mike Galbraith <umgwanakikb...@gmail.com> Mikulas Patocka <mpato...@redhat.com> Naoya Horiguchi <n-horigu...@ah.jp.nec.com> Pavel Hofman <pavel.hof...@ivitera.com> Peter Ujfalusi <peter.ujfal...@ti.com> Peter Zijlstra (Intel) <pet...@infradead.org> Peter Zijlstra <pet...@infradead.org> Ralf Baechle <r...@linux-mips.org> Ryusuke Konishi <konishi.ryus...@lab.ntt.co.jp> Sasha Levin <sasha.le...@oracle.com> Shiraz Hashim <shas...@codeaurora.org> Sudip Mukherjee <su...@vectorindia.org> Sudip Mukherjee <sudipm.mukher...@gmail.com> Sylwester Nawrocki <s.nawro...@samsung.com> Takashi Iwai <ti...@suse.de> Thomas Gleixner <t...@linutronix.de> Zefan Li <lize...@huawei.com> ------------------------------------------------------------ jobs: build-amd64 pass build-armhf pass build-i386 pass build-amd64-libvirt pass build-armhf-libvirt pass build-i386-libvirt pass build-amd64-pvops pass build-armhf-pvops pass build-i386-pvops pass build-amd64-rumpuserxen pass build-i386-rumpuserxen pass test-amd64-amd64-xl pass test-armhf-armhf-xl pass test-amd64-i386-xl pass test-amd64-amd64-xl-pvh-amd fail test-amd64-i386-rhel6hvm-amd pass test-amd64-i386-qemut-rhel6hvm-amd pass test-amd64-i386-qemuu-rhel6hvm-amd pass test-amd64-amd64-xl-qemut-debianhvm-amd64 pass test-amd64-i386-xl-qemut-debianhvm-amd64 pass test-amd64-amd64-xl-qemuu-debianhvm-amd64 pass test-amd64-i386-xl-qemuu-debianhvm-amd64 pass test-amd64-i386-freebsd10-amd64 fail test-amd64-amd64-xl-qemuu-ovmf-amd64 pass test-amd64-i386-xl-qemuu-ovmf-amd64 pass test-amd64-amd64-rumpuserxen-amd64 pass test-amd64-amd64-xl-qemut-win7-amd64 fail test-amd64-i386-xl-qemut-win7-amd64 fail test-amd64-amd64-xl-qemuu-win7-amd64 fail test-amd64-i386-xl-qemuu-win7-amd64 fail test-amd64-amd64-xl-win7-amd64 fail test-amd64-i386-xl-win7-amd64 fail test-amd64-amd64-xl-credit2 pass test-armhf-armhf-xl-credit2 fail test-amd64-i386-freebsd10-i386 fail test-amd64-i386-rumpuserxen-i386 pass test-amd64-amd64-xl-pcipt-intel fail test-amd64-amd64-xl-pvh-intel fail test-amd64-i386-rhel6hvm-intel pass test-amd64-i386-qemut-rhel6hvm-intel pass test-amd64-i386-qemuu-rhel6hvm-intel pass test-amd64-amd64-libvirt fail test-armhf-armhf-libvirt fail test-amd64-i386-libvirt fail test-armhf-armhf-xl-midway pass test-amd64-amd64-xl-multivcpu pass test-armhf-armhf-xl-multivcpu pass test-amd64-amd64-pair pass test-amd64-i386-pair fail test-amd64-amd64-xl-sedf-pin pass test-armhf-armhf-xl-sedf-pin pass test-amd64-amd64-xl-sedf pass test-armhf-armhf-xl-sedf pass test-amd64-i386-xl-qemut-winxpsp3-vcpus1 fail test-amd64-i386-xl-qemuu-winxpsp3-vcpus1 fail test-amd64-i386-xl-winxpsp3-vcpus1 fail test-amd64-amd64-xl-qemut-winxpsp3 fail test-amd64-i386-xl-qemut-winxpsp3 fail test-amd64-amd64-xl-qemuu-winxpsp3 fail test-amd64-i386-xl-qemuu-winxpsp3 fail test-amd64-amd64-xl-winxpsp3 fail test-amd64-i386-xl-winxpsp3 fail ------------------------------------------------------------ sg-report-flight on osstest.cam.xci-test.com logs: /home/xc_osstest/logs images: /home/xc_osstest/images Logs, config files, etc. are available at http://www.chiark.greenend.org.uk/~xensrcts/logs Test harness code can be found at http://xenbits.xensource.com/gitweb?p=osstest.git;a=summary Not pushing. (No revision log; it would be 1583 lines long.) _______________________________________________ Xen-devel mailing list Xen-devel@lists.xen.org http://lists.xen.org/xen-devel