flight 34268 linux-3.14 real [real] http://www.chiark.greenend.org.uk/~xensrcts/logs/34268/
Failures :-/ but no regressions. Regressions which are regarded as allowable (not blocking): test-amd64-i386-pair 17 guest-migrate/src_host/dst_host fail like 34092 Tests which did not succeed, but are not blocking: test-armhf-armhf-xl-midway 10 migrate-support-check fail never pass test-armhf-armhf-xl-sedf-pin 10 migrate-support-check fail never pass test-armhf-armhf-xl-multivcpu 10 migrate-support-check fail never pass test-armhf-armhf-xl 10 migrate-support-check fail never pass test-amd64-amd64-xl-pvh-amd 9 guest-start fail never pass test-armhf-armhf-xl-sedf 10 migrate-support-check fail never pass test-amd64-amd64-xl-pvh-intel 9 guest-start fail never pass test-amd64-amd64-xl-pcipt-intel 9 guest-start fail never pass test-amd64-i386-libvirt 9 guest-start fail never pass test-armhf-armhf-libvirt 10 migrate-support-check fail never pass test-armhf-armhf-xl-credit2 5 xen-boot fail never pass test-amd64-i386-xl-qemut-winxpsp3 14 guest-stop fail never pass test-amd64-amd64-libvirt 10 migrate-support-check fail never pass test-amd64-i386-xl-win7-amd64 14 guest-stop fail never pass test-amd64-i386-xl-qemuu-win7-amd64 14 guest-stop fail never pass test-amd64-i386-xl-qemut-winxpsp3-vcpus1 14 guest-stop fail never pass test-amd64-amd64-xl-qemut-winxpsp3 14 guest-stop fail never pass test-amd64-i386-xl-winxpsp3 14 guest-stop fail never pass test-amd64-i386-xl-qemut-win7-amd64 14 guest-stop fail never pass test-amd64-amd64-xl-win7-amd64 14 guest-stop fail never pass test-amd64-amd64-xl-qemut-win7-amd64 14 guest-stop fail never pass test-amd64-amd64-xl-qemuu-win7-amd64 14 guest-stop fail never pass test-amd64-i386-xl-qemuu-winxpsp3-vcpus1 14 guest-stop fail never pass test-amd64-i386-xl-winxpsp3-vcpus1 14 guest-stop fail never pass test-amd64-amd64-xl-qemuu-winxpsp3 14 guest-stop fail never pass test-amd64-i386-xl-qemuu-winxpsp3 14 guest-stop fail never pass test-amd64-amd64-xl-winxpsp3 14 guest-stop fail never pass version targeted for testing: linux 4ccf212fb84d79b75fc66a2e26ac6bdbab0aedbf baseline version: linux 016ea480c9ca2344006d3ef592a0154ba03b507a ------------------------------------------------------------ People who touched revisions under test: Ahmed S. Darwish <ahmed.darw...@valeo.com> Andrew Morton <a...@linux-foundation.org> Andy Shevchenko <andriy.shevche...@linux.intel.com> Ashay Jaiswal <ash...@codeaurora.org> Aurelien BOUIN <a_bo...@yahoo.fr> Bob Paauwe <bob.j.paa...@intel.com> Charles Keepax <ckee...@opensource.wolfsonmicro.com> Clemens Ladisch <clem...@ladisch.de> David S. Miller <da...@davemloft.net> Dmitry Torokhov <dmitry.torok...@gmail.com> Greg Kroah-Hartman <gre...@linuxfoundation.org> Ilya Dryomov <idryo...@redhat.com> Jani Nikula <jani.nik...@intel.com> Jarkko Nikula <jarkko.nik...@bitmer.com> Jochen Hein <joc...@jochen.org> Joe Thornber <e...@redhat.com> Johannes Berg <johannes.b...@intel.com> Kees Cook <keesc...@chromium.org> Laurent Dufour <lduf...@linux.vnet.ibm.com> Linus Torvalds <torva...@linux-foundation.org> Liu ShuoX <shuox....@intel.com> Marc Kleine-Budde <m...@pengutronix.de> Mark Brown <broo...@kernel.org> Mathy Vanhoef <vanho...@gmail.com> Michael Ellerman <m...@ellerman.id.au> Mika Westerberg <mika.westerb...@linux.intel.com> Mike Snitzer <snit...@redhat.com> Mugunthan V N <mugunthan...@ti.com> Nicholas Bellinger <n...@linux-iscsi.org> Nicolin Chen <nicoleots...@gmail.com> Paul Osmialowski <p.osmialo...@samsung.com> Peng Tao <tao.p...@primarydata.com> Peter Hutterer <peter.hutte...@who-t.net> Peter Ujfalusi <peter.ujfal...@ti.com> Qais Yousef <qais.you...@imgtec.com> Rob Landley <r...@landley.net> Robert Jarzmik <robert.jarz...@free.fr> Russell King <rmk+ker...@arm.linux.org.uk> Takashi Iwai <ti...@suse.de> Tejun Heo <t...@kernel.org> Tony Luck <tony.l...@intel.com> Trond Myklebust <trond.mykleb...@primarydata.com> Will Deacon <will.dea...@arm.com> Wolfram Sang <w...@the-dreams.de> Zidan Wang <b50...@freescale.com> ------------------------------------------------------------ jobs: build-amd64 pass build-armhf pass build-i386 pass build-amd64-libvirt pass build-armhf-libvirt pass build-i386-libvirt pass build-amd64-pvops pass build-armhf-pvops pass build-i386-pvops pass build-amd64-rumpuserxen pass build-i386-rumpuserxen pass test-amd64-amd64-xl pass test-armhf-armhf-xl pass test-amd64-i386-xl pass test-amd64-amd64-xl-pvh-amd fail test-amd64-i386-rhel6hvm-amd pass test-amd64-i386-qemut-rhel6hvm-amd pass test-amd64-i386-qemuu-rhel6hvm-amd pass test-amd64-amd64-xl-qemut-debianhvm-amd64 pass test-amd64-i386-xl-qemut-debianhvm-amd64 pass test-amd64-amd64-xl-qemuu-debianhvm-amd64 pass test-amd64-i386-xl-qemuu-debianhvm-amd64 pass test-amd64-i386-freebsd10-amd64 pass test-amd64-amd64-xl-qemuu-ovmf-amd64 pass test-amd64-i386-xl-qemuu-ovmf-amd64 pass test-amd64-amd64-rumpuserxen-amd64 pass test-amd64-amd64-xl-qemut-win7-amd64 fail test-amd64-i386-xl-qemut-win7-amd64 fail test-amd64-amd64-xl-qemuu-win7-amd64 fail test-amd64-i386-xl-qemuu-win7-amd64 fail test-amd64-amd64-xl-win7-amd64 fail test-amd64-i386-xl-win7-amd64 fail test-amd64-amd64-xl-credit2 pass test-armhf-armhf-xl-credit2 fail test-amd64-i386-freebsd10-i386 pass test-amd64-i386-rumpuserxen-i386 pass test-amd64-amd64-xl-pcipt-intel fail test-amd64-amd64-xl-pvh-intel fail test-amd64-i386-rhel6hvm-intel pass test-amd64-i386-qemut-rhel6hvm-intel pass test-amd64-i386-qemuu-rhel6hvm-intel pass test-amd64-amd64-libvirt pass test-armhf-armhf-libvirt pass test-amd64-i386-libvirt fail test-armhf-armhf-xl-midway pass test-amd64-amd64-xl-multivcpu pass test-armhf-armhf-xl-multivcpu pass test-amd64-amd64-pair pass test-amd64-i386-pair fail test-amd64-amd64-xl-sedf-pin pass test-armhf-armhf-xl-sedf-pin pass test-amd64-amd64-xl-sedf pass test-armhf-armhf-xl-sedf pass test-amd64-i386-xl-qemut-winxpsp3-vcpus1 fail test-amd64-i386-xl-qemuu-winxpsp3-vcpus1 fail test-amd64-i386-xl-winxpsp3-vcpus1 fail test-amd64-amd64-xl-qemut-winxpsp3 fail test-amd64-i386-xl-qemut-winxpsp3 fail test-amd64-amd64-xl-qemuu-winxpsp3 fail test-amd64-i386-xl-qemuu-winxpsp3 fail test-amd64-amd64-xl-winxpsp3 fail test-amd64-i386-xl-winxpsp3 fail ------------------------------------------------------------ sg-report-flight on osstest.cam.xci-test.com logs: /home/xc_osstest/logs images: /home/xc_osstest/images Logs, config files, etc. are available at http://www.chiark.greenend.org.uk/~xensrcts/logs Test harness code can be found at http://xenbits.xensource.com/gitweb?p=osstest.git;a=summary Pushing revision : + branch=linux-3.14 + revision=4ccf212fb84d79b75fc66a2e26ac6bdbab0aedbf + . cri-lock-repos ++ . cri-common +++ . cri-getconfig +++ umask 002 +++ getconfig Repos +++ perl -e ' use Osstest; readglobalconfig(); print $c{"Repos"} or die $!; ' ++ repos=/export/home/osstest/repos ++ repos_lock=/export/home/osstest/repos/lock ++ '[' x '!=' x/export/home/osstest/repos/lock ']' ++ OSSTEST_REPOS_LOCK_LOCKED=/export/home/osstest/repos/lock ++ exec with-lock-ex -w /export/home/osstest/repos/lock ./ap-push linux-3.14 4ccf212fb84d79b75fc66a2e26ac6bdbab0aedbf + branch=linux-3.14 + revision=4ccf212fb84d79b75fc66a2e26ac6bdbab0aedbf + . cri-lock-repos ++ . cri-common +++ . cri-getconfig +++ umask 002 +++ getconfig Repos +++ perl -e ' use Osstest; readglobalconfig(); print $c{"Repos"} or die $!; ' ++ repos=/export/home/osstest/repos ++ repos_lock=/export/home/osstest/repos/lock ++ '[' x/export/home/osstest/repos/lock '!=' x/export/home/osstest/repos/lock ']' + . cri-common ++ . cri-getconfig ++ umask 002 + select_xenbranch + case "$branch" in + tree=linux + xenbranch=xen-unstable + '[' xlinux = xlinux ']' + linuxbranch=linux-3.14 + '[' x = x ']' + qemuubranch=qemu-upstream-unstable + : tested/2.6.39.x + . ap-common ++ : osst...@xenbits.xensource.com ++ : git://xenbits.xen.org/xen.git ++ : osst...@xenbits.xensource.com:/home/xen/git/xen.git ++ : git://xenbits.xen.org/staging/qemu-xen-unstable.git ++ : git://git.kernel.org ++ : git://git.kernel.org/pub/scm/linux/kernel/git ++ : git ++ : git://xenbits.xen.org/libvirt.git ++ : osst...@xenbits.xensource.com:/home/xen/git/libvirt.git ++ : git://xenbits.xen.org/libvirt.git ++ : git://xenbits.xen.org/rumpuser-xen.git ++ : git ++ : git://xenbits.xen.org/rumpuser-xen.git ++ : osst...@xenbits.xensource.com:/home/xen/git/rumpuser-xen.git +++ besteffort_repo https://github.com/rumpkernel/rumpkernel-netbsd-src +++ local repo=https://github.com/rumpkernel/rumpkernel-netbsd-src +++ cached_repo https://github.com/rumpkernel/rumpkernel-netbsd-src '[fetch=try]' +++ local repo=https://github.com/rumpkernel/rumpkernel-netbsd-src +++ local 'options=[fetch=try]' ++++ getconfig GitCacheProxy ++++ perl -e ' use Osstest; readglobalconfig(); print $c{"GitCacheProxy"} or die $!; ' +++ local cache=git://drall.uk.xensource.com:9419/ +++ '[' xgit://drall.uk.xensource.com:9419/ '!=' x ']' +++ echo 'git://drall.uk.xensource.com:9419/https://github.com/rumpkernel/rumpkernel-netbsd-src%20[fetch=try]' ++ : 'git://drall.uk.xensource.com:9419/https://github.com/rumpkernel/rumpkernel-netbsd-src%20[fetch=try]' ++ : git ++ : git://git.seabios.org/seabios.git ++ : osst...@xenbits.xensource.com:/home/xen/git/osstest/seabios.git ++ : git://xenbits.xen.org/osstest/seabios.git ++ : https://github.com/tianocore/edk2.git ++ : osst...@xenbits.xensource.com:/home/xen/git/osstest/ovmf.git ++ : git://xenbits.xen.org/osstest/ovmf.git ++ : git://xenbits.xen.org/osstest/linux-firmware.git ++ : osst...@xenbits.xensource.com:/home/osstest/ext/linux-firmware.git ++ : git://git.kernel.org/pub/scm/linux/kernel/git/firmware/linux-firmware.git ++ : osst...@xenbits.xensource.com:/home/xen/git/linux-pvops.git ++ : git://xenbits.xen.org/linux-pvops.git ++ : tested/linux-3.14 ++ : tested/linux-arm-xen ++ '[' xgit://git.kernel.org/pub/scm/linux/kernel/git/stable/linux-stable.git = x ']' ++ '[' xgit://git.kernel.org/pub/scm/linux/kernel/git/stable/linux-stable.git = x ']' ++ : git://git.kernel.org/pub/scm/linux/kernel/git/konrad/xen.git ++ : tested/2.6.39.x ++ : daily-cron.linux-3.14 ++ : daily-cron.linux-3.14 ++ : daily-cron.linux-3.14 ++ : daily-cron.linux-3.14 ++ : daily-cron.linux-3.14 ++ : daily-cron.linux-3.14 ++ : http://hg.uk.xensource.com/carbon/trunk/linux-2.6.27 ++ : git://xenbits.xen.org/staging/qemu-upstream-unstable.git ++ : daily-cron.linux-3.14 ++ : git://git.qemu.org/qemu.git ++ : git://xenbits.xen.org/osstest/qemu.git ++ : osst...@xenbits.xensource.com:/home/xen/git/osstest/qemu.git ++ : daily-cron.linux-3.14 + TREE_LINUX=osst...@xenbits.xensource.com:/home/xen/git/linux-pvops.git + TREE_QEMU_MAINLINE=osst...@xenbits.xensource.com:/home/xen/git/osstest/qemu.git + TREE_QEMU_UPSTREAM=osst...@xenbits.xensource.com:/home/xen/git/qemu-upstream-unstable.git + TREE_XEN=osst...@xenbits.xensource.com:/home/xen/git/xen.git + TREE_LIBVIRT=osst...@xenbits.xensource.com:/home/xen/git/libvirt.git + TREE_RUMPUSERXEN=osst...@xenbits.xensource.com:/home/xen/git/rumpuser-xen.git + TREE_SEABIOS=osst...@xenbits.xensource.com:/home/xen/git/osstest/seabios.git + TREE_OVMF=osst...@xenbits.xensource.com:/home/xen/git/osstest/ovmf.git + info_linux_tree linux-3.14 + case $1 in + : git://git.kernel.org/pub/scm/linux/kernel/git/stable/linux-stable.git + : linux-3.14.y + : linux-3.14.y + : git + : git + : git://xenbits.xen.org/linux-pvops.git + : osst...@xenbits.xensource.com:/home/xen/git/linux-pvops.git + : tested/linux-3.14 + : refs/heads/tested/linux-3.14 + return 0 + cd /export/home/osstest/repos/linux + git push osst...@xenbits.xensource.com:/home/xen/git/linux-pvops.git 4ccf212fb84d79b75fc66a2e26ac6bdbab0aedbf:refs/heads/tested/linux-3.14 To osst...@xenbits.xensource.com:/home/xen/git/linux-pvops.git 016ea48..4ccf212 4ccf212fb84d79b75fc66a2e26ac6bdbab0aedbf -> tested/linux-3.14 + exit 0 _______________________________________________ Xen-devel mailing list Xen-devel@lists.xen.org http://lists.xen.org/xen-devel