flight 34089 qemu-mainline real [real]
http://www.chiark.greenend.org.uk/~xensrcts/logs/34089/

Regressions :-(

Tests which did not succeed and are blocking,
including tests which could not be run:
 test-amd64-i386-freebsd10-amd64  8 guest-start            fail REGR. vs. 33480
 test-amd64-i386-xl-qemuu-debianhvm-amd64 7 debian-hvm-install fail REGR. vs. 
33480
 test-amd64-i386-freebsd10-i386  8 guest-start             fail REGR. vs. 33480
 test-amd64-i386-rhel6hvm-intel  7 redhat-install          fail REGR. vs. 33480
 test-amd64-i386-qemuu-rhel6hvm-amd  7 redhat-install      fail REGR. vs. 33480
 test-amd64-i386-xl-qemuu-ovmf-amd64  7 debian-hvm-install fail REGR. vs. 33480
 test-amd64-i386-rhel6hvm-amd  7 redhat-install            fail REGR. vs. 33480
 test-amd64-amd64-xl-win7-amd64  7 windows-install         fail REGR. vs. 33480
 test-amd64-i386-xl-win7-amd64  7 windows-install          fail REGR. vs. 33480
 test-amd64-i386-qemuu-rhel6hvm-intel  7 redhat-install    fail REGR. vs. 33480
 test-amd64-i386-xl-qemuu-winxpsp3-vcpus1 7 windows-install fail REGR. vs. 33480
 test-amd64-amd64-xl-qemuu-debianhvm-amd64 7 debian-hvm-install fail REGR. vs. 
33480
 test-amd64-amd64-xl-qemuu-ovmf-amd64 7 debian-hvm-install fail REGR. vs. 33480
 test-amd64-amd64-xl-winxpsp3  7 windows-install           fail REGR. vs. 33480
 test-amd64-i386-xl-qemuu-win7-amd64  7 windows-install    fail REGR. vs. 33480
 test-amd64-amd64-xl-qemuu-win7-amd64  7 windows-install   fail REGR. vs. 33480
 test-amd64-amd64-xl-qemuu-winxpsp3  7 windows-install     fail REGR. vs. 33480
 test-amd64-i386-xl-winxpsp3-vcpus1  7 windows-install     fail REGR. vs. 33480
 test-amd64-i386-xl-qemuu-winxpsp3  7 windows-install      fail REGR. vs. 33480
 test-amd64-i386-xl-winxpsp3   7 windows-install           fail REGR. vs. 33480

Regressions which are regarded as allowable (not blocking):
 test-amd64-i386-pair        17 guest-migrate/src_host/dst_host fail like 33480

Tests which did not succeed, but are not blocking:
 test-armhf-armhf-xl-midway   10 migrate-support-check        fail   never pass
 test-armhf-armhf-xl-multivcpu 10 migrate-support-check        fail  never pass
 test-amd64-amd64-xl-pvh-intel  9 guest-start                  fail  never pass
 test-armhf-armhf-xl-sedf     10 migrate-support-check        fail   never pass
 test-armhf-armhf-xl-sedf-pin 10 migrate-support-check        fail   never pass
 test-amd64-i386-libvirt       9 guest-start                  fail   never pass
 test-amd64-amd64-xl-pvh-amd   9 guest-start                  fail   never pass
 test-armhf-armhf-xl          10 migrate-support-check        fail   never pass
 test-amd64-amd64-libvirt      9 guest-start                  fail   never pass
 test-armhf-armhf-libvirt      9 guest-start                  fail   never pass
 test-armhf-armhf-xl-credit2   5 xen-boot                     fail   never pass
 test-amd64-amd64-xl-pcipt-intel  9 guest-start                 fail never pass
 test-amd64-i386-xl-qemut-win7-amd64 14 guest-stop              fail never pass
 test-amd64-i386-xl-qemut-winxpsp3-vcpus1 14 guest-stop         fail never pass
 test-amd64-amd64-xl-qemut-winxpsp3 14 guest-stop               fail never pass
 test-amd64-amd64-xl-qemut-win7-amd64 14 guest-stop             fail never pass
 test-amd64-i386-xl-qemut-winxpsp3 14 guest-stop                fail never pass

version targeted for testing:
 qemuu                16017c48547960539fcadb1f91d252124f442482
baseline version:
 qemuu                1e42c353469cb58ca4f3b450eea4211af7d0b147

------------------------------------------------------------
People who touched revisions under test:
  Alex Suykov <alex.suy...@gmail.com>
  Alexander Graf <ag...@suse.de>
  Amit Shah <amit.s...@redhat.com>
  Andreas Färber <afaer...@suse.de>
  Aurelien Jarno <aurel...@aurel32.net>
  Avi Kivity <avi.kiv...@gmail.com>
  Bastian Koppelmann <kbast...@mail.uni-paderborn.de>
  Ben Taylor <bentaylor.sol...@gmail.com>
  Benjamin Herrenschmidt <b...@kernel.crashing.org>
  Bharata B Rao <bhar...@linux.vnet.ibm.com>
  Blue Swirl <blauwir...@gmail.com>
  Christian Borntraeger <borntrae...@de.ibm.com>
  Christophe Lyon <christophe.l...@st.com>
  Cornelia Huck <cornelia.h...@de.ibm.com>
  Dinar Valeev <dval...@suse.com>
  Don Koch <dk...@verizon.com>
  Ed Swierk <eswi...@skyportsystems.com>
  Eduardo Habkost <ehabk...@redhat.com>
  Eduardo Otubo <eduardo.ot...@profitbricks.com>
  Fabrice Bellard <fabr...@bellard.org>
  Fam Zheng <f...@redhat.com>
  Felix Janda <felix.ja...@posteo.de>
  Gerd Hoffmann <kra...@redhat.com>
  Gonglei <arei.gong...@huawei.com>
  Guan Xuetao <g...@mprc.pku.edu.cn>
  Igor Mammedov <imamm...@redhat.com>
  Jeff Cody <jc...@redhat.com>
  Jiri Slaby <jsl...@suse.cz>
  Juan Quintela <quint...@redhat.com>
  Kevin Wolf <kw...@redhat.com>
  Marc-André Lureau <marcandre.lur...@gmail.com>
  Mark Cave-Ayland <mark.cave-ayl...@ilande.co.uk>
  Max Filippov <jcmvb...@gmail.com>
  Max Reitz <mre...@redhat.com>
  Michael S. Tsirkin <m...@redhat.com>
  Paolo Bonzini <pbonz...@redhat.com>
  Paul Brook <p...@codesourcery.com>
  Paul Durrant <paul.durr...@citrix.com>
  Peter Maydell <peter.mayd...@linaro.org>
  Richard Henderson <r...@twiddle.net>
  Richard Sandiford <rdsandif...@googlemail.com>
  Riku Voipio <riku.voi...@linaro.org>
  Stefan Weil <s...@weilnetz.de>
  Stefano Stabellini <stefano.stabell...@eu.citrix.com>
  Wei Huang <w...@redhat.com>
------------------------------------------------------------

jobs:
 build-amd64                                                  pass
 build-armhf                                                  pass
 build-i386                                                   pass
 build-amd64-libvirt                                          pass
 build-armhf-libvirt                                          pass
 build-i386-libvirt                                           pass
 build-amd64-pvops                                            pass
 build-armhf-pvops                                            pass
 build-i386-pvops                                             pass
 test-amd64-amd64-xl                                          pass
 test-armhf-armhf-xl                                          pass
 test-amd64-i386-xl                                           pass
 test-amd64-amd64-xl-pvh-amd                                  fail
 test-amd64-i386-rhel6hvm-amd                                 fail
 test-amd64-i386-qemut-rhel6hvm-amd                           pass
 test-amd64-i386-qemuu-rhel6hvm-amd                           fail
 test-amd64-amd64-xl-qemut-debianhvm-amd64                    pass
 test-amd64-i386-xl-qemut-debianhvm-amd64                     pass
 test-amd64-amd64-xl-qemuu-debianhvm-amd64                    fail
 test-amd64-i386-xl-qemuu-debianhvm-amd64                     fail
 test-amd64-i386-freebsd10-amd64                              fail
 test-amd64-amd64-xl-qemuu-ovmf-amd64                         fail
 test-amd64-i386-xl-qemuu-ovmf-amd64                          fail
 test-amd64-amd64-xl-qemut-win7-amd64                         fail
 test-amd64-i386-xl-qemut-win7-amd64                          fail
 test-amd64-amd64-xl-qemuu-win7-amd64                         fail
 test-amd64-i386-xl-qemuu-win7-amd64                          fail
 test-amd64-amd64-xl-win7-amd64                               fail
 test-amd64-i386-xl-win7-amd64                                fail
 test-amd64-amd64-xl-credit2                                  pass
 test-armhf-armhf-xl-credit2                                  fail
 test-amd64-i386-freebsd10-i386                               fail
 test-amd64-amd64-xl-pcipt-intel                              fail
 test-amd64-amd64-xl-pvh-intel                                fail
 test-amd64-i386-rhel6hvm-intel                               fail
 test-amd64-i386-qemut-rhel6hvm-intel                         pass
 test-amd64-i386-qemuu-rhel6hvm-intel                         fail
 test-amd64-amd64-libvirt                                     fail
 test-armhf-armhf-libvirt                                     fail
 test-amd64-i386-libvirt                                      fail
 test-armhf-armhf-xl-midway                                   pass
 test-amd64-amd64-xl-multivcpu                                pass
 test-armhf-armhf-xl-multivcpu                                pass
 test-amd64-amd64-pair                                        pass
 test-amd64-i386-pair                                         fail
 test-amd64-amd64-xl-sedf-pin                                 pass
 test-armhf-armhf-xl-sedf-pin                                 pass
 test-amd64-amd64-xl-sedf                                     pass
 test-armhf-armhf-xl-sedf                                     pass
 test-amd64-i386-xl-qemut-winxpsp3-vcpus1                     fail
 test-amd64-i386-xl-qemuu-winxpsp3-vcpus1                     fail
 test-amd64-i386-xl-winxpsp3-vcpus1                           fail
 test-amd64-amd64-xl-qemut-winxpsp3                           fail
 test-amd64-i386-xl-qemut-winxpsp3                            fail
 test-amd64-amd64-xl-qemuu-winxpsp3                           fail
 test-amd64-i386-xl-qemuu-winxpsp3                            fail
 test-amd64-amd64-xl-winxpsp3                                 fail
 test-amd64-i386-xl-winxpsp3                                  fail


------------------------------------------------------------
sg-report-flight on osstest.cam.xci-test.com
logs: /home/xc_osstest/logs
images: /home/xc_osstest/images

Logs, config files, etc. are available at
    http://www.chiark.greenend.org.uk/~xensrcts/logs

Test harness code can be found at
    http://xenbits.xensource.com/gitweb?p=osstest.git;a=summary


Not pushing.

(No revision log; it would be 2363 lines long.)

_______________________________________________
Xen-devel mailing list
Xen-devel@lists.xen.org
http://lists.xen.org/xen-devel

Reply via email to