flight 33770 linux-linus real [real]
http://www.chiark.greenend.org.uk/~xensrcts/logs/33770/

Failures :-/ but no regressions.

Regressions which are regarded as allowable (not blocking):
 test-amd64-i386-freebsd10-i386  7 freebsd-install              fail like 33664
 test-amd64-i386-freebsd10-amd64  7 freebsd-install             fail like 33664
 test-amd64-i386-pair        17 guest-migrate/src_host/dst_host fail like 33664
 test-amd64-amd64-xl-qemuu-winxpsp3  7 windows-install          fail like 33664

Tests which did not succeed, but are not blocking:
 test-amd64-amd64-xl-pvh-intel  9 guest-start                  fail  never pass
 test-amd64-i386-libvirt       9 guest-start                  fail   never pass
 test-amd64-amd64-xl-pvh-amd   9 guest-start                  fail   never pass
 test-armhf-armhf-libvirt      9 guest-start                  fail   never pass
 test-amd64-amd64-libvirt      9 guest-start                  fail   never pass
 test-armhf-armhf-xl          10 migrate-support-check        fail   never pass
 test-amd64-amd64-xl-pcipt-intel  9 guest-start                 fail never pass
 test-amd64-i386-xl-qemuu-winxpsp3 14 guest-stop                fail never pass
 test-amd64-i386-xl-qemuu-winxpsp3-vcpus1 14 guest-stop         fail never pass
 test-amd64-amd64-xl-winxpsp3 14 guest-stop                   fail   never pass
 test-amd64-amd64-xl-qemut-win7-amd64 14 guest-stop             fail never pass
 test-amd64-i386-xl-qemut-win7-amd64 14 guest-stop              fail never pass
 test-amd64-i386-xl-win7-amd64 14 guest-stop                   fail  never pass
 test-amd64-amd64-xl-qemuu-win7-amd64 14 guest-stop             fail never pass
 test-amd64-amd64-xl-win7-amd64 14 guest-stop                   fail never pass
 test-amd64-i386-xl-qemuu-win7-amd64 14 guest-stop              fail never pass
 test-amd64-i386-xl-qemut-winxpsp3-vcpus1 14 guest-stop         fail never pass
 test-amd64-amd64-xl-qemut-winxpsp3 14 guest-stop               fail never pass
 test-amd64-i386-xl-winxpsp3-vcpus1 14 guest-stop               fail never pass
 test-amd64-i386-xl-winxpsp3  14 guest-stop                   fail   never pass
 test-amd64-i386-xl-qemut-winxpsp3 14 guest-stop                fail never pass

version targeted for testing:
 linux                440e996095586967c39adb623e8428c435d59fa0
baseline version:
 linux                b942c653ae265abbd31032f3b4f5f857e5c7c723

------------------------------------------------------------
People who touched revisions under test:
  Alex Williamson <alex.william...@redhat.com>
  Alexandre Courbot <acour...@nvidia.com>
  Alexei Starovoitov <a...@kernel.org>
  Andreas Hartmann <andihartm...@freenet.de>
  Antti Palosaari <cr...@iki.fi>
  Ard Biesheuvel <ard.biesheu...@linaro.org>
  Arnd Bergmann <a...@arndb.de>
  Axel Lin <axel....@ingics.com>
  Bjorn Helgaas <bhelg...@google.com>
  Brian King <brk...@linux.vnet.ibm.com>
  Chris Mason <c...@fb.com>
  Christian Borntraeger <borntrae...@de.ibm.com>
  Christoph Hellwig <h...@lst.de>
  Colin Ian King <colin.k...@canonical.com>
  Daniel Thompson <daniel.thomp...@linaro.org>
  Darren Hart <dvh...@linux.intel.com>
  Dave Jiang <dave.ji...@intel.com>
  David S. Miller <da...@davemloft.net>
  David Sterba <dste...@suse.cz>
  Douglas Gilbert <dgilb...@interlog.com>
  Ewan D. Milne <emi...@redhat.com>
  Filipe Manana <fdman...@suse.com>
  Geert Uytterhoeven <geert+rene...@glider.be>
  Geert Uytterhoeven <ge...@linux-m68k.org>
  Grant Likely <grant.lik...@linaro.org>
  Guennadi Liakhovetski <g.liakhovet...@gmx.de>
  Hans Verkuil <hans.verk...@cisco.com>
  Jean Delvare <jdelv...@suse.de>
  Jonathan McDowell <nood...@earth.li>
  Jungseok Lee <jungseokle...@gmail.com>
  Kaixu Xia <xiaka...@huawei.com>
  Kuninori Morimoto <kuninori.morimoto...@renesas.com>
  Laszlo Ersek <ler...@redhat.com>
  Laurent Pinchart <laurent.pinch...@ideasonboard.com>
  Ley Foon Tan <lf...@altera.com>
  Linus Torvalds <torva...@linux-foundation.org>
  Lucas Stach <l.st...@pengutronix.de>
  Marek Kordik <kordikma...@gmail.com>
  Mark Brown <broo...@kernel.org>
  Mark Rutland <mark.rutl...@arm.com>
  Markus Pargmann <m...@pengutronix.de>
  Martin Schwidefsky <schwidef...@de.ibm.com>
  Masahiro Yamada <yamad...@jp.panasonic.com>
  Matthias Schwarzott <z...@gentoo.org>
  Mauro Carvalho Chehab <mche...@osg.samsung.com>
  Michael Holzheu <holz...@linux.vnet.ibm.com>
  Murali Karicheri <m-kariche...@ti.com>
  Nadav Amit <nadav.a...@gmail.com>
  Nadav Amit <na...@cs.technion.ac.il>
  Nathan Fontenot <nf...@linux.vnet.ibm.com>
  Nobuhiro Iwamatsu <nobuhiro.iwamatsu...@renesas.com>
  Pantelis Antoniou <pantelis.anton...@konsulko.com>
  Paolo Bonzini <pbonz...@redhat.com>
  Philipp Zabel <p.za...@pengutronix.de>
  Qu Wenruo <quwen...@cn.fujitsu.com>
  Richard Zhu <richard....@freescale.com>
  Rob Herring <r...@kernel.org>
  Romain Dolbeau <rom...@dolbeau.org>
  Russell King <rmk+ker...@arm.linux.org.uk>
  Rusty Russell <ru...@rustcorp.com.au>
  Sakari Ailus <sakari.ai...@iki.fi>
  Sasha Levin <sasha.le...@oracle.com>
  Satoru Takeuchi <takeuchi_sat...@jp.fujitsu.com>
  Shawn Guo <shawn....@linaro.org>
  Thierry Reding <tred...@nvidia.com>
  Tsutomu Itoh <t-i...@jp.fujitsu.com>
  Tyrel Datwyler <tyr...@linux.vnet.ibm.com>
  Wendy Xiong <wenxi...@linux.vnet.ibm.com>
  Will Deacon <will.dea...@arm.com>
  Wim Van Sebroeck <w...@iguana.be>
  Wolfram Sang <w...@the-dreams.de>
  Xiubo Li <li.xi...@freescale.com>
  Yinghai Lu <ying...@kernel.org>
------------------------------------------------------------

jobs:
 build-amd64                                                  pass    
 build-armhf                                                  pass    
 build-i386                                                   pass    
 build-amd64-libvirt                                          pass    
 build-armhf-libvirt                                          pass    
 build-i386-libvirt                                           pass    
 build-amd64-pvops                                            pass    
 build-armhf-pvops                                            pass    
 build-i386-pvops                                             pass    
 build-amd64-rumpuserxen                                      pass    
 build-i386-rumpuserxen                                       pass    
 test-amd64-amd64-xl                                          pass    
 test-armhf-armhf-xl                                          pass    
 test-amd64-i386-xl                                           pass    
 test-amd64-amd64-xl-pvh-amd                                  fail    
 test-amd64-i386-rhel6hvm-amd                                 pass    
 test-amd64-i386-qemut-rhel6hvm-amd                           pass    
 test-amd64-i386-qemuu-rhel6hvm-amd                           pass    
 test-amd64-amd64-xl-qemut-debianhvm-amd64                    pass    
 test-amd64-i386-xl-qemut-debianhvm-amd64                     pass    
 test-amd64-amd64-xl-qemuu-debianhvm-amd64                    pass    
 test-amd64-i386-xl-qemuu-debianhvm-amd64                     pass    
 test-amd64-i386-freebsd10-amd64                              fail    
 test-amd64-amd64-xl-qemuu-ovmf-amd64                         pass    
 test-amd64-i386-xl-qemuu-ovmf-amd64                          pass    
 test-amd64-amd64-rumpuserxen-amd64                           pass    
 test-amd64-amd64-xl-qemut-win7-amd64                         fail    
 test-amd64-i386-xl-qemut-win7-amd64                          fail    
 test-amd64-amd64-xl-qemuu-win7-amd64                         fail    
 test-amd64-i386-xl-qemuu-win7-amd64                          fail    
 test-amd64-amd64-xl-win7-amd64                               fail    
 test-amd64-i386-xl-win7-amd64                                fail    
 test-amd64-i386-xl-credit2                                   pass    
 test-amd64-i386-freebsd10-i386                               fail    
 test-amd64-i386-rumpuserxen-i386                             pass    
 test-amd64-amd64-xl-pcipt-intel                              fail    
 test-amd64-amd64-xl-pvh-intel                                fail    
 test-amd64-i386-rhel6hvm-intel                               pass    
 test-amd64-i386-qemut-rhel6hvm-intel                         pass    
 test-amd64-i386-qemuu-rhel6hvm-intel                         pass    
 test-amd64-amd64-libvirt                                     fail    
 test-armhf-armhf-libvirt                                     fail    
 test-amd64-i386-libvirt                                      fail    
 test-amd64-i386-xl-multivcpu                                 pass    
 test-amd64-amd64-pair                                        pass    
 test-amd64-i386-pair                                         fail    
 test-amd64-amd64-xl-sedf-pin                                 pass    
 test-amd64-amd64-xl-sedf                                     pass    
 test-amd64-i386-xl-qemut-winxpsp3-vcpus1                     fail    
 test-amd64-i386-xl-qemuu-winxpsp3-vcpus1                     fail    
 test-amd64-i386-xl-winxpsp3-vcpus1                           fail    
 test-amd64-amd64-xl-qemut-winxpsp3                           fail    
 test-amd64-i386-xl-qemut-winxpsp3                            fail    
 test-amd64-amd64-xl-qemuu-winxpsp3                           fail    
 test-amd64-i386-xl-qemuu-winxpsp3                            fail    
 test-amd64-amd64-xl-winxpsp3                                 fail    
 test-amd64-i386-xl-winxpsp3                                  fail    


------------------------------------------------------------
sg-report-flight on osstest.cam.xci-test.com
logs: /home/xc_osstest/logs
images: /home/xc_osstest/images

Logs, config files, etc. are available at
    http://www.chiark.greenend.org.uk/~xensrcts/logs

Test harness code can be found at
    http://xenbits.xensource.com/gitweb?p=osstest.git;a=summary


Pushing revision :

+ branch=linux-linus
+ revision=440e996095586967c39adb623e8428c435d59fa0
+ . cri-lock-repos
++ . cri-common
+++ . cri-getconfig
+++ umask 002
+++ getconfig Repos
+++ perl -e '
                use Osstest;
                readglobalconfig();
                print $c{"Repos"} or die $!;
        '
++ repos=/export/home/osstest/repos
++ repos_lock=/export/home/osstest/repos/lock
++ '[' x '!=' x/export/home/osstest/repos/lock ']'
++ OSSTEST_REPOS_LOCK_LOCKED=/export/home/osstest/repos/lock
++ exec with-lock-ex -w /export/home/osstest/repos/lock ./ap-push linux-linus 
440e996095586967c39adb623e8428c435d59fa0
+ branch=linux-linus
+ revision=440e996095586967c39adb623e8428c435d59fa0
+ . cri-lock-repos
++ . cri-common
+++ . cri-getconfig
+++ umask 002
+++ getconfig Repos
+++ perl -e '
                use Osstest;
                readglobalconfig();
                print $c{"Repos"} or die $!;
        '
++ repos=/export/home/osstest/repos
++ repos_lock=/export/home/osstest/repos/lock
++ '[' x/export/home/osstest/repos/lock '!=' x/export/home/osstest/repos/lock 
']'
+ . cri-common
++ . cri-getconfig
++ umask 002
+ select_xenbranch
+ case "$branch" in
+ tree=linux
+ xenbranch=xen-unstable
+ '[' xlinux = xlinux ']'
+ linuxbranch=linux-linus
+ '[' x = x ']'
+ qemuubranch=qemu-upstream-unstable
+ : tested/2.6.39.x
+ . ap-common
++ : osst...@xenbits.xensource.com
++ : git://xenbits.xen.org/xen.git
++ : osst...@xenbits.xensource.com:/home/xen/git/xen.git
++ : git://xenbits.xen.org/staging/qemu-xen-unstable.git
++ : git://git.kernel.org
++ : git://git.kernel.org/pub/scm/linux/kernel/git
++ : git
++ : git://xenbits.xen.org/libvirt.git
++ : osst...@xenbits.xensource.com:/home/xen/git/libvirt.git
++ : git://xenbits.xen.org/libvirt.git
++ : git://xenbits.xen.org/rumpuser-xen.git
++ : git
++ : git://xenbits.xen.org/rumpuser-xen.git
++ : osst...@xenbits.xensource.com:/home/xen/git/rumpuser-xen.git
+++ besteffort_repo https://github.com/rumpkernel/rumpkernel-netbsd-src
+++ local repo=https://github.com/rumpkernel/rumpkernel-netbsd-src
+++ cached_repo https://github.com/rumpkernel/rumpkernel-netbsd-src 
'[fetch=try]'
+++ local repo=https://github.com/rumpkernel/rumpkernel-netbsd-src
+++ local 'options=[fetch=try]'
++++ getconfig GitCacheProxy
++++ perl -e '
                use Osstest;
                readglobalconfig();
                print $c{"GitCacheProxy"} or die $!;
        '
+++ local cache=git://drall.uk.xensource.com:9419/
+++ '[' xgit://drall.uk.xensource.com:9419/ '!=' x ']'
+++ echo 
'git://drall.uk.xensource.com:9419/https://github.com/rumpkernel/rumpkernel-netbsd-src%20[fetch=try]'
++ : 
'git://drall.uk.xensource.com:9419/https://github.com/rumpkernel/rumpkernel-netbsd-src%20[fetch=try]'
++ : git
++ : git://git.seabios.org/seabios.git
++ : osst...@xenbits.xensource.com:/home/xen/git/osstest/seabios.git
++ : git://xenbits.xen.org/osstest/seabios.git
++ : git://xenbits.xen.org/osstest/linux-firmware.git
++ : osst...@xenbits.xensource.com:/home/osstest/ext/linux-firmware.git
++ : git://git.kernel.org/pub/scm/linux/kernel/git/firmware/linux-firmware.git
++ : osst...@xenbits.xensource.com:/home/xen/git/linux-pvops.git
++ : git://xenbits.xen.org/linux-pvops.git
++ : tested/linux-3.14
++ : tested/linux-arm-xen
++ '[' xgit://git.kernel.org/pub/scm/linux/kernel/git/torvalds/linux-2.6.git = 
x ']'
++ '[' xgit://git.kernel.org/pub/scm/linux/kernel/git/torvalds/linux-2.6.git = 
x ']'
++ : git://git.kernel.org/pub/scm/linux/kernel/git/konrad/xen.git
++ : tested/2.6.39.x
++ : daily-cron.linux-linus
++ : daily-cron.linux-linus
++ : daily-cron.linux-linus
++ : daily-cron.linux-linus
++ : daily-cron.linux-linus
++ : http://hg.uk.xensource.com/carbon/trunk/linux-2.6.27
++ : git://xenbits.xen.org/staging/qemu-upstream-unstable.git
++ : daily-cron.linux-linus
++ : git://git.qemu.org/qemu.git
++ : git://xenbits.xen.org/osstest/qemu.git
++ : osst...@xenbits.xensource.com:/home/xen/git/osstest/qemu.git
++ : daily-cron.linux-linus
+ TREE_LINUX=osst...@xenbits.xensource.com:/home/xen/git/linux-pvops.git
+ 
TREE_QEMU_MAINLINE=osst...@xenbits.xensource.com:/home/xen/git/osstest/qemu.git
+ 
TREE_QEMU_UPSTREAM=osst...@xenbits.xensource.com:/home/xen/git/qemu-upstream-unstable.git
+ TREE_XEN=osst...@xenbits.xensource.com:/home/xen/git/xen.git
+ TREE_LIBVIRT=osst...@xenbits.xensource.com:/home/xen/git/libvirt.git
+ TREE_RUMPUSERXEN=osst...@xenbits.xensource.com:/home/xen/git/rumpuser-xen.git
+ TREE_SEABIOS=osst...@xenbits.xensource.com:/home/xen/git/osstest/seabios.git
+ info_linux_tree linux-linus
+ case $1 in
+ : git://git.kernel.org/pub/scm/linux/kernel/git/torvalds/linux-2.6.git
+ : master
+ : git
+ : git
+ : git://xenbits.xen.org/linux-pvops.git
+ : osst...@xenbits.xensource.com:/home/xen/git/linux-pvops.git
+ : tested/linux-linus
+ : tested/linux-linus
+ return 0
+ cd /export/home/osstest/repos/linux
+ git push osst...@xenbits.xensource.com:/home/xen/git/linux-pvops.git 
440e996095586967c39adb623e8428c435d59fa0:tested/linux-linus
To osst...@xenbits.xensource.com:/home/xen/git/linux-pvops.git
   b942c65..440e996  440e996095586967c39adb623e8428c435d59fa0 -> 
tested/linux-linus
+ exit 0

_______________________________________________
Xen-devel mailing list
Xen-devel@lists.xen.org
http://lists.xen.org/xen-devel

Reply via email to