flight 33772 libvirt real [real] http://www.chiark.greenend.org.uk/~xensrcts/logs/33772/
Regressions :-( Tests which did not succeed and are blocking, including tests which could not be run: build-armhf-libvirt 5 libvirt-build fail REGR. vs. 33422 Tests which did not succeed, but are not blocking: test-amd64-i386-libvirt 9 guest-start fail never pass test-armhf-armhf-libvirt 1 build-check(1) blocked n/a test-amd64-amd64-libvirt 9 guest-start fail never pass version targeted for testing: libvirt ee4c13ce1d1f1c4de2aca613176f30026c6a0905 baseline version: libvirt ce745914b33e3f9a136d91655600b931e7a4178f ------------------------------------------------------------ People who touched revisions under test: Anthony PERARD <anthony.per...@citrix.com> Cédric Bosdonnat <cbosdon...@suse.com> Daniel P. Berrange <berra...@redhat.com> Dmitry Guryanov <dgurya...@parallels.com> Erik Skultety <eskul...@redhat.com> Gary R Hook <gary.h...@nimboxx.com> Gary R Hook <grhookatw...@gmail.com> Jim Fehlig <jfeh...@suse.com> Jiri Denemark <jdene...@redhat.com> John Ferlan <jfer...@redhat.com> Josh Stone <jist...@redhat.com> Ján Tomko <jto...@redhat.com> Kiarie Kahurani <davidkiar...@gmail.com> Luyao Huang <lhu...@redhat.com> Martin Kletzander <mklet...@redhat.com> Michal Privoznik <mpriv...@redhat.com> Mike Latimer <mlati...@suse.com> Pavel Hrdina <phrd...@redhat.com> Peter Krempa <pkre...@redhat.com> Richard W.M. Jones <rjo...@redhat.com> Shivaprasad G Bhat <sb...@linux.vnet.ibm.com> Shivaprasad G Bhat <shivaprasadb...@gmail.com> ------------------------------------------------------------ jobs: build-amd64 pass build-armhf pass build-i386 pass build-amd64-libvirt pass build-armhf-libvirt fail build-i386-libvirt pass build-amd64-pvops pass build-armhf-pvops pass build-i386-pvops pass test-amd64-amd64-libvirt fail test-armhf-armhf-libvirt blocked test-amd64-i386-libvirt fail ------------------------------------------------------------ sg-report-flight on osstest.cam.xci-test.com logs: /home/xc_osstest/logs images: /home/xc_osstest/images Logs, config files, etc. are available at http://www.chiark.greenend.org.uk/~xensrcts/logs Test harness code can be found at http://xenbits.xensource.com/gitweb?p=osstest.git;a=summary Not pushing. (No revision log; it would be 992 lines long.)
_______________________________________________ Xen-devel mailing list Xen-devel@lists.xen.org http://lists.xen.org/xen-devel