flight 33689 linux-3.14 real [real] http://www.chiark.greenend.org.uk/~xensrcts/logs/33689/
Regressions :-( Tests which did not succeed and are blocking, including tests which could not be run: test-amd64-i386-xl-qemut-winxpsp3-vcpus1 5 xen-boot fail REGR. vs. 33341 test-amd64-i386-xl-qemuu-ovmf-amd64 5 xen-boot fail REGR. vs. 33341 test-amd64-amd64-xl-pvh-intel 5 xen-boot fail REGR. vs. 33341 test-amd64-amd64-xl-qemut-winxpsp3 5 xen-boot fail REGR. vs. 33341 test-amd64-i386-rumpuserxen-i386 5 xen-boot fail REGR. vs. 33341 test-amd64-i386-xl-win7-amd64 5 xen-boot fail REGR. vs. 33341 test-amd64-i386-xl-multivcpu 5 xen-boot fail REGR. vs. 33341 test-amd64-amd64-xl-winxpsp3 5 xen-boot fail REGR. vs. 33341 test-amd64-i386-libvirt 5 xen-boot fail REGR. vs. 33341 test-amd64-i386-xl-qemuu-win7-amd64 5 xen-boot fail REGR. vs. 33341 test-amd64-i386-freebsd10-i386 5 xen-boot fail REGR. vs. 33341 test-amd64-amd64-xl 7 debian-install fail REGR. vs. 33341 test-amd64-i386-xl-qemuu-winxpsp3 6 leak-check/basis(6) fail REGR. vs. 33341 test-amd64-i386-xl-qemuu-debianhvm-amd64 5 xen-boot fail REGR. vs. 33341 test-amd64-i386-xl-winxpsp3 5 xen-boot fail REGR. vs. 33341 test-amd64-amd64-xl-qemuu-debianhvm-amd64 5 xen-boot fail REGR. vs. 33341 test-amd64-i386-xl-winxpsp3-vcpus1 5 xen-boot fail REGR. vs. 33341 test-amd64-i386-xl-qemuu-winxpsp3-vcpus1 5 xen-boot fail REGR. vs. 33341 test-amd64-i386-xl-qemut-debianhvm-amd64 5 xen-boot fail REGR. vs. 33341 test-amd64-i386-freebsd10-amd64 5 xen-boot fail REGR. vs. 33341 test-amd64-i386-qemut-rhel6hvm-intel 5 xen-boot fail REGR. vs. 33341 test-amd64-i386-xl 5 xen-boot fail REGR. vs. 33341 test-amd64-i386-xl-qemut-winxpsp3 5 xen-boot fail REGR. vs. 33341 test-amd64-amd64-xl-qemuu-win7-amd64 5 xen-boot fail REGR. vs. 33341 test-amd64-i386-qemuu-rhel6hvm-intel 5 xen-boot fail REGR. vs. 33341 test-amd64-i386-xl-qemut-win7-amd64 5 xen-boot fail REGR. vs. 33341 test-amd64-amd64-pair 16 guest-start/debian fail REGR. vs. 33341 test-amd64-amd64-pair 15 leak-check/basis/dst_host(15) fail REGR. vs. 33341 test-amd64-i386-pair 8 xen-boot/dst_host fail REGR. vs. 33341 test-amd64-i386-pair 7 xen-boot/src_host fail REGR. vs. 33341 test-amd64-amd64-xl-pvh-amd 7 debian-install fail in 33560 REGR. vs. 33341 test-amd64-amd64-xl-qemuu-winxpsp3 7 windows-install fail in 33560 REGR. vs. 33341 test-amd64-i386-rhel6hvm-amd 6 leak-check/basis(6) fail in 33560 REGR. vs. 33341 test-amd64-amd64-rumpuserxen-amd64 7 rumpuserxen-demo-setup fail in 33462 REGR. vs. 33341 test-amd64-amd64-xl-win7-amd64 7 windows-install fail in 33462 REGR. vs. 33341 test-amd64-amd64-xl-qemuu-ovmf-amd64 7 debian-hvm-install fail in 33634 REGR. vs. 33341 test-amd64-i386-qemut-rhel6hvm-amd 7 redhat-install fail in 33580 REGR. vs. 33341 test-amd64-i386-qemuu-rhel6hvm-amd 7 redhat-install fail in 33494 REGR. vs. 33341 test-amd64-i386-xl-credit2 7 debian-install fail in 33494 REGR. vs. 33341 Tests which are failing intermittently (not blocking): test-amd64-amd64-xl-pvh-amd 6 leak-check/basis(6) fail pass in 33560 test-amd64-amd64-rumpuserxen-amd64 5 xen-boot fail pass in 33462 test-amd64-amd64-xl-qemuu-winxpsp3 5 xen-boot fail pass in 33634 test-amd64-amd64-xl-qemut-debianhvm-amd64 5 xen-boot fail pass in 33580 test-amd64-i386-qemuu-rhel6hvm-amd 5 xen-boot fail pass in 33494 test-amd64-amd64-xl-win7-amd64 5 xen-boot fail pass in 33462 test-amd64-i386-xl-credit2 5 xen-boot fail pass in 33494 test-amd64-i386-qemut-rhel6hvm-amd 5 xen-boot fail pass in 33580 test-amd64-i386-rhel6hvm-amd 5 xen-boot fail pass in 33560 test-amd64-amd64-xl-qemuu-ovmf-amd64 5 xen-boot fail pass in 33634 test-amd64-amd64-xl 5 xen-boot fail in 33560 pass in 33689 test-amd64-i386-xl-qemuu-winxpsp3 5 xen-boot fail in 33560 pass in 33689 test-amd64-amd64-libvirt 5 xen-boot fail in 33560 pass in 33689 test-amd64-amd64-pair 8 xen-boot/dst_host fail in 33560 pass in 33689 test-amd64-amd64-pair 7 xen-boot/src_host fail in 33560 pass in 33689 test-amd64-amd64-xl-qemut-win7-amd64 5 xen-boot fail in 33560 pass in 33689 test-amd64-amd64-xl-pvh-amd 5 xen-boot fail in 33462 pass in 33689 test-amd64-i386-xl-qemut-winxpsp3-vcpus1 3 host-install(3) broken in 33462 pass in 33689 test-armhf-armhf-xl 12 guest-start.2 fail in 33494 pass in 33689 Regressions which are regarded as allowable (not blocking): test-amd64-amd64-xl-sedf 5 xen-boot fail REGR. vs. 33341 test-amd64-i386-rhel6hvm-intel 5 xen-boot fail like 33296 test-amd64-amd64-xl-sedf-pin 5 xen-boot fail REGR. vs. 33341 test-amd64-amd64-xl-pcipt-intel 5 xen-boot fail REGR. vs. 33341 test-amd64-amd64-xl-qemut-debianhvm-amd64 7 debian-hvm-install fail in 33560 like 33296 test-amd64-i386-xl-qemuu-ovmf-amd64 3 host-install(3) broken in 33462 like 33296 test-amd64-i386-xl-qemuu-debianhvm-amd64 3 host-install(3) broken in 33462 like 33296 Tests which did not succeed, but are not blocking: test-armhf-armhf-libvirt 9 guest-start fail never pass test-amd64-amd64-libvirt 9 guest-start fail never pass test-armhf-armhf-xl 10 migrate-support-check fail never pass test-amd64-amd64-xl-qemut-win7-amd64 14 guest-stop fail never pass version targeted for testing: linux a2ab9187600ddca13da9e5c20e3abb92ea885ddd baseline version: linux c3b70f0bbb6a883f4afa639286043d3f71fbbddf ------------------------------------------------------------ People who touched revisions under test: Alex Williamson <alex.william...@redhat.com> Andrew Jackson <andrew.jack...@arm.com> Andrew Morton <a...@linux-foundation.org> Andy Lutomirski <l...@amacapital.net> Anton Blanchard <an...@samba.org> Antonio Borneo <borneo.anto...@gmail.com> Ard Biesheuvel <ard.biesheu...@linaro.org> Arnaldo Carvalho de Melo <a...@redhat.com> Arnaud Ebalard <a...@natisbad.org> Arnd Bergmann <a...@arndb.de> Aron Szabo <a...@ubit.hu> Artem Bityutskiy <artem.bityuts...@linux.intel.com> Barry Song <baohua.s...@csr.com> Benjamin Coddington <bcodd...@redhat.com> Bjorn Helgaas <bhelg...@google.com> Brian Norris <computersforpe...@gmail.com> Catalin Marinas <catalin.mari...@arm.com> Chris Mason <c...@fb.com> Christian Riesch <christian.rie...@omicron.at> Dan Carpenter <dan.carpen...@oracle.com> David Woodhouse <david.woodho...@intel.com> Emmanuel Grumbach <emmanuel.grumb...@intel.com> Felix Fietkau <n...@openwrt.org> Giedrius StatkeviÄius <giedrius.statkevic...@gmail.com> Greg Kroah-Hartman <gre...@linuxfoundation.org> Gregory CLEMENT <gregory.clem...@free-electrons.com> Guo Zeng <guo.z...@csr.com> Gwendal Grignou <gwen...@chromium.org> Ian Abbott <abbo...@mev.co.uk> Ilya Dryomov <idryo...@redhat.com> Ingo Molnar <mi...@kernel.org> J. Bruce Fields <bfie...@redhat.com> Jarkko Nikula <jarkko.nik...@linux.intel.com> Jason Cooper <ja...@lakedaemon.net> Jean-Baptiste Maneyrol <jmaney...@invensense.com> Jens Axboe <ax...@fb.com> Jiang Liu <jiang....@linux.intel.com> Jiri Jaburek <jjabu...@redhat.com> Jiri Kosina <jkos...@suse.cz> Jiri Olsa <jo...@kernel.org> Jiri Olsa <jo...@redhat.com> Joerg Roedel <jroe...@suse.de> Johannes Berg <johannes.b...@intel.com> John W. Linville <linvi...@tuxdriver.com> joyce.xue <xuejiu...@huawei.com> Junxiao Bi <junxiao...@oracle.com> Juri Lelli <juri.le...@gmail.com> K. Y. Srinivasan <k...@microsoft.com> Karl Relton <karllinuxtest.rel...@ntlworld.com> Kees Cook <keesc...@chromium.org> Konrad Rzeszutek Wilk <konrad.w...@oracle.com> Krzysztof Kozlowski <k.kozlow...@samsung.com> Kukjin Kim <kgene....@samsung.com> Lars-Peter Clausen <l...@metafoo.de> Laura Abbott <lau...@codeaurora.org> Linus Torvalds <torva...@linux-foundation.org> Lokesh Vutla <lokeshvu...@ti.com> Lorenzo Pieralisi <lorenzo.pieral...@arm.com> Luca Abeni <luca.ab...@unitn.it> Mahesh Salgaonkar <mah...@linux.vnet.ibm.com> Marc Kleine-Budde <m...@pengutronix.de> Mark Brown <broo...@kernel.org> Mark Brown <broo...@linaro.org> Mark Rutland <mark.rutl...@arm.com> Michael Ellerman <m...@ellerman.id.au> Michal Hocko <mho...@suse.cz> Myron Stowe <myron.st...@redhat.com> Nishanth Menon <n...@ti.com> Oliver Neukum <oneu...@suse.de> Paolo Bonzini <pbonz...@redhat.com> Pavel Machek <pa...@ucw.cz> Peter Zijlstra (Intel) <pet...@infradead.org> Rafael J. Wysocki <rafael.j.wyso...@intel.com> Rasmus Villemoes <li...@rasmusvillemoes.dk> Richard Weinberger <rich...@nod.at> Rik van Riel <r...@redhat.com> Rob Herring <rob.herr...@calxeda.com> Rob Herring <robherri...@gmail.com> Robert Baldyga <r.bald...@samsung.com> Ryusuke Konishi <konishi.ryus...@lab.ntt.co.jp> Steev Klimaszewski <st...@gentoo.org> Steev Klimaszewski <three...@gmail.com> Stefan Roese <s...@denx.de> Stefano Stabellini <stefano.stabell...@eu.citrix.com> Stephane Grosjean <s.grosj...@peak-system.com> Steven Rostedt (Red Hat) <rost...@goodmis.org> Steven Rostedt <rost...@goodmis.org> Takashi Iwai <ti...@suse.de> Tejun Heo <t...@kernel.org> Thomas Petazzoni <thomas.petazz...@free-electrons.com> Tomasz Figa <tomasz.f...@gmail.com> Tony Lindgren <t...@atomide.com> Tony Luck <tony.l...@intel.com> Ulf Hansson <ulf.hans...@linaro.org> Uwe Kleine-König <u...@kleine-koenig.org> Vitaly Kuznetsov <vkuzn...@redhat.com> Vladimir Davydov <vdavy...@parallels.com> Vlastimil Babka <vba...@suse.cz> Will Deacon <will.dea...@arm.com> Xue jiufei <xuejiu...@huawei.com> Yan, Zheng <zheng.z....@intel.com> Zhiqiang Zhang <zhangzhiqiang.zh...@huawei.com> ------------------------------------------------------------ jobs: build-amd64 pass build-armhf pass build-i386 pass build-amd64-libvirt pass build-armhf-libvirt pass build-i386-libvirt pass build-amd64-pvops pass build-armhf-pvops pass build-i386-pvops pass build-amd64-rumpuserxen pass build-i386-rumpuserxen pass test-amd64-amd64-xl fail test-armhf-armhf-xl pass test-amd64-i386-xl fail test-amd64-amd64-xl-pvh-amd broken test-amd64-i386-rhel6hvm-amd fail test-amd64-i386-qemut-rhel6hvm-amd fail test-amd64-i386-qemuu-rhel6hvm-amd fail test-amd64-amd64-xl-qemut-debianhvm-amd64 fail test-amd64-i386-xl-qemut-debianhvm-amd64 fail test-amd64-amd64-xl-qemuu-debianhvm-amd64 fail test-amd64-i386-xl-qemuu-debianhvm-amd64 fail test-amd64-i386-freebsd10-amd64 fail test-amd64-amd64-xl-qemuu-ovmf-amd64 fail test-amd64-i386-xl-qemuu-ovmf-amd64 fail test-amd64-amd64-rumpuserxen-amd64 fail test-amd64-amd64-xl-qemut-win7-amd64 fail test-amd64-i386-xl-qemut-win7-amd64 fail test-amd64-amd64-xl-qemuu-win7-amd64 fail test-amd64-i386-xl-qemuu-win7-amd64 fail test-amd64-amd64-xl-win7-amd64 fail test-amd64-i386-xl-win7-amd64 fail test-amd64-i386-xl-credit2 fail test-amd64-i386-freebsd10-i386 fail test-amd64-i386-rumpuserxen-i386 fail test-amd64-amd64-xl-pcipt-intel fail test-amd64-amd64-xl-pvh-intel fail test-amd64-i386-rhel6hvm-intel fail test-amd64-i386-qemut-rhel6hvm-intel fail test-amd64-i386-qemuu-rhel6hvm-intel fail test-amd64-amd64-libvirt fail test-armhf-armhf-libvirt fail test-amd64-i386-libvirt fail test-amd64-i386-xl-multivcpu fail test-amd64-amd64-pair broken test-amd64-i386-pair fail test-amd64-amd64-xl-sedf-pin fail test-amd64-amd64-xl-sedf fail test-amd64-i386-xl-qemut-winxpsp3-vcpus1 fail test-amd64-i386-xl-qemuu-winxpsp3-vcpus1 fail test-amd64-i386-xl-winxpsp3-vcpus1 fail test-amd64-amd64-xl-qemut-winxpsp3 fail test-amd64-i386-xl-qemut-winxpsp3 fail test-amd64-amd64-xl-qemuu-winxpsp3 fail test-amd64-i386-xl-qemuu-winxpsp3 broken test-amd64-amd64-xl-winxpsp3 fail test-amd64-i386-xl-winxpsp3 fail ------------------------------------------------------------ sg-report-flight on osstest.cam.xci-test.com logs: /home/xc_osstest/logs images: /home/xc_osstest/images Logs, config files, etc. are available at http://www.chiark.greenend.org.uk/~xensrcts/logs Test harness code can be found at http://xenbits.xensource.com/gitweb?p=osstest.git;a=summary Not pushing. (No revision log; it would be 2186 lines long.)
_______________________________________________ Xen-devel mailing list Xen-devel@lists.xen.org http://lists.xen.org/xen-devel