flight 33555 linux-linus running [real]
http://www.chiark.greenend.org.uk/~xensrcts/logs/33555/

Regressions :-(

Tests which did not succeed and are blocking,
including tests which could not be run:
 test-amd64-amd64-xl-winxpsp3  5 xen-boot                  fail REGR. vs. 33485
 test-amd64-i386-xl-qemuu-win7-amd64  7 windows-install   running [st=running!]
 test-amd64-amd64-xl-qemut-winxpsp3  2 hosts-allocate     running [st=running!]
 test-amd64-i386-xl-winxpsp3-vcpus1  2 hosts-allocate     running [st=running!]
 test-amd64-i386-pair        18 capture-logs/src_host(18) running [st=running!]
 test-amd64-i386-pair        19 capture-logs/dst_host(19) running [st=running!]
 test-amd64-i386-xl-winxpsp3  13 guest-localmigrate/x10   running [st=running!]
 test-amd64-i386-xl-qemut-winxpsp3  7 windows-install     running [st=running!]

Regressions which are regarded as allowable (not blocking):
 test-amd64-i386-freebsd10-i386  7 freebsd-install              fail like 33485
 test-amd64-i386-freebsd10-amd64  7 freebsd-install             fail like 33485
 test-amd64-i386-pair        17 guest-migrate/src_host/dst_host fail like 33485
 test-amd64-amd64-xl-qemuu-winxpsp3  7 windows-install          fail like 33485

Tests which did not succeed, but are not blocking:
 test-amd64-amd64-xl-pvh-intel  9 guest-start                  fail  never pass
 test-armhf-armhf-libvirt      9 guest-start                  fail   never pass
 test-armhf-armhf-xl          10 migrate-support-check        fail   never pass
 test-amd64-i386-libvirt       9 guest-start                  fail   never pass
 test-amd64-amd64-libvirt      9 guest-start                  fail   never pass
 test-amd64-amd64-xl-pcipt-intel  9 guest-start                 fail never pass
 test-amd64-amd64-xl-pvh-amd   9 guest-start                  fail   never pass
 test-amd64-i386-xl-qemuu-winxpsp3-vcpus1 14 guest-stop         fail never pass
 test-amd64-i386-xl-qemuu-winxpsp3 14 guest-stop                fail never pass
 test-amd64-amd64-xl-qemut-win7-amd64 14 guest-stop             fail never pass
 test-amd64-i386-xl-qemut-win7-amd64 14 guest-stop              fail never pass
 test-amd64-i386-xl-win7-amd64 14 guest-stop                   fail  never pass
 test-amd64-amd64-xl-qemuu-win7-amd64 14 guest-stop             fail never pass
 test-amd64-amd64-xl-win7-amd64 14 guest-stop                   fail never pass
 test-amd64-i386-xl-qemut-winxpsp3-vcpus1 14 guest-stop         fail never pass

version targeted for testing:
 linux                ec6f34e5b552fb0a52e6aae1a5afbbb1605cc6cc
baseline version:
 linux                fc7f0dd381720ea5ee5818645f7d0e9dece41cb0

------------------------------------------------------------
People who touched revisions under test:
  Aaro Koskinen <aaro.koski...@iki.fi>
  Abhilash Kesavan <a.kesa...@samsung.com>
  Alexander Stein <alexander...@web.de>
  Alexandre Belloni <alexandre.bell...@free-electrons.com>
  Alexei Starovoitov <alexei.starovoi...@gmail.com>
  Alexey Brodkin <abrod...@synopsys.com>
  Andreas Faerber <afaer...@suse.de>
  Andy Shevchenko <andriy.shevche...@linux.intel.com>
  Arnaldo Carvalho de Melo <a...@redhat.com>
  Bo Shen <voice.s...@atmel.com>
  Boris Brezillon <boris.brezil...@free-electrons.com>
  Christoph Hellwig <h...@lst.de>
  Doug Anderson <diand...@chromium.org>
  Fabio Estevam <fabio.este...@freescale.com>
  FUKAUMI Naoki <nao...@gmail.com>
  Gary Bisson <bisson.g...@gmail.com>
  Geert Uytterhoeven <geert+rene...@glider.be>
  Heiko Stuebner <he...@sntech.de>
  Heiko Stübner <he...@sntech.de>
  Ingo Molnar <mi...@kernel.org>
  Javier Martinez Canillas <javier.marti...@collabora.co.uk>
  Jiri Olsa <jo...@kernel.org>
  Jiri Olsa <jo...@redhat.com>
  Jisheng Zhang <jszh...@marvell.com>
  Julien CHAUVEAU <julien.chauv...@neo-technologies.fr>
  Kan Liang <kan.li...@intel.com>
  Kevin Hao <haoke...@gmail.com>
  Kevin Hilman <khil...@linaro.org>
  Krzysztof Kozlowski <k.kozlow...@samsung.com>
  Kukjin Kim <kg...@kernel.org>
  Len Sorensen <lsore...@csclub.uwaterloo.ca>
  Lennart Sorensen <lsore...@csclub.uwaterloo.ca>
  Linus Torvalds <torva...@linux-foundation.org>
  Linus Walleij <linus.wall...@linaro.org>
  Lokesh Vutla <lokeshvu...@ti.com>
  Marc Zyngier <marc.zyng...@arm.com>
  Masami Hiramatsu <masami.hiramatsu...@hitachi.com>
  Michael Turquette <mturque...@linaro.org>
  Mugunthan V N <mugunthan...@ti.com>
  Namhyung Kim <namhy...@kernel.org>
  Nicolas Ferre <nicolas.fe...@atmel.com>
  Nicolas Pitre <n...@linaro.org>
  Nilesh Javali <nilesh.jav...@qlogic.com>
  Nishanth Menon <n...@ti.com>
  Olof Johansson <o...@lixom.net>
  Pali Rohár <pali.ro...@gmail.com>
  Pavel Machek <pa...@ucw.cz>
  Peter Zijlstra (Intel) <pet...@infradead.org>
  Philipp Zabel <p.za...@pengutronix.de>
  Romain Perier <romain.per...@gmail.com>
  Scott Wood <scottw...@freescale.com>
  Sebastian Hesselbarth <sebastian.hesselba...@gmail.com>
  Shawn Guo <shawn....@linaro.org>
  Simon Horman <horms+rene...@verge.net.au>
  Stanimir Varbanov <svarba...@mm-sol.com>
  Stephane Eranian <eran...@google.com>
  Sudeep Holla <sudeep.ho...@arm.com>
  Sukadev Bhattiprolu <suka...@linux.vnet.ibm.com>
  Tony Lindgren <t...@atomide.com>
  Tyler Baker <tyler.ba...@linaro.org>
  Vineet Gupta <vgu...@synopsys.com>
  Vineet Gupta <vineet.gup...@synopsys.com>
  Vinod Koul <vinod.k...@intel.com>
  Viresh Kumar <viresh.ku...@linaro.org>
  Vivek Gautam <gautam.vi...@samsung.com>
  Wang Nan <wangn...@huawei.com>
  Wenyou Yang <wenyou.y...@atmel.com>
  Xiubo Li <li.xi...@freescale.com>
------------------------------------------------------------

jobs:
 build-amd64                                                  pass
 build-armhf                                                  pass
 build-i386                                                   pass
 build-amd64-libvirt                                          pass
 build-armhf-libvirt                                          pass
 build-i386-libvirt                                           pass
 build-amd64-pvops                                            pass
 build-armhf-pvops                                            pass
 build-i386-pvops                                             pass
 build-amd64-rumpuserxen                                      pass
 build-i386-rumpuserxen                                       pass
 test-amd64-amd64-xl                                          pass
 test-armhf-armhf-xl                                          pass
 test-amd64-i386-xl                                           pass
 test-amd64-amd64-xl-pvh-amd                                  fail
 test-amd64-i386-rhel6hvm-amd                                 pass
 test-amd64-i386-qemut-rhel6hvm-amd                           pass
 test-amd64-i386-qemuu-rhel6hvm-amd                           pass
 test-amd64-amd64-xl-qemut-debianhvm-amd64                    pass
 test-amd64-i386-xl-qemut-debianhvm-amd64                     pass
 test-amd64-amd64-xl-qemuu-debianhvm-amd64                    pass
 test-amd64-i386-xl-qemuu-debianhvm-amd64                     pass
 test-amd64-i386-freebsd10-amd64                              fail
 test-amd64-amd64-xl-qemuu-ovmf-amd64                         pass
 test-amd64-i386-xl-qemuu-ovmf-amd64                          pass
 test-amd64-amd64-rumpuserxen-amd64                           pass
 test-amd64-amd64-xl-qemut-win7-amd64                         fail
 test-amd64-i386-xl-qemut-win7-amd64                          fail
 test-amd64-amd64-xl-qemuu-win7-amd64                         fail
 test-amd64-i386-xl-qemuu-win7-amd64                          running
 test-amd64-amd64-xl-win7-amd64                               fail
 test-amd64-i386-xl-win7-amd64                                fail
 test-amd64-i386-xl-credit2                                   pass
 test-amd64-i386-freebsd10-i386                               fail
 test-amd64-i386-rumpuserxen-i386                             pass
 test-amd64-amd64-xl-pcipt-intel                              fail
 test-amd64-amd64-xl-pvh-intel                                fail
 test-amd64-i386-rhel6hvm-intel                               pass
 test-amd64-i386-qemut-rhel6hvm-intel                         pass
 test-amd64-i386-qemuu-rhel6hvm-intel                         pass
 test-amd64-amd64-libvirt                                     fail
 test-armhf-armhf-libvirt                                     fail
 test-amd64-i386-libvirt                                      fail
 test-amd64-i386-xl-multivcpu                                 pass
 test-amd64-amd64-pair                                        pass
 test-amd64-i386-pair                                         fail
 test-amd64-amd64-xl-sedf-pin                                 pass
 test-amd64-amd64-xl-sedf                                     pass
 test-amd64-i386-xl-qemut-winxpsp3-vcpus1                     fail
 test-amd64-i386-xl-qemuu-winxpsp3-vcpus1                     fail
 test-amd64-i386-xl-winxpsp3-vcpus1                           preparing
 test-amd64-amd64-xl-qemut-winxpsp3                           preparing
 test-amd64-i386-xl-qemut-winxpsp3                            running
 test-amd64-amd64-xl-qemuu-winxpsp3                           fail
 test-amd64-i386-xl-qemuu-winxpsp3                            fail
 test-amd64-amd64-xl-winxpsp3                                 fail
 test-amd64-i386-xl-winxpsp3                                  running


------------------------------------------------------------
sg-report-flight on osstest.cam.xci-test.com
logs: /home/xc_osstest/logs
images: /home/xc_osstest/images

Logs, config files, etc. are available at
    http://www.chiark.greenend.org.uk/~xensrcts/logs

Test harness code can be found at
    http://xenbits.xensource.com/gitweb?p=osstest.git;a=summary

broken test-amd64-i386-xl-qemuu-win7-amd64 windows-install running
broken test-amd64-amd64-xl-qemut-winxpsp3 hosts-allocate running
broken test-amd64-i386-xl-winxpsp3-vcpus1 hosts-allocate running
broken test-amd64-i386-pair capture-logs/src_host(18) running
broken test-amd64-i386-pair capture-logs/dst_host(19) running
broken test-amd64-i386-xl-winxpsp3 guest-localmigrate/x10 running
broken test-amd64-i386-xl-qemut-winxpsp3 windows-install running

Not pushing.

(No revision log; it would be 1584 lines long.)

_______________________________________________
Xen-devel mailing list
Xen-devel@lists.xen.org
http://lists.xen.org/xen-devel

Reply via email to