flight 33406 linux-linus real [real]
http://www.chiark.greenend.org.uk/~xensrcts/logs/33406/

Failures :-/ but no regressions.

Regressions which are regarded as allowable (not blocking):
 test-amd64-i386-freebsd10-i386  7 freebsd-install              fail like 32879
 test-amd64-i386-freebsd10-amd64  7 freebsd-install             fail like 32879
 test-amd64-i386-pair        17 guest-migrate/src_host/dst_host fail like 32879
 test-amd64-amd64-xl-qemuu-winxpsp3  7 windows-install          fail like 32879

Tests which did not succeed, but are not blocking:
 test-amd64-amd64-xl-pvh-intel  9 guest-start                  fail  never pass
 test-armhf-armhf-libvirt      9 guest-start                  fail   never pass
 test-armhf-armhf-xl          10 migrate-support-check        fail   never pass
 test-amd64-i386-libvirt       9 guest-start                  fail   never pass
 test-amd64-amd64-libvirt      9 guest-start                  fail   never pass
 test-amd64-amd64-xl-pcipt-intel  9 guest-start                 fail never pass
 test-amd64-amd64-xl-pvh-amd   9 guest-start                  fail   never pass
 test-amd64-i386-xl-qemuu-winxpsp3-vcpus1 14 guest-stop         fail never pass
 test-amd64-amd64-xl-winxpsp3 14 guest-stop                   fail   never pass
 test-amd64-i386-xl-qemuu-winxpsp3 14 guest-stop                fail never pass
 test-amd64-amd64-xl-qemut-win7-amd64 14 guest-stop             fail never pass
 test-amd64-i386-xl-qemut-win7-amd64 14 guest-stop              fail never pass
 test-amd64-i386-xl-win7-amd64 14 guest-stop                   fail  never pass
 test-amd64-amd64-xl-qemuu-win7-amd64 14 guest-stop             fail never pass
 test-amd64-i386-xl-qemuu-win7-amd64 14 guest-stop              fail never pass
 test-amd64-amd64-xl-win7-amd64 14 guest-stop                   fail never pass
 test-amd64-amd64-xl-qemut-winxpsp3 14 guest-stop               fail never pass
 test-amd64-i386-xl-qemut-winxpsp3-vcpus1 14 guest-stop         fail never pass
 test-amd64-i386-xl-winxpsp3-vcpus1 14 guest-stop               fail never pass
 test-amd64-i386-xl-winxpsp3  14 guest-stop                   fail   never pass
 test-amd64-i386-xl-qemut-winxpsp3 14 guest-stop                fail never pass

version targeted for testing:
 linux                971780b701946be0d6e34b4abf6eec1ab05ec0c8
baseline version:
 linux                9bb29b6b927bcd79cf185ee67bcebfe630f0dea1

------------------------------------------------------------
People who touched revisions under test:
  "John W. Linville" <linvi...@tuxdriver.com>
  Aaron Brown <aaron.f.br...@intel.com>
  Aaron Plattner <aplatt...@nvidia.com>
  Adrian Hunter <adrian.hun...@intel.com>
  Alan Stern <st...@rowland.harvard.edu>
  Alex Deucher <alexander.deuc...@amd.com>
  Alex Thorlton <athorl...@sgi.com>
  Alex Williamson <alex.william...@redhat.com>
  Alexandre Courbot <acour...@nvidia.com>
  Alexey Khoroshilov <khoroshi...@ispras.ru>
  Andi Kleen <a...@linux.intel.com>
  Andreas Oehler <andr...@oehler-net.de>
  Andrew Jackson <andrew.jack...@arm.com>
  Andrew Morton <a...@linux-foundation.org>
  Andy Grover <agro...@redhat.com>
  Andy Lutomirski <l...@amacapital.net>
  Andy Shevchenko <andy.shevche...@gmail.com>
  Anil Chintalapati (achintal) <achin...@cisco.com>
  Anil Chintalapati <achin...@cisco.com>
  Anton Vorontsov <anton.voront...@linaro.org>
  Antonio Quartulli <anto...@meshcoding.com>
  Ard Biesheuvel <ard.biesheu...@linaro.org>
  Arnaldo Carvalho de Melo <a...@redhat.com>
  Arne Goedeke <e...@laramies.com>
  Aron Szabo <a...@ubit.hu>
  Axel Lin <axel....@ingics.com>
  Ben Goz <ben....@amd.com>
  Ben Pfaff <b...@nicira.com>
  Ben Skeggs <bske...@redhat.com>
  Benjamin Tissoires <benjamin.tissoi...@redhat.com>
  Bjørn Mork <bj...@mork.no>
  Bruno Prémont <bonb...@linux-vserver.org>
  Catalin Marinas <catalin.mari...@arm.com>
  Chad Dupuis <chad.dup...@qlogic.com>
  Chris Mason <c...@fb.com>
  Chris Wilson <ch...@chris-wilson.co.uk>
  Christian König <christian.koe...@amd.com>
  Christoph Hellwig <h...@lst.de>
  Corey Minyard <cminy...@mvista.com>
  Dan Carpenter <dan.carpen...@oracle.com>
  Daniel Baluta <daniel.bal...@intel.com>
  Daniel Borkmann <dbork...@redhat.com>
  Daniel Mack <dan...@zonque.org>
  Daniel Nicoletti <dantt...@gmail.com>
  Daniel Thompson <daniel.thomp...@linaro.org>
  Daniel Walter <d.wal...@0x90.at>
  Dave Airlie <airl...@gmail.com>
  Dave Airlie <airl...@redhat.com>
  Dave Hansen <d...@sr71.net>
  David Ahern <dsah...@gmail.com>
  David Drysdale <drysd...@google.com>
  David Howells <dhowe...@redhat.com>
  David Rientjes <rient...@google.com>
  David S. Miller <da...@davemloft.net>
  Davidlohr Bueso <d...@stgolabs.net>
  Doug Anderson <diand...@chromium.org>
  Fabian Frederick <f...@skynet.be>
  Fang, Yang A <yang.a.f...@intel.com>
  Felipe Balbi <ba...@ti.com>
  Filipe Manana <fdman...@suse.com>
  Francesco Virlinzi <francesco.virli...@st.com>
  Giedrius Statkevičius <giedrius.statkevic...@gmail.com>
  Govindarajulu Varadarajan <_gov...@gmx.com>
  Grygorii Strashko <grygorii.stras...@linaro.org>
  Hanjun Guo <hanjun....@linaro.com>
  Hanjun Guo <hanjun....@linaro.org>
  Hannes Reinecke <h...@suse.de>
  Hans de Goede <hdego...@redhat.com>
  Hari Bathini <hbath...@linux.vnet.ibm.com>
  Hayes Wang <hayesw...@realtek.com>
  hayeswang <hayesw...@realtek.com>
  Henrik Rydberg <rydb...@bitmath.org>
  Herbert Xu <herb...@gondor.apana.org.au>
  Hiral Shah <his...@cisco.com>
  Holger Hoffstätte <holger.hoffstae...@googlemail.com>
  Ian Campbell <ian.campb...@citrix.com>
  Ilia Mirkin <imir...@alum.mit.edu>
  Ilya Dryomov <idryo...@redhat.com>
  Imre Deak <imre.d...@intel.com>
  Imre Palik <im...@amazon.de>
  Ingo Molnar <mi...@kernel.org>
  J. Bruce Fields <bfie...@redhat.com>
  Jack Morgenstein <ja...@dev.mellanox.co.il>
  Jakub Wilk <jw...@jwilk.net>
  James Bottomley <jbottom...@parallels.com>
  Jan Beulich <jbeul...@suse.com>
  Jan Kara <j...@suse.cz>
  Jani Nikula <jani.nik...@intel.com>
  Jarkko Nikula <jarkko.nik...@linux.intel.com>
  Jason Wessel <jason.wes...@windriver.com>
  Jeff Kirsher <jeffrey.t.kirs...@intel.com>
  Jeff Layton <jlay...@primarydata.com>
  Jerome Marchand <jmarc...@redhat.com>
  Jerry Hoemann <jerry.hoem...@hp.com>
  Jianqun Xu <jay...@rock-chips.com>
  Jie Yang <yang....@intel.com>
  Jim Young <james.m.yo...@intel.com>
  Jiri Kosina <jkos...@suse.cz>
  Jiri Olsa <jo...@kernel.org>
  Joe Perches <j...@perches.com>
  Joerg Roedel <jroe...@suse.de>
  Johannes Berg <johannes.b...@intel.com>
  Johannes Weiner <han...@cmpxchg.org>
  John Stultz <john.stu...@linaro.org>
  John W. Linville <linvi...@tuxdriver.com>
  Joonsoo Kim <iamjoonsoo....@lge.com>
  Josef Bacik <jba...@fb.com>
  Joseph Qi <joseph...@huawei.com>
  joyce.xue <xuejiu...@huawei.com>
  Julia Lawall <julia.law...@lip6.fr>
  Juri Lelli <juri.le...@gmail.com>
  Karl Relton <karllinuxtest.rel...@ntlworld.com>
  Kirill A. Shutemov <kirill.shute...@linux.intel.com>
  Kirill Smelkov <k...@nexedi.com>
  Konstantin Khlebnikov <koc...@gmail.com>
  Kostya Belezko <bkos...@hotmail.com>
  Kristian Evensen <kristian.even...@gmail.com>
  Krzysztof Kozlowski <k.kozlow...@samsung.com>
  Lars-Peter Clausen <l...@metafoo.de>
  Laurent Pinchart <laurent.pinchart+rene...@ideasonboard.com>
  Lee Duncan <ldun...@suse.com>
  Leif Lindholm <leif.lindh...@linaro.org>
  Ley Foon Tan <lf...@altera.com>
  Linus Lüssing <linus.luess...@c0d3.blue>
  Linus Torvalds <torva...@linux-foundation.org>
  Linus Walleij <linus.wall...@linaro.org>
  Luca Abeni <luca.ab...@unitn.it>
  Maor Gottlieb <ma...@mellanox.com>
  Marek Lindner <mareklind...@neomailbox.ch>
  Mark Brown <broo...@kernel.org>
  Mark Langsdorf <mlang...@redhat.com>
  Mark Rutland <mark.rutl...@arm.com>
  Martin Hundebøll <mar...@hundeboll.net>
  Martin K. Petersen <martin.peter...@oracle.com>
  Masami Hiramatsu <masami.hiramatsu...@hitachi.com>
  Matan Barak <mat...@mellanox.com>
  Mathias Krause <mini...@googlemail.com>
  Michael Ellerman <m...@ellerman.id.au>
  Michael S. Tsirkin <m...@redhat.com>
  Michal Hocko <mho...@suse.cz>
  Michal Marek <mma...@suse.cz>
  Mika Westerberg <mika.westerb...@linux.intel.com>
  Mike Frysinger <vap...@gentoo.org>
  Ming Lei <ming....@canonical.com>
  Murali Karicheri <m-kariche...@ti.com>
  Namhyung Kim <namhy...@kernel.org>
  Nicholas Bellinger <n...@linux-iscsi.org>
  Octavian Purdila <octavian.purd...@intel.com>
  Oded Gabbay <oded.gab...@amd.com>
  Oleg Nesterov <o...@redhat.com>
  Or Gerlitz <ogerl...@mellanox.com>
  Palik, Imre <im...@amazon.de>
  Pankaj Dev <pankaj....@st.com>
  Paolo Bonzini <pbonz...@redhat.com>
  Patrice Chotard <patrice.chot...@st.com>
  Paul Moore <pmo...@redhat.com>
  Paul Walmsley <p...@pwsan.com>
  Paul Walmsley <pwalms...@nvidia.com>
  Pavel Machek <pa...@ucw.cz>
  Peter Wu <pe...@lekensteyn.nl>
  Peter Zijlstra (Intel) <pet...@infradead.org>
  Peter Zijlstra <pet...@infradead.org>
  Pierre Moreau <pierre.mor...@free.fr>
  Pranith Kumar <bobby.pr...@gmail.com>
  Pravin B Shelar <pshe...@nicira.com>
  Rabin Vincent <rabin.vinc...@axis.com>
  Rafael J. Wysocki <rafael.j.wyso...@intel.com>
  Randy Dunlap <rdun...@infradead.org>
  Richard Weinberger <rich...@nod.at>
  Rik van Riel <r...@redhat.com>
  Russell King <rmk+ker...@arm.linux.org.uk>
  Rusty Russell <ru...@rustcorp.com.au>
  Sagi Grimberg <sa...@mellanox.com>
  Sasha Levin <sasha.le...@oracle.com>
  Sesidhar Baddela <sebad...@cisco.com>
  Shahed Shaikh <shahed.sha...@qlogic.com>
  Simon Wunderlich <s...@simonwunderlich.de>
  Suzuki K. Poulose <suzuki.poul...@arm.com>
  Sven Köhler <sven.koeh...@gmail.com>
  Sylvain BERTRAND <sylvain.bertr...@gmail.com>
  Taesoo Kim <tsgat...@gmail.com>
  Takashi Iwai <ti...@suse.de>
  Takashi Sakamoto <o-taka...@sakamocchi.jp>
  Tetsuo Handa <penguin-ker...@i-love.sakura.ne.jp>
  Theodore Ts'o <ty...@mit.edu>
  Thomas Petazzoni <thomas.petazz...@free-electrons.com>
  Tobias Klauser <tklau...@distanz.ch>
  Todd Fujinaka <todd.fujin...@intel.com>
  Tony Lindgren <t...@atomide.com>
  Tony Luck <tony.l...@intel.com>
  Ulf Hansson <ulf.hans...@linaro.org>
  Victor Kamensky <victor.kamen...@linaro.org>
  Ville Syrjälä <ville.syrj...@linux.intel.com>
  Vinson Lee <v...@twitter.com>
  Vladimir Davydov <vdavy...@parallels.com>
  Vlastimil Babka <vba...@suse.cz>
  Walter Goossens <waltergooss...@home.nl>
  Wang Shilong <wangshilong1...@gmail.com>
  Wei Yang <weiy...@linux.vnet.ibm.com>
  Wendy Wang <wendy.w...@intel.com>
  Will Deacon <will.dea...@arm.com>
  Wolfram Sang <w...@the-dreams.de>
  Xue jiufei <xuejiu...@huawei.com>
  Yinghai Lu <ying...@kernel.org>
  Yongjian Xu <xuyongjia...@gmail.com>
  Yuyang Du <yuyang...@intel.com>
  Андрей Аладьев <aladjev.and...@gmail.com>
------------------------------------------------------------

jobs:
 build-amd64                                                  pass
 build-armhf                                                  pass
 build-i386                                                   pass
 build-amd64-libvirt                                          pass
 build-armhf-libvirt                                          pass
 build-i386-libvirt                                           pass
 build-amd64-pvops                                            pass
 build-armhf-pvops                                            pass
 build-i386-pvops                                             pass
 build-amd64-rumpuserxen                                      pass
 build-i386-rumpuserxen                                       pass
 test-amd64-amd64-xl                                          pass
 test-armhf-armhf-xl                                          pass
 test-amd64-i386-xl                                           pass
 test-amd64-amd64-xl-pvh-amd                                  fail
 test-amd64-i386-rhel6hvm-amd                                 pass
 test-amd64-i386-qemut-rhel6hvm-amd                           pass
 test-amd64-i386-qemuu-rhel6hvm-amd                           pass
 test-amd64-amd64-xl-qemut-debianhvm-amd64                    pass
 test-amd64-i386-xl-qemut-debianhvm-amd64                     pass
 test-amd64-amd64-xl-qemuu-debianhvm-amd64                    pass
 test-amd64-i386-xl-qemuu-debianhvm-amd64                     pass
 test-amd64-i386-freebsd10-amd64                              fail
 test-amd64-amd64-xl-qemuu-ovmf-amd64                         pass
 test-amd64-i386-xl-qemuu-ovmf-amd64                          pass
 test-amd64-amd64-rumpuserxen-amd64                           pass
 test-amd64-amd64-xl-qemut-win7-amd64                         fail
 test-amd64-i386-xl-qemut-win7-amd64                          fail
 test-amd64-amd64-xl-qemuu-win7-amd64                         fail
 test-amd64-i386-xl-qemuu-win7-amd64                          fail
 test-amd64-amd64-xl-win7-amd64                               fail
 test-amd64-i386-xl-win7-amd64                                fail
 test-amd64-i386-xl-credit2                                   pass
 test-amd64-i386-freebsd10-i386                               fail
 test-amd64-i386-rumpuserxen-i386                             pass
 test-amd64-amd64-xl-pcipt-intel                              fail
 test-amd64-amd64-xl-pvh-intel                                fail
 test-amd64-i386-rhel6hvm-intel                               pass
 test-amd64-i386-qemut-rhel6hvm-intel                         pass
 test-amd64-i386-qemuu-rhel6hvm-intel                         pass
 test-amd64-amd64-libvirt                                     fail
 test-armhf-armhf-libvirt                                     fail
 test-amd64-i386-libvirt                                      fail
 test-amd64-i386-xl-multivcpu                                 pass
 test-amd64-amd64-pair                                        pass
 test-amd64-i386-pair                                         fail
 test-amd64-amd64-xl-sedf-pin                                 pass
 test-amd64-amd64-xl-sedf                                     pass
 test-amd64-i386-xl-qemut-winxpsp3-vcpus1                     fail
 test-amd64-i386-xl-qemuu-winxpsp3-vcpus1                     fail
 test-amd64-i386-xl-winxpsp3-vcpus1                           fail
 test-amd64-amd64-xl-qemut-winxpsp3                           fail
 test-amd64-i386-xl-qemut-winxpsp3                            fail
 test-amd64-amd64-xl-qemuu-winxpsp3                           fail
 test-amd64-i386-xl-qemuu-winxpsp3                            fail
 test-amd64-amd64-xl-winxpsp3                                 fail
 test-amd64-i386-xl-winxpsp3                                  fail


------------------------------------------------------------
sg-report-flight on osstest.cam.xci-test.com
logs: /home/xc_osstest/logs
images: /home/xc_osstest/images

Logs, config files, etc. are available at
    http://www.chiark.greenend.org.uk/~xensrcts/logs

Test harness code can be found at
    http://xenbits.xensource.com/gitweb?p=osstest.git;a=summary


Pushing revision :

+ branch=linux-linus
+ revision=971780b701946be0d6e34b4abf6eec1ab05ec0c8
+ . cri-lock-repos
++ . cri-common
+++ . cri-getconfig
+++ umask 002
+++ getconfig Repos
+++ perl -e '
                use Osstest;
                readglobalconfig();
                print $c{"Repos"} or die $!;
        '
++ repos=/export/home/osstest/repos
++ repos_lock=/export/home/osstest/repos/lock
++ '[' x '!=' x/export/home/osstest/repos/lock ']'
++ OSSTEST_REPOS_LOCK_LOCKED=/export/home/osstest/repos/lock
++ exec with-lock-ex -w /export/home/osstest/repos/lock ./ap-push linux-linus 
971780b701946be0d6e34b4abf6eec1ab05ec0c8
+ branch=linux-linus
+ revision=971780b701946be0d6e34b4abf6eec1ab05ec0c8
+ . cri-lock-repos
++ . cri-common
+++ . cri-getconfig
+++ umask 002
+++ getconfig Repos
+++ perl -e '
                use Osstest;
                readglobalconfig();
                print $c{"Repos"} or die $!;
        '
++ repos=/export/home/osstest/repos
++ repos_lock=/export/home/osstest/repos/lock
++ '[' x/export/home/osstest/repos/lock '!=' x/export/home/osstest/repos/lock 
']'
+ . cri-common
++ . cri-getconfig
++ umask 002
+ select_xenbranch
+ case "$branch" in
+ tree=linux
+ xenbranch=xen-unstable
+ '[' xlinux = xlinux ']'
+ linuxbranch=linux-linus
+ '[' x = x ']'
+ qemuubranch=qemu-upstream-unstable
+ : tested/2.6.39.x
+ . ap-common
++ : osst...@xenbits.xensource.com
++ : git://xenbits.xen.org/xen.git
++ : osst...@xenbits.xensource.com:/home/xen/git/xen.git
++ : git://xenbits.xen.org/staging/qemu-xen-unstable.git
++ : git://git.kernel.org
++ : git://git.kernel.org/pub/scm/linux/kernel/git
++ : git
++ : git://xenbits.xen.org/libvirt.git
++ : osst...@xenbits.xensource.com:/home/xen/git/libvirt.git
++ : git://xenbits.xen.org/libvirt.git
++ : git://xenbits.xen.org/rumpuser-xen.git
++ : git
++ : git://xenbits.xen.org/rumpuser-xen.git
++ : osst...@xenbits.xensource.com:/home/xen/git/rumpuser-xen.git
+++ besteffort_repo https://github.com/rumpkernel/rumpkernel-netbsd-src
+++ local repo=https://github.com/rumpkernel/rumpkernel-netbsd-src
+++ cached_repo https://github.com/rumpkernel/rumpkernel-netbsd-src 
'[fetch=try]'
+++ local repo=https://github.com/rumpkernel/rumpkernel-netbsd-src
+++ local 'options=[fetch=try]'
++++ getconfig GitCacheProxy
++++ perl -e '
                use Osstest;
                readglobalconfig();
                print $c{"GitCacheProxy"} or die $!;
        '
+++ local cache=git://drall.uk.xensource.com:9419/
+++ '[' xgit://drall.uk.xensource.com:9419/ '!=' x ']'
+++ echo 
'git://drall.uk.xensource.com:9419/https://github.com/rumpkernel/rumpkernel-netbsd-src%20[fetch=try]'
++ : 
'git://drall.uk.xensource.com:9419/https://github.com/rumpkernel/rumpkernel-netbsd-src%20[fetch=try]'
++ : git
++ : git://git.seabios.org/seabios.git
++ : osst...@xenbits.xensource.com:/home/xen/git/osstest/seabios.git
++ : git://xenbits.xen.org/osstest/seabios.git
++ : git://xenbits.xen.org/osstest/linux-firmware.git
++ : osst...@xenbits.xensource.com:/home/osstest/ext/linux-firmware.git
++ : git://git.kernel.org/pub/scm/linux/kernel/git/firmware/linux-firmware.git
++ : osst...@xenbits.xensource.com:/home/xen/git/linux-pvops.git
++ : git://xenbits.xen.org/linux-pvops.git
++ : tested/linux-3.14
++ : tested/linux-arm-xen
++ '[' xgit://git.kernel.org/pub/scm/linux/kernel/git/torvalds/linux-2.6.git = 
x ']'
++ '[' xgit://git.kernel.org/pub/scm/linux/kernel/git/torvalds/linux-2.6.git = 
x ']'
++ : git://git.kernel.org/pub/scm/linux/kernel/git/konrad/xen.git
++ : tested/2.6.39.x
++ : daily-cron.linux-linus
++ : daily-cron.linux-linus
++ : daily-cron.linux-linus
++ : daily-cron.linux-linus
++ : daily-cron.linux-linus
++ : http://hg.uk.xensource.com/carbon/trunk/linux-2.6.27
++ : git://xenbits.xen.org/staging/qemu-upstream-unstable.git
++ : daily-cron.linux-linus
++ : git://git.qemu.org/qemu.git
++ : git://xenbits.xen.org/osstest/qemu.git
++ : osst...@xenbits.xensource.com:/home/xen/git/osstest/qemu.git
++ : daily-cron.linux-linus
+ TREE_LINUX=osst...@xenbits.xensource.com:/home/xen/git/linux-pvops.git
+ 
TREE_QEMU_MAINLINE=osst...@xenbits.xensource.com:/home/xen/git/osstest/qemu.git
+ 
TREE_QEMU_UPSTREAM=osst...@xenbits.xensource.com:/home/xen/git/qemu-upstream-unstable.git
+ TREE_XEN=osst...@xenbits.xensource.com:/home/xen/git/xen.git
+ TREE_LIBVIRT=osst...@xenbits.xensource.com:/home/xen/git/libvirt.git
+ TREE_RUMPUSERXEN=osst...@xenbits.xensource.com:/home/xen/git/rumpuser-xen.git
+ TREE_SEABIOS=osst...@xenbits.xensource.com:/home/xen/git/osstest/seabios.git
+ info_linux_tree linux-linus
+ case $1 in
+ : git://git.kernel.org/pub/scm/linux/kernel/git/torvalds/linux-2.6.git
+ : master
+ : git
+ : git
+ : git://xenbits.xen.org/linux-pvops.git
+ : osst...@xenbits.xensource.com:/home/xen/git/linux-pvops.git
+ : tested/linux-linus
+ : tested/linux-linus
+ return 0
+ cd /export/home/osstest/repos/linux
+ git push osst...@xenbits.xensource.com:/home/xen/git/linux-pvops.git 
971780b701946be0d6e34b4abf6eec1ab05ec0c8:tested/linux-linus
To osst...@xenbits.xensource.com:/home/xen/git/linux-pvops.git
   9bb29b6..971780b  971780b701946be0d6e34b4abf6eec1ab05ec0c8 -> 
tested/linux-linus
+ exit 0

_______________________________________________
Xen-devel mailing list
Xen-devel@lists.xen.org
http://lists.xen.org/xen-devel

Reply via email to