flight 33382 libvirt real [real]
http://www.chiark.greenend.org.uk/~xensrcts/logs/33382/

Regressions :-(

Tests which did not succeed and are blocking,
including tests which could not be run:
 build-armhf-libvirt           5 libvirt-build             fail REGR. vs. 32648
 build-i386-libvirt            5 libvirt-build             fail REGR. vs. 32648

Tests which did not succeed, but are not blocking:
 test-armhf-armhf-libvirt      1 build-check(1)               blocked  n/a
 test-amd64-i386-libvirt       1 build-check(1)               blocked  n/a
 test-amd64-amd64-libvirt      9 guest-start                  fail   never pass

version targeted for testing:
 libvirt              97fac17c77d9bdfacafff1c5c39b2df3c1530614
baseline version:
 libvirt              2360fe5d24175835d3f5fd1c7e8e6e13addab629

------------------------------------------------------------
People who touched revisions under test:
  Alexander Burluka <aburl...@parallels.com>
  Cedric Bosdonnat <cbosdon...@suse.com>
  Chunyan Liu <cy...@suse.com>
  Cédric Bosdonnat <cbosdon...@suse.com>
  Daniel P. Berrange <berra...@redhat.com>
  Eric Blake <ebl...@redhat.com>
  Geoff Hickey <ghic...@datagravity.com>
  Jim Fehlig <jfeh...@suse.com>
  Jiri Denemark <jdene...@redhat.com>
  John Ferlan <jfer...@redhat.com>
  Ján Tomko <jto...@redhat.com>
  Kiarie Kahurani <davidkiar...@gmail.com>
  Luyao Huang <lhu...@redhat.com>
  Michal Privoznik <mpriv...@redhat.com>
  Nehal J Wani <nehaljw.k...@gmail.com>
  Pavel Hrdina <phrd...@redhat.com>
  Peter Krempa <pkre...@redhat.com>
  Stefan Berger <stef...@linux.vnet.ibm.com>
------------------------------------------------------------

jobs:
 build-amd64                                                  pass
 build-armhf                                                  pass
 build-i386                                                   pass
 build-amd64-libvirt                                          pass
 build-armhf-libvirt                                          fail
 build-i386-libvirt                                           fail
 build-amd64-pvops                                            pass
 build-armhf-pvops                                            pass
 build-i386-pvops                                             pass
 test-amd64-amd64-libvirt                                     fail
 test-armhf-armhf-libvirt                                     blocked
 test-amd64-i386-libvirt                                      blocked


------------------------------------------------------------
sg-report-flight on osstest.cam.xci-test.com
logs: /home/xc_osstest/logs
images: /home/xc_osstest/images

Logs, config files, etc. are available at
    http://www.chiark.greenend.org.uk/~xensrcts/logs

Test harness code can be found at
    http://xenbits.xensource.com/gitweb?p=osstest.git;a=summary


Not pushing.

(No revision log; it would be 680 lines long.)

_______________________________________________
Xen-devel mailing list
Xen-devel@lists.xen.org
http://lists.xen.org/xen-devel

Reply via email to