flight 33341 linux-3.14 real [real]
http://www.chiark.greenend.org.uk/~xensrcts/logs/33341/

Failures :-/ but no regressions.

Regressions which are regarded as allowable (not blocking):
 test-amd64-i386-pair        17 guest-migrate/src_host/dst_host fail like 32448

Tests which did not succeed, but are not blocking:
 test-amd64-amd64-xl-pvh-intel  9 guest-start                  fail  never pass
 test-armhf-armhf-libvirt      9 guest-start                  fail   never pass
 test-amd64-i386-libvirt       9 guest-start                  fail   never pass
 test-amd64-amd64-xl-pvh-amd   9 guest-start                  fail   never pass
 test-armhf-armhf-xl          10 migrate-support-check        fail   never pass
 test-amd64-amd64-xl-pcipt-intel  9 guest-start                 fail never pass
 test-amd64-amd64-libvirt      9 guest-start                  fail   never pass
 test-amd64-i386-xl-win7-amd64 14 guest-stop                   fail  never pass
 test-amd64-i386-xl-qemut-winxpsp3 14 guest-stop                fail never pass
 test-amd64-amd64-xl-qemut-winxpsp3 14 guest-stop               fail never pass
 test-amd64-i386-xl-qemuu-win7-amd64 14 guest-stop              fail never pass
 test-amd64-i386-xl-qemut-winxpsp3-vcpus1 14 guest-stop         fail never pass
 test-amd64-i386-xl-qemut-win7-amd64 14 guest-stop              fail never pass
 test-amd64-i386-xl-winxpsp3  14 guest-stop                   fail   never pass
 test-amd64-amd64-xl-win7-amd64 14 guest-stop                   fail never pass
 test-amd64-amd64-xl-qemut-win7-amd64 14 guest-stop             fail never pass
 test-amd64-amd64-xl-qemuu-win7-amd64 14 guest-stop             fail never pass
 test-amd64-i386-xl-qemuu-winxpsp3-vcpus1 14 guest-stop         fail never pass
 test-amd64-i386-xl-winxpsp3-vcpus1 14 guest-stop               fail never pass
 test-amd64-amd64-xl-winxpsp3 14 guest-stop                   fail   never pass
 test-amd64-amd64-xl-qemuu-winxpsp3 14 guest-stop               fail never pass
 test-amd64-i386-xl-qemuu-winxpsp3 14 guest-stop                fail never pass

version targeted for testing:
 linux                c3b70f0bbb6a883f4afa639286043d3f71fbbddf
baseline version:
 linux                83a926f7a4e39fb6be0576024e67fe161593defa

------------------------------------------------------------
People who touched revisions under test:
  "Eric W. Biederman" <ebied...@xmission.com>
  Andreas Müller <g...@stapelspeicher.org>
  Andrew Lunn <and...@lunn.ch>
  Andrew Morton <a...@linux-foundation.org>
  Andy Lutomirski <l...@amacapital.net>
  Baruch Siach <bar...@tkos.co.il>
  Catalin Marinas <catalin.mari...@arm.com>
  Cedric Bosdonnat <cbosdon...@suse.com>
  Chris Mason <c...@fb.com>
  Christoph Hellwig <h...@lst.de>
  Dan Carpenter <dan.carpen...@oracle.com>
  Darrick J. Wong <darrick.w...@oracle.com>
  Dmitry Eremin-Solenikov <dbarysh...@gmail.com>
  Dmitry Osipenko <dig...@gmail.com>
  Eric W. Biederman <ebied...@xmission.com>
  Filipe Manana <fdman...@suse.com>
  Greg Kroah-Hartman <gre...@linuxfoundation.org>
  H. Peter Anvin <h...@zytor.com>
  Hannes Reinecke <h...@suse.de>
  Herbert Xu <herb...@gondor.apana.org.au>
  Ingo Molnar <mi...@kernel.org>
  Jaehoon Chung <jh80.ch...@samsung.com>
  James Hogan <james.ho...@imgtec.com>
  Jan Kara <j...@suse.cz>
  Jason Cooper <ja...@lakedaemon.net>
  Joe Thornber <e...@redhat.com>
  Johannes Berg <johannes.b...@intel.com>
  Josef Bacik <jba...@fb.com>
  Kashyap Desai <kashyap.de...@avagotech.com>
  Lee Jones <lee.jo...@linaro.org>
  Linus Torvalds <torva...@linux-foundation.org>
  Luis Henriques <luis.henriq...@canonical.com>
  Michael Halcrow <mhalc...@google.com>
  Mike Snitzer <snit...@redhat.com>
  Mikulas Patocka <mpato...@redhat.com>
  Milan Broz <gmazyl...@gmail.com>
  Mimi Zohar <zo...@linux.vnet.ibm.com>
  NeilBrown <ne...@suse.de>
  Oleg Nesterov <o...@redhat.com>
  Paolo Bonzini <pbonz...@redhat.com>
  Paul Moore <pmo...@redhat.com>
  Peng Tao <tao.p...@primarydata.com>
  Peter Guo <peter....@bayhubtech.com>
  Rabin Vincent <rabin.vinc...@axis.com>
  Richard Guy Briggs <r...@redhat.com>
  Richard Weinberger <rich...@nod.at>
  Sumit Saxena <sumit.sax...@avagotech.com>
  sumit.sax...@avagotech.com <sumit.sax...@avagotech.com>
  Takashi Iwai <ti...@suse.de>
  Thierry Reding <tred...@nvidia.com>
  Thomas Gleixner <t...@linutronix.de>
  Trond Myklebust <trond.mykleb...@primarydata.com>
  Tyler Hicks <tyhi...@canonical.com>
  Ulf Hansson <ulf.hans...@linaro.org>
  Uwe Kleine-König <u.kleine-koe...@pengutronix.de>
  Will Deacon <will.dea...@arm.com>
  Zhang Rui <rui.zh...@intel.com>
------------------------------------------------------------

jobs:
 build-amd64                                                  pass
 build-armhf                                                  pass
 build-i386                                                   pass
 build-amd64-libvirt                                          pass
 build-armhf-libvirt                                          pass
 build-i386-libvirt                                           pass
 build-amd64-pvops                                            pass
 build-armhf-pvops                                            pass
 build-i386-pvops                                             pass
 build-amd64-rumpuserxen                                      pass
 build-i386-rumpuserxen                                       pass
 test-amd64-amd64-xl                                          pass
 test-armhf-armhf-xl                                          pass
 test-amd64-i386-xl                                           pass
 test-amd64-amd64-xl-pvh-amd                                  fail
 test-amd64-i386-rhel6hvm-amd                                 pass
 test-amd64-i386-qemut-rhel6hvm-amd                           pass
 test-amd64-i386-qemuu-rhel6hvm-amd                           pass
 test-amd64-amd64-xl-qemut-debianhvm-amd64                    pass
 test-amd64-i386-xl-qemut-debianhvm-amd64                     pass
 test-amd64-amd64-xl-qemuu-debianhvm-amd64                    pass
 test-amd64-i386-xl-qemuu-debianhvm-amd64                     pass
 test-amd64-i386-freebsd10-amd64                              pass
 test-amd64-amd64-xl-qemuu-ovmf-amd64                         pass
 test-amd64-i386-xl-qemuu-ovmf-amd64                          pass
 test-amd64-amd64-rumpuserxen-amd64                           pass
 test-amd64-amd64-xl-qemut-win7-amd64                         fail
 test-amd64-i386-xl-qemut-win7-amd64                          fail
 test-amd64-amd64-xl-qemuu-win7-amd64                         fail
 test-amd64-i386-xl-qemuu-win7-amd64                          fail
 test-amd64-amd64-xl-win7-amd64                               fail
 test-amd64-i386-xl-win7-amd64                                fail
 test-amd64-i386-xl-credit2                                   pass
 test-amd64-i386-freebsd10-i386                               pass
 test-amd64-i386-rumpuserxen-i386                             pass
 test-amd64-amd64-xl-pcipt-intel                              fail
 test-amd64-amd64-xl-pvh-intel                                fail
 test-amd64-i386-rhel6hvm-intel                               pass
 test-amd64-i386-qemut-rhel6hvm-intel                         pass
 test-amd64-i386-qemuu-rhel6hvm-intel                         pass
 test-amd64-amd64-libvirt                                     fail
 test-armhf-armhf-libvirt                                     fail
 test-amd64-i386-libvirt                                      fail
 test-amd64-i386-xl-multivcpu                                 pass
 test-amd64-amd64-pair                                        pass
 test-amd64-i386-pair                                         fail
 test-amd64-amd64-xl-sedf-pin                                 pass
 test-amd64-amd64-xl-sedf                                     pass
 test-amd64-i386-xl-qemut-winxpsp3-vcpus1                     fail
 test-amd64-i386-xl-qemuu-winxpsp3-vcpus1                     fail
 test-amd64-i386-xl-winxpsp3-vcpus1                           fail
 test-amd64-amd64-xl-qemut-winxpsp3                           fail
 test-amd64-i386-xl-qemut-winxpsp3                            fail
 test-amd64-amd64-xl-qemuu-winxpsp3                           fail
 test-amd64-i386-xl-qemuu-winxpsp3                            fail
 test-amd64-amd64-xl-winxpsp3                                 fail
 test-amd64-i386-xl-winxpsp3                                  fail


------------------------------------------------------------
sg-report-flight on osstest.cam.xci-test.com
logs: /home/xc_osstest/logs
images: /home/xc_osstest/images

Logs, config files, etc. are available at
    http://www.chiark.greenend.org.uk/~xensrcts/logs

Test harness code can be found at
    http://xenbits.xensource.com/gitweb?p=osstest.git;a=summary


Pushing revision :

+ branch=linux-3.14
+ revision=c3b70f0bbb6a883f4afa639286043d3f71fbbddf
+ . cri-lock-repos
++ . cri-common
+++ . cri-getconfig
+++ umask 002
+++ getconfig Repos
+++ perl -e '
                use Osstest;
                readglobalconfig();
                print $c{"Repos"} or die $!;
        '
++ repos=/export/home/osstest/repos
++ repos_lock=/export/home/osstest/repos/lock
++ '[' x '!=' x/export/home/osstest/repos/lock ']'
++ OSSTEST_REPOS_LOCK_LOCKED=/export/home/osstest/repos/lock
++ exec with-lock-ex -w /export/home/osstest/repos/lock ./ap-push linux-3.14 
c3b70f0bbb6a883f4afa639286043d3f71fbbddf
+ branch=linux-3.14
+ revision=c3b70f0bbb6a883f4afa639286043d3f71fbbddf
+ . cri-lock-repos
++ . cri-common
+++ . cri-getconfig
+++ umask 002
+++ getconfig Repos
+++ perl -e '
                use Osstest;
                readglobalconfig();
                print $c{"Repos"} or die $!;
        '
++ repos=/export/home/osstest/repos
++ repos_lock=/export/home/osstest/repos/lock
++ '[' x/export/home/osstest/repos/lock '!=' x/export/home/osstest/repos/lock 
']'
+ . cri-common
++ . cri-getconfig
++ umask 002
+ select_xenbranch
+ case "$branch" in
+ tree=linux
+ xenbranch=xen-unstable
+ '[' xlinux = xlinux ']'
+ linuxbranch=linux-3.14
+ '[' x = x ']'
+ qemuubranch=qemu-upstream-unstable
+ : tested/2.6.39.x
+ . ap-common
++ : osst...@xenbits.xensource.com
++ : git://xenbits.xen.org/xen.git
++ : osst...@xenbits.xensource.com:/home/xen/git/xen.git
++ : git://xenbits.xen.org/staging/qemu-xen-unstable.git
++ : git://git.kernel.org
++ : git://git.kernel.org/pub/scm/linux/kernel/git
++ : git
++ : git://xenbits.xen.org/libvirt.git
++ : osst...@xenbits.xensource.com:/home/xen/git/libvirt.git
++ : git://xenbits.xen.org/libvirt.git
++ : git://xenbits.xen.org/rumpuser-xen.git
++ : git
++ : git://xenbits.xen.org/rumpuser-xen.git
++ : osst...@xenbits.xensource.com:/home/xen/git/rumpuser-xen.git
+++ besteffort_repo https://github.com/rumpkernel/rumpkernel-netbsd-src
+++ local repo=https://github.com/rumpkernel/rumpkernel-netbsd-src
+++ cached_repo https://github.com/rumpkernel/rumpkernel-netbsd-src 
'[fetch=try]'
+++ local repo=https://github.com/rumpkernel/rumpkernel-netbsd-src
+++ local 'options=[fetch=try]'
++++ getconfig GitCacheProxy
++++ perl -e '
                use Osstest;
                readglobalconfig();
                print $c{"GitCacheProxy"} or die $!;
        '
+++ local cache=git://drall.uk.xensource.com:9419/
+++ '[' xgit://drall.uk.xensource.com:9419/ '!=' x ']'
+++ echo 
'git://drall.uk.xensource.com:9419/https://github.com/rumpkernel/rumpkernel-netbsd-src%20[fetch=try]'
++ : 
'git://drall.uk.xensource.com:9419/https://github.com/rumpkernel/rumpkernel-netbsd-src%20[fetch=try]'
++ : git
++ : git://git.seabios.org/seabios.git
++ : osst...@xenbits.xensource.com:/home/xen/git/osstest/seabios.git
++ : git://xenbits.xen.org/osstest/seabios.git
++ : git://xenbits.xen.org/osstest/linux-firmware.git
++ : osst...@xenbits.xensource.com:/home/osstest/ext/linux-firmware.git
++ : git://git.kernel.org/pub/scm/linux/kernel/git/firmware/linux-firmware.git
++ : osst...@xenbits.xensource.com:/home/xen/git/linux-pvops.git
++ : git://xenbits.xen.org/linux-pvops.git
++ : tested/linux-3.14
++ : tested/linux-arm-xen
++ '[' xgit://git.kernel.org/pub/scm/linux/kernel/git/stable/linux-stable.git = 
x ']'
++ '[' xgit://git.kernel.org/pub/scm/linux/kernel/git/stable/linux-stable.git = 
x ']'
++ : git://git.kernel.org/pub/scm/linux/kernel/git/konrad/xen.git
++ : tested/2.6.39.x
++ : daily-cron.linux-3.14
++ : daily-cron.linux-3.14
++ : daily-cron.linux-3.14
++ : daily-cron.linux-3.14
++ : daily-cron.linux-3.14
++ : http://hg.uk.xensource.com/carbon/trunk/linux-2.6.27
++ : git://xenbits.xen.org/staging/qemu-upstream-unstable.git
++ : daily-cron.linux-3.14
++ : git://git.qemu.org/qemu.git
++ : git://xenbits.xen.org/osstest/qemu.git
++ : osst...@xenbits.xensource.com:/home/xen/git/osstest/qemu.git
++ : daily-cron.linux-3.14
+ TREE_LINUX=osst...@xenbits.xensource.com:/home/xen/git/linux-pvops.git
+ 
TREE_QEMU_MAINLINE=osst...@xenbits.xensource.com:/home/xen/git/osstest/qemu.git
+ 
TREE_QEMU_UPSTREAM=osst...@xenbits.xensource.com:/home/xen/git/qemu-upstream-unstable.git
+ TREE_XEN=osst...@xenbits.xensource.com:/home/xen/git/xen.git
+ TREE_LIBVIRT=osst...@xenbits.xensource.com:/home/xen/git/libvirt.git
+ TREE_RUMPUSERXEN=osst...@xenbits.xensource.com:/home/xen/git/rumpuser-xen.git
+ TREE_SEABIOS=osst...@xenbits.xensource.com:/home/xen/git/osstest/seabios.git
+ info_linux_tree linux-3.14
+ case $1 in
+ : git://git.kernel.org/pub/scm/linux/kernel/git/stable/linux-stable.git
+ : linux-3.14.y
+ : linux-3.14.y
+ : git
+ : git
+ : git://xenbits.xen.org/linux-pvops.git
+ : osst...@xenbits.xensource.com:/home/xen/git/linux-pvops.git
+ : tested/linux-3.14
+ : tested/linux-3.14
+ return 0
+ cd /export/home/osstest/repos/linux
+ git push osst...@xenbits.xensource.com:/home/xen/git/linux-pvops.git 
c3b70f0bbb6a883f4afa639286043d3f71fbbddf:tested/linux-3.14
To osst...@xenbits.xensource.com:/home/xen/git/linux-pvops.git
   83a926f..c3b70f0  c3b70f0bbb6a883f4afa639286043d3f71fbbddf -> 
tested/linux-3.14
+ exit 0

_______________________________________________
Xen-devel mailing list
Xen-devel@lists.xen.org
http://lists.xen.org/xen-devel

Reply via email to