flight 33328 qemu-mainline real [real] http://www.chiark.greenend.org.uk/~xensrcts/logs/33328/
Failures and problems with tests :-( Tests which did not succeed and are blocking, including tests which could not be run: test-amd64-i386-xl-winxpsp3 3 host-install(3) broken REGR. vs. 32598 test-amd64-amd64-xl-qemuu-ovmf-amd64 3 host-install(3) broken REGR. vs. 32598 test-amd64-i386-rhel6hvm-amd 3 host-install(3) broken REGR. vs. 32598 Regressions which are regarded as allowable (not blocking): test-amd64-amd64-xl-pcipt-intel 3 host-install(3) broken REGR. vs. 32598 test-amd64-i386-pair 17 guest-migrate/src_host/dst_host fail like 32598 Tests which did not succeed, but are not blocking: test-amd64-amd64-xl-pvh-intel 9 guest-start fail never pass test-amd64-i386-libvirt 9 guest-start fail never pass test-amd64-amd64-libvirt 9 guest-start fail never pass test-armhf-armhf-xl 10 migrate-support-check fail never pass test-armhf-armhf-libvirt 9 guest-start fail never pass test-amd64-amd64-xl-pvh-amd 9 guest-start fail never pass test-amd64-amd64-xl-win7-amd64 14 guest-stop fail never pass test-amd64-i386-xl-qemut-win7-amd64 14 guest-stop fail never pass test-amd64-i386-xl-win7-amd64 14 guest-stop fail never pass test-amd64-i386-xl-qemuu-winxpsp3-vcpus1 14 guest-stop fail never pass test-amd64-amd64-xl-winxpsp3 14 guest-stop fail never pass test-amd64-i386-xl-qemut-winxpsp3-vcpus1 14 guest-stop fail never pass test-amd64-amd64-xl-qemut-winxpsp3 14 guest-stop fail never pass test-amd64-i386-xl-qemuu-win7-amd64 14 guest-stop fail never pass test-amd64-amd64-xl-qemuu-win7-amd64 14 guest-stop fail never pass test-amd64-amd64-xl-qemut-win7-amd64 14 guest-stop fail never pass test-amd64-amd64-xl-qemuu-winxpsp3 14 guest-stop fail never pass test-amd64-i386-xl-qemut-winxpsp3 14 guest-stop fail never pass test-amd64-i386-xl-winxpsp3-vcpus1 14 guest-stop fail never pass test-amd64-i386-xl-qemuu-winxpsp3 14 guest-stop fail never pass version targeted for testing: qemuu f1c5831ca3e3eafb89331233221768b64db113e8 baseline version: qemuu 7e58e2ac7778cca3234c33387e49577bb7732714 ------------------------------------------------------------ People who touched revisions under test: Alex Williamson <alex.william...@redhat.com> Amit Shah <amit.s...@redhat.com> David Gibson <da...@gibson.dropbear.id.au> Eric Auger <eric.au...@linaro.org> Fabian Aggeler <aggel...@ethz.ch> Frank Blaschka <blasc...@linux.vnet.ibm.com> Greg Bellows <greg.bell...@linaro.org> Jiri Pirko <j...@resnulli.us> Kim Phillips <kim.phill...@linaro.org> Laszlo Ersek <ler...@redhat.com> Marcel Apfelbaum <marce...@redhat.com> Marcel Apfelbaum <mar...@redhat.com> Michael Walle <mich...@walle.cc> Paolo Bonzini <pbonz...@redhat.com> Pavel Dovgalyuk <pavel.dovga...@ispras.ru> Peter Maydell <peter.mayd...@linaro.org> Peter Wu <pe...@lekensteyn.nl> Scott Feldman <sfel...@gmail.com> ------------------------------------------------------------ jobs: build-amd64 pass build-armhf pass build-i386 pass build-amd64-libvirt pass build-armhf-libvirt pass build-i386-libvirt pass build-amd64-pvops pass build-armhf-pvops pass build-i386-pvops pass test-amd64-amd64-xl pass test-armhf-armhf-xl pass test-amd64-i386-xl pass test-amd64-amd64-xl-pvh-amd fail test-amd64-i386-rhel6hvm-amd broken test-amd64-i386-qemut-rhel6hvm-amd pass test-amd64-i386-qemuu-rhel6hvm-amd pass test-amd64-amd64-xl-qemut-debianhvm-amd64 pass test-amd64-i386-xl-qemut-debianhvm-amd64 pass test-amd64-amd64-xl-qemuu-debianhvm-amd64 pass test-amd64-i386-xl-qemuu-debianhvm-amd64 pass test-amd64-i386-freebsd10-amd64 pass test-amd64-amd64-xl-qemuu-ovmf-amd64 broken test-amd64-i386-xl-qemuu-ovmf-amd64 pass test-amd64-amd64-xl-qemut-win7-amd64 fail test-amd64-i386-xl-qemut-win7-amd64 fail test-amd64-amd64-xl-qemuu-win7-amd64 fail test-amd64-i386-xl-qemuu-win7-amd64 fail test-amd64-amd64-xl-win7-amd64 fail test-amd64-i386-xl-win7-amd64 fail test-amd64-i386-xl-credit2 pass test-amd64-i386-freebsd10-i386 pass test-amd64-amd64-xl-pcipt-intel broken test-amd64-amd64-xl-pvh-intel fail test-amd64-i386-rhel6hvm-intel pass test-amd64-i386-qemut-rhel6hvm-intel pass test-amd64-i386-qemuu-rhel6hvm-intel pass test-amd64-amd64-libvirt fail test-armhf-armhf-libvirt fail test-amd64-i386-libvirt fail test-amd64-i386-xl-multivcpu pass test-amd64-amd64-pair pass test-amd64-i386-pair fail test-amd64-amd64-xl-sedf-pin pass test-amd64-amd64-xl-sedf pass test-amd64-i386-xl-qemut-winxpsp3-vcpus1 fail test-amd64-i386-xl-qemuu-winxpsp3-vcpus1 fail test-amd64-i386-xl-winxpsp3-vcpus1 fail test-amd64-amd64-xl-qemut-winxpsp3 fail test-amd64-i386-xl-qemut-winxpsp3 fail test-amd64-amd64-xl-qemuu-winxpsp3 fail test-amd64-i386-xl-qemuu-winxpsp3 fail test-amd64-amd64-xl-winxpsp3 fail test-amd64-i386-xl-winxpsp3 broken ------------------------------------------------------------ sg-report-flight on osstest.cam.xci-test.com logs: /home/xc_osstest/logs images: /home/xc_osstest/images Logs, config files, etc. are available at http://www.chiark.greenend.org.uk/~xensrcts/logs Test harness code can be found at http://xenbits.xensource.com/gitweb?p=osstest.git;a=summary broken-step test-amd64-i386-xl-winxpsp3 host-install(3) broken-step test-amd64-amd64-xl-qemuu-ovmf-amd64 host-install(3) broken-step test-amd64-i386-rhel6hvm-amd host-install(3) broken-step test-amd64-amd64-xl-pcipt-intel host-install(3) Not pushing. (No revision log; it would be 1294 lines long.) _______________________________________________ Xen-devel mailing list Xen-devel@lists.xen.org http://lists.xen.org/xen-devel