flight 33296 linux-3.14 real [real]
http://www.chiark.greenend.org.uk/~xensrcts/logs/33296/

Regressions :-(

Tests which did not succeed and are blocking,
including tests which could not be run:
 test-amd64-i386-xl-qemuu-winxpsp3-vcpus1 3 host-install(3) broken REGR. vs. 
32448
 test-amd64-i386-xl-multivcpu  3 host-install(3)         broken REGR. vs. 32448
 test-amd64-i386-xl-credit2    3 host-install(3)         broken REGR. vs. 32448
 test-amd64-i386-xl-qemuu-ovmf-amd64  3 host-install(3)  broken REGR. vs. 32448
 test-amd64-i386-xl-qemuu-debianhvm-amd64 3 host-install(3) broken REGR. vs. 
32448
 test-amd64-i386-xl-winxpsp3   3 host-install(3)         broken REGR. vs. 32448
 test-amd64-i386-xl            3 host-install(3)         broken REGR. vs. 32448
 test-amd64-amd64-xl-pvh-amd   3 host-install(3)         broken REGR. vs. 32448
 test-amd64-i386-rumpuserxen-i386  3 host-install(3)     broken REGR. vs. 32448
 test-amd64-i386-libvirt       3 host-install(3)         broken REGR. vs. 32448
 test-amd64-amd64-xl-qemuu-win7-amd64  3 host-install(3) broken REGR. vs. 32448
 test-amd64-amd64-xl-winxpsp3  3 host-install(3)         broken REGR. vs. 32448
 test-amd64-amd64-xl-qemut-winxpsp3  3 host-install(3)   broken REGR. vs. 32448
 test-amd64-i386-rhel6hvm-amd  3 host-install(3)         broken REGR. vs. 32448
 test-amd64-amd64-pair        3 host-install/src_host(3) broken REGR. vs. 32448
 test-amd64-amd64-pair        4 host-install/dst_host(4) broken REGR. vs. 32448
 test-amd64-i386-rhel6hvm-intel  5 xen-boot                fail REGR. vs. 32448
 test-amd64-amd64-xl-qemut-debianhvm-amd64 7 debian-hvm-install fail REGR. vs. 
32448
 test-amd64-amd64-xl-qemuu-debianhvm-amd64 7 debian-hvm-install fail REGR. vs. 
32448

Regressions which are regarded as allowable (not blocking):
 test-amd64-amd64-xl-sedf      3 host-install(3)         broken REGR. vs. 32448
 test-amd64-i386-pair        17 guest-migrate/src_host/dst_host fail like 32448

Tests which did not succeed, but are not blocking:
 test-armhf-armhf-libvirt      9 guest-start                  fail   never pass
 test-armhf-armhf-xl          10 migrate-support-check        fail   never pass
 test-amd64-amd64-xl-pvh-intel  9 guest-start                  fail  never pass
 test-amd64-amd64-xl-pcipt-intel  9 guest-start                 fail never pass
 test-amd64-amd64-libvirt      9 guest-start                  fail   never pass
 test-amd64-i386-xl-win7-amd64 14 guest-stop                   fail  never pass
 test-amd64-i386-xl-qemut-winxpsp3 14 guest-stop                fail never pass
 test-amd64-i386-xl-qemuu-win7-amd64 14 guest-stop              fail never pass
 test-amd64-i386-xl-qemut-winxpsp3-vcpus1 14 guest-stop         fail never pass
 test-amd64-i386-xl-qemut-win7-amd64 14 guest-stop              fail never pass
 test-amd64-amd64-xl-win7-amd64 14 guest-stop                   fail never pass
 test-amd64-amd64-xl-qemut-win7-amd64 14 guest-stop             fail never pass
 test-amd64-i386-xl-winxpsp3-vcpus1 14 guest-stop               fail never pass
 test-amd64-amd64-xl-qemuu-winxpsp3 14 guest-stop               fail never pass
 test-amd64-i386-xl-qemuu-winxpsp3 14 guest-stop                fail never pass

version targeted for testing:
 linux                c3b70f0bbb6a883f4afa639286043d3f71fbbddf
baseline version:
 linux                83a926f7a4e39fb6be0576024e67fe161593defa

------------------------------------------------------------
People who touched revisions under test:
  "Eric W. Biederman" <ebied...@xmission.com>
  Andreas Müller <g...@stapelspeicher.org>
  Andrew Lunn <and...@lunn.ch>
  Andrew Morton <a...@linux-foundation.org>
  Andy Lutomirski <l...@amacapital.net>
  Baruch Siach <bar...@tkos.co.il>
  Catalin Marinas <catalin.mari...@arm.com>
  Cedric Bosdonnat <cbosdon...@suse.com>
  Chris Mason <c...@fb.com>
  Christoph Hellwig <h...@lst.de>
  Dan Carpenter <dan.carpen...@oracle.com>
  Darrick J. Wong <darrick.w...@oracle.com>
  Dmitry Eremin-Solenikov <dbarysh...@gmail.com>
  Dmitry Osipenko <dig...@gmail.com>
  Eric W. Biederman <ebied...@xmission.com>
  Filipe Manana <fdman...@suse.com>
  Greg Kroah-Hartman <gre...@linuxfoundation.org>
  H. Peter Anvin <h...@zytor.com>
  Hannes Reinecke <h...@suse.de>
  Herbert Xu <herb...@gondor.apana.org.au>
  Ingo Molnar <mi...@kernel.org>
  Jaehoon Chung <jh80.ch...@samsung.com>
  James Hogan <james.ho...@imgtec.com>
  Jan Kara <j...@suse.cz>
  Jason Cooper <ja...@lakedaemon.net>
  Joe Thornber <e...@redhat.com>
  Johannes Berg <johannes.b...@intel.com>
  Josef Bacik <jba...@fb.com>
  Kashyap Desai <kashyap.de...@avagotech.com>
  Lee Jones <lee.jo...@linaro.org>
  Linus Torvalds <torva...@linux-foundation.org>
  Luis Henriques <luis.henriq...@canonical.com>
  Michael Halcrow <mhalc...@google.com>
  Mike Snitzer <snit...@redhat.com>
  Mikulas Patocka <mpato...@redhat.com>
  Milan Broz <gmazyl...@gmail.com>
  Mimi Zohar <zo...@linux.vnet.ibm.com>
  NeilBrown <ne...@suse.de>
  Oleg Nesterov <o...@redhat.com>
  Paolo Bonzini <pbonz...@redhat.com>
  Paul Moore <pmo...@redhat.com>
  Peng Tao <tao.p...@primarydata.com>
  Peter Guo <peter....@bayhubtech.com>
  Rabin Vincent <rabin.vinc...@axis.com>
  Richard Guy Briggs <r...@redhat.com>
  Richard Weinberger <rich...@nod.at>
  Sumit Saxena <sumit.sax...@avagotech.com>
  sumit.sax...@avagotech.com <sumit.sax...@avagotech.com>
  Takashi Iwai <ti...@suse.de>
  Thierry Reding <tred...@nvidia.com>
  Thomas Gleixner <t...@linutronix.de>
  Trond Myklebust <trond.mykleb...@primarydata.com>
  Tyler Hicks <tyhi...@canonical.com>
  Ulf Hansson <ulf.hans...@linaro.org>
  Uwe Kleine-König <u.kleine-koe...@pengutronix.de>
  Will Deacon <will.dea...@arm.com>
  Zhang Rui <rui.zh...@intel.com>
------------------------------------------------------------

jobs:
 build-amd64                                                  pass
 build-armhf                                                  pass
 build-i386                                                   pass
 build-amd64-libvirt                                          pass
 build-armhf-libvirt                                          pass
 build-i386-libvirt                                           pass
 build-amd64-pvops                                            pass
 build-armhf-pvops                                            pass
 build-i386-pvops                                             pass
 build-amd64-rumpuserxen                                      pass
 build-i386-rumpuserxen                                       pass
 test-amd64-amd64-xl                                          pass
 test-armhf-armhf-xl                                          pass
 test-amd64-i386-xl                                           broken
 test-amd64-amd64-xl-pvh-amd                                  broken
 test-amd64-i386-rhel6hvm-amd                                 broken
 test-amd64-i386-qemut-rhel6hvm-amd                           pass
 test-amd64-i386-qemuu-rhel6hvm-amd                           pass
 test-amd64-amd64-xl-qemut-debianhvm-amd64                    fail
 test-amd64-i386-xl-qemut-debianhvm-amd64                     pass
 test-amd64-amd64-xl-qemuu-debianhvm-amd64                    fail
 test-amd64-i386-xl-qemuu-debianhvm-amd64                     broken
 test-amd64-i386-freebsd10-amd64                              pass
 test-amd64-amd64-xl-qemuu-ovmf-amd64                         pass
 test-amd64-i386-xl-qemuu-ovmf-amd64                          broken
 test-amd64-amd64-rumpuserxen-amd64                           pass
 test-amd64-amd64-xl-qemut-win7-amd64                         fail
 test-amd64-i386-xl-qemut-win7-amd64                          fail
 test-amd64-amd64-xl-qemuu-win7-amd64                         broken
 test-amd64-i386-xl-qemuu-win7-amd64                          fail
 test-amd64-amd64-xl-win7-amd64                               fail
 test-amd64-i386-xl-win7-amd64                                fail
 test-amd64-i386-xl-credit2                                   broken
 test-amd64-i386-freebsd10-i386                               pass
 test-amd64-i386-rumpuserxen-i386                             broken
 test-amd64-amd64-xl-pcipt-intel                              fail
 test-amd64-amd64-xl-pvh-intel                                fail
 test-amd64-i386-rhel6hvm-intel                               fail
 test-amd64-i386-qemut-rhel6hvm-intel                         pass
 test-amd64-i386-qemuu-rhel6hvm-intel                         pass
 test-amd64-amd64-libvirt                                     fail
 test-armhf-armhf-libvirt                                     fail
 test-amd64-i386-libvirt                                      broken
 test-amd64-i386-xl-multivcpu                                 broken
 test-amd64-amd64-pair                                        broken
 test-amd64-i386-pair                                         fail
 test-amd64-amd64-xl-sedf-pin                                 pass
 test-amd64-amd64-xl-sedf                                     broken
 test-amd64-i386-xl-qemut-winxpsp3-vcpus1                     fail
 test-amd64-i386-xl-qemuu-winxpsp3-vcpus1                     broken
 test-amd64-i386-xl-winxpsp3-vcpus1                           fail
 test-amd64-amd64-xl-qemut-winxpsp3                           broken
 test-amd64-i386-xl-qemut-winxpsp3                            fail
 test-amd64-amd64-xl-qemuu-winxpsp3                           fail
 test-amd64-i386-xl-qemuu-winxpsp3                            fail
 test-amd64-amd64-xl-winxpsp3                                 broken
 test-amd64-i386-xl-winxpsp3                                  broken


------------------------------------------------------------
sg-report-flight on osstest.cam.xci-test.com
logs: /home/xc_osstest/logs
images: /home/xc_osstest/images

Logs, config files, etc. are available at
    http://www.chiark.greenend.org.uk/~xensrcts/logs

Test harness code can be found at
    http://xenbits.xensource.com/gitweb?p=osstest.git;a=summary

broken-step test-amd64-i386-xl-qemuu-winxpsp3-vcpus1 host-install(3)
broken-step test-amd64-i386-xl-multivcpu host-install(3)
broken-step test-amd64-i386-xl-credit2 host-install(3)
broken-step test-amd64-i386-xl-qemuu-ovmf-amd64 host-install(3)
broken-step test-amd64-i386-xl-qemuu-debianhvm-amd64 host-install(3)
broken-step test-amd64-i386-xl-winxpsp3 host-install(3)
broken-step test-amd64-i386-xl host-install(3)
broken-step test-amd64-amd64-xl-pvh-amd host-install(3)
broken-step test-amd64-i386-rumpuserxen-i386 host-install(3)
broken-step test-amd64-amd64-xl-sedf host-install(3)
broken-step test-amd64-i386-libvirt host-install(3)
broken-step test-amd64-amd64-xl-qemuu-win7-amd64 host-install(3)
broken-step test-amd64-amd64-xl-winxpsp3 host-install(3)
broken-step test-amd64-amd64-xl-qemut-winxpsp3 host-install(3)
broken-step test-amd64-i386-rhel6hvm-amd host-install(3)
broken-step test-amd64-amd64-pair host-install/src_host(3)
broken-step test-amd64-amd64-pair host-install/dst_host(4)

Not pushing.

(No revision log; it would be 1414 lines long.)

_______________________________________________
Xen-devel mailing list
Xen-devel@lists.xen.org
http://lists.xen.org/xen-devel

Reply via email to