flight 33241 libvirt real [real]
http://www.chiark.greenend.org.uk/~xensrcts/logs/33241/

Regressions :-(

Tests which did not succeed and are blocking,
including tests which could not be run:
 build-armhf                   3 host-install(3)         broken REGR. vs. 32648
 build-i386-libvirt            5 libvirt-build             fail REGR. vs. 32648
 build-amd64-libvirt           5 libvirt-build             fail REGR. vs. 32648
 build-armhf-pvops             3 host-install(3)         broken REGR. vs. 32648

Tests which did not succeed, but are not blocking:
 test-amd64-i386-libvirt       1 build-check(1)               blocked  n/a
 test-amd64-amd64-libvirt      1 build-check(1)               blocked  n/a
 test-armhf-armhf-libvirt      1 build-check(1)               blocked  n/a
 build-armhf-libvirt           1 build-check(1)               blocked  n/a

version targeted for testing:
 libvirt              565d049fd1a4f3264a12001467a0bbf3b87a6421
baseline version:
 libvirt              2360fe5d24175835d3f5fd1c7e8e6e13addab629

------------------------------------------------------------
People who touched revisions under test:
  Cedric Bosdonnat <cbosdon...@suse.com>
  Chunyan Liu <cy...@suse.com>
  Cédric Bosdonnat <cbosdon...@suse.com>
  Daniel P. Berrange <berra...@redhat.com>
  Eric Blake <ebl...@redhat.com>
  Jim Fehlig <jfeh...@suse.com>
  Kiarie Kahurani <davidkiar...@gmail.com>
  Luyao Huang <lhu...@redhat.com>
  Nehal J Wani <nehaljw.k...@gmail.com>
  Pavel Hrdina <phrd...@redhat.com>
------------------------------------------------------------

jobs:
 build-amd64                                                  pass
 build-armhf                                                  broken
 build-i386                                                   pass
 build-amd64-libvirt                                          fail
 build-armhf-libvirt                                          blocked
 build-i386-libvirt                                           fail
 build-amd64-pvops                                            pass
 build-armhf-pvops                                            broken
 build-i386-pvops                                             pass
 test-amd64-amd64-libvirt                                     blocked
 test-armhf-armhf-libvirt                                     blocked
 test-amd64-i386-libvirt                                      blocked


------------------------------------------------------------
sg-report-flight on osstest.cam.xci-test.com
logs: /home/xc_osstest/logs
images: /home/xc_osstest/images

Logs, config files, etc. are available at
    http://www.chiark.greenend.org.uk/~xensrcts/logs

Test harness code can be found at
    http://xenbits.xensource.com/gitweb?p=osstest.git;a=summary

broken-step build-armhf host-install(3)
broken-step build-armhf-pvops host-install(3)

Not pushing.

(No revision log; it would be 404 lines long.)

_______________________________________________
Xen-devel mailing list
Xen-devel@lists.xen.org
http://lists.xen.org/xen-devel

Reply via email to