flight 33156 linux-linus running [real] http://www.chiark.greenend.org.uk/~xensrcts/logs/33156/
Regressions :-( Tests which did not succeed and are blocking, including tests which could not be run: test-amd64-amd64-xl-pvh-intel <none executed> queued test-amd64-i386-libvirt <none executed> queued test-amd64-amd64-rumpuserxen-amd64 <none executed> queued test-amd64-i386-rumpuserxen-i386 2 hosts-allocate running [st=running!] test-amd64-amd64-libvirt <none executed> queued test-amd64-amd64-xl-pvh-amd <none executed> queued test-amd64-amd64-xl-pcipt-intel <none executed> queued test-amd64-i386-rhel6hvm-amd 2 hosts-allocate running [st=running!] test-amd64-i386-qemut-rhel6hvm-amd 2 hosts-allocate running [st=running!] test-amd64-i386-qemuu-rhel6hvm-amd 2 hosts-allocate running [st=running!] build-i386-libvirt 3 host-install(3) running [st=running!] test-amd64-i386-freebsd10-i386 2 hosts-allocate running [st=running!] test-amd64-amd64-xl <none executed> queued test-amd64-amd64-xl-sedf <none executed> queued test-amd64-amd64-xl-sedf-pin <none executed> queued test-amd64-i386-qemut-rhel6hvm-intel 2 hosts-allocate running [st=running!] test-amd64-i386-xl-multivcpu 2 hosts-allocate running [st=running!] build-amd64-libvirt 2 hosts-allocate running [st=running!] test-amd64-i386-xl 3 host-install(3) running [st=running!] test-amd64-i386-qemuu-rhel6hvm-intel 2 hosts-allocate running [st=running!] build-armhf-libvirt 5 libvirt-build fail REGR. vs. 32879 test-amd64-i386-xl-credit2 2 hosts-allocate running [st=running!] test-amd64-i386-rhel6hvm-intel 2 hosts-allocate running [st=running!] build-amd64-pvops 2 hosts-allocate running [st=running!] test-amd64-amd64-xl-winxpsp3 <none executed> queued test-amd64-i386-xl-qemuu-winxpsp3-vcpus1 2 hosts-allocate running [st=running!] test-amd64-i386-xl-qemuu-winxpsp3 2 hosts-allocate running [st=running!] test-amd64-i386-xl-qemuu-ovmf-amd64 2 hosts-allocate running [st=running!] test-amd64-i386-xl-qemut-debianhvm-amd64 2 hosts-allocate running [st=running!] test-amd64-i386-xl-qemuu-debianhvm-amd64 2 hosts-allocate running [st=running!] test-amd64-i386-xl-qemut-win7-amd64 2 hosts-allocate running [st=running!] test-amd64-amd64-pair <none executed> queued test-amd64-i386-xl-qemuu-win7-amd64 2 hosts-allocate running [st=running!] test-amd64-i386-xl-win7-amd64 2 hosts-allocate running [st=running!] test-amd64-amd64-xl-win7-amd64 <none executed> queued test-amd64-amd64-xl-qemut-debianhvm-amd64 <none executed> queued test-amd64-amd64-xl-qemuu-debianhvm-amd64 <none executed> queued test-amd64-amd64-xl-qemuu-ovmf-amd64 <none executed> queued test-amd64-i386-xl-winxpsp3-vcpus1 2 hosts-allocate running [st=running!] test-amd64-amd64-xl-qemut-winxpsp3 <none executed> queued test-amd64-i386-xl-qemut-winxpsp3-vcpus1 2 hosts-allocate running [st=running!] test-amd64-i386-pair 2 hosts-allocate running [st=running!] test-amd64-i386-xl-winxpsp3 2 hosts-allocate running [st=running!] test-amd64-amd64-xl-qemut-win7-amd64 <none executed> queued test-amd64-i386-xl-qemut-winxpsp3 2 hosts-allocate running [st=running!] test-amd64-amd64-xl-qemuu-winxpsp3 <none executed> queued test-amd64-amd64-xl-qemuu-win7-amd64 <none executed> queued Regressions which are regarded as allowable (not blocking): test-amd64-i386-freebsd10-amd64 7 freebsd-install fail like 32879 Tests which did not succeed, but are not blocking: test-armhf-armhf-xl 10 migrate-support-check fail never pass test-armhf-armhf-libvirt 1 build-check(1) blocked n/a version targeted for testing: linux b1940cd21c0f4abdce101253e860feff547291b0 baseline version: linux 9bb29b6b927bcd79cf185ee67bcebfe630f0dea1 ------------------------------------------------------------ People who touched revisions under test: Alan Stern <st...@rowland.harvard.edu> Andrew Jackson <andrew.jack...@arm.com> Anil Chintalapati (achintal) <achin...@cisco.com> Anil Chintalapati <achin...@cisco.com> Christoph Hellwig <h...@lst.de> Daniel Borkmann <dbork...@redhat.com> Daniel Walter <d.wal...@0x90.at> Fang, Yang A <yang.a.f...@intel.com> Hannes Reinecke <h...@suse.de> Hari Bathini <hbath...@linux.vnet.ibm.com> Herbert Xu <herb...@gondor.apana.org.au> Hiral Shah <his...@cisco.com> James Bottomley <jbottom...@parallels.com> Jarkko Nikula <jarkko.nik...@linux.intel.com> Jianqun Xu <jay...@rock-chips.com> Jie Yang <yang....@intel.com> Lars-Peter Clausen <l...@metafoo.de> Ley Foon Tan <lf...@altera.com> Linus Torvalds <torva...@linux-foundation.org> Mark Brown <broo...@kernel.org> Martin K. Petersen <martin.peter...@oracle.com> Michael Ellerman <m...@ellerman.id.au> Michael S. Tsirkin <m...@redhat.com> Ming Lei <ming....@canonical.com> Paolo Bonzini <pbonz...@redhat.com> Paul Moore <pmo...@redhat.com> Pavel Machek <pa...@ucw.cz> Pranith Kumar <bobby.pr...@gmail.com> Rabin Vincent <rabin.vinc...@axis.com> Randy Dunlap <rdun...@infradead.org> Richard Weinberger <rich...@nod.at> Russell King <rmk+ker...@arm.linux.org.uk> Rusty Russell <ru...@rustcorp.com.au> Sesidhar Baddela <sebad...@cisco.com> Takashi Iwai <ti...@suse.de> Tobias Klauser <tklau...@distanz.ch> Tony Luck <tony.l...@intel.com> Walter Goossens <waltergooss...@home.nl> ÐндÑей ÐладÑев <aladjev.and...@gmail.com> ------------------------------------------------------------ jobs: build-amd64 pass build-armhf pass build-i386 pass build-amd64-libvirt preparing build-armhf-libvirt fail build-i386-libvirt preparing build-amd64-pvops preparing build-armhf-pvops pass build-i386-pvops pass build-amd64-rumpuserxen pass build-i386-rumpuserxen pass test-amd64-amd64-xl queued test-armhf-armhf-xl pass test-amd64-i386-xl running test-amd64-amd64-xl-pvh-amd queued test-amd64-i386-rhel6hvm-amd preparing test-amd64-i386-qemut-rhel6hvm-amd preparing test-amd64-i386-qemuu-rhel6hvm-amd preparing test-amd64-amd64-xl-qemut-debianhvm-amd64 queued test-amd64-i386-xl-qemut-debianhvm-amd64 preparing test-amd64-amd64-xl-qemuu-debianhvm-amd64 queued test-amd64-i386-xl-qemuu-debianhvm-amd64 preparing test-amd64-i386-freebsd10-amd64 fail test-amd64-amd64-xl-qemuu-ovmf-amd64 queued test-amd64-i386-xl-qemuu-ovmf-amd64 preparing test-amd64-amd64-rumpuserxen-amd64 queued test-amd64-amd64-xl-qemut-win7-amd64 queued test-amd64-i386-xl-qemut-win7-amd64 preparing test-amd64-amd64-xl-qemuu-win7-amd64 queued test-amd64-i386-xl-qemuu-win7-amd64 preparing test-amd64-amd64-xl-win7-amd64 queued test-amd64-i386-xl-win7-amd64 preparing test-amd64-i386-xl-credit2 preparing test-amd64-i386-freebsd10-i386 preparing test-amd64-i386-rumpuserxen-i386 preparing test-amd64-amd64-xl-pcipt-intel queued test-amd64-amd64-xl-pvh-intel queued test-amd64-i386-rhel6hvm-intel preparing test-amd64-i386-qemut-rhel6hvm-intel preparing test-amd64-i386-qemuu-rhel6hvm-intel preparing test-amd64-amd64-libvirt queued test-armhf-armhf-libvirt blocked test-amd64-i386-libvirt queued test-amd64-i386-xl-multivcpu preparing test-amd64-amd64-pair queued test-amd64-i386-pair preparing test-amd64-amd64-xl-sedf-pin queued test-amd64-amd64-xl-sedf queued test-amd64-i386-xl-qemut-winxpsp3-vcpus1 preparing test-amd64-i386-xl-qemuu-winxpsp3-vcpus1 preparing test-amd64-i386-xl-winxpsp3-vcpus1 preparing test-amd64-amd64-xl-qemut-winxpsp3 queued test-amd64-i386-xl-qemut-winxpsp3 preparing test-amd64-amd64-xl-qemuu-winxpsp3 queued test-amd64-i386-xl-qemuu-winxpsp3 preparing test-amd64-amd64-xl-winxpsp3 queued test-amd64-i386-xl-winxpsp3 preparing ------------------------------------------------------------ sg-report-flight on osstest.cam.xci-test.com logs: /home/xc_osstest/logs images: /home/xc_osstest/images Logs, config files, etc. are available at http://www.chiark.greenend.org.uk/~xensrcts/logs Test harness code can be found at http://xenbits.xensource.com/gitweb?p=osstest.git;a=summary broken-job test-amd64-amd64-xl-pvh-intel queued broken-job test-amd64-i386-libvirt queued broken-job test-amd64-amd64-rumpuserxen-amd64 queued broken test-amd64-i386-rumpuserxen-i386 hosts-allocate running broken-job test-amd64-amd64-libvirt queued broken-job test-amd64-amd64-xl-pvh-amd queued broken-job test-amd64-amd64-xl-pcipt-intel queued broken test-amd64-i386-rhel6hvm-amd hosts-allocate running broken test-amd64-i386-qemut-rhel6hvm-amd hosts-allocate running broken test-amd64-i386-qemuu-rhel6hvm-amd hosts-allocate running broken build-i386-libvirt host-install(3) running broken test-amd64-i386-freebsd10-i386 hosts-allocate running broken-job test-amd64-amd64-xl queued broken-job test-amd64-amd64-xl-sedf queued broken-job test-amd64-amd64-xl-sedf-pin queued broken test-amd64-i386-qemut-rhel6hvm-intel hosts-allocate running broken test-amd64-i386-xl-multivcpu hosts-allocate running broken build-amd64-libvirt hosts-allocate running broken test-amd64-i386-xl host-install(3) running broken test-amd64-i386-qemuu-rhel6hvm-intel hosts-allocate running broken test-amd64-i386-xl-credit2 hosts-allocate running broken test-amd64-i386-rhel6hvm-intel hosts-allocate running broken build-amd64-pvops hosts-allocate running broken-job test-amd64-amd64-xl-winxpsp3 queued broken test-amd64-i386-xl-qemuu-winxpsp3-vcpus1 hosts-allocate running broken test-amd64-i386-xl-qemuu-winxpsp3 hosts-allocate running broken test-amd64-i386-xl-qemuu-ovmf-amd64 hosts-allocate running broken test-amd64-i386-xl-qemut-debianhvm-amd64 hosts-allocate running broken test-amd64-i386-xl-qemuu-debianhvm-amd64 hosts-allocate running broken test-amd64-i386-xl-qemut-win7-amd64 hosts-allocate running broken-job test-amd64-amd64-pair queued broken test-amd64-i386-xl-qemuu-win7-amd64 hosts-allocate running broken test-amd64-i386-xl-win7-amd64 hosts-allocate running broken-job test-amd64-amd64-xl-win7-amd64 queued broken-job test-amd64-amd64-xl-qemut-debianhvm-amd64 queued broken-job test-amd64-amd64-xl-qemuu-debianhvm-amd64 queued broken-job test-amd64-amd64-xl-qemuu-ovmf-amd64 queued broken test-amd64-i386-xl-winxpsp3-vcpus1 hosts-allocate running broken-job test-amd64-amd64-xl-qemut-winxpsp3 queued broken test-amd64-i386-xl-qemut-winxpsp3-vcpus1 hosts-allocate running broken test-amd64-i386-pair hosts-allocate running broken test-amd64-i386-xl-winxpsp3 hosts-allocate running broken-job test-amd64-amd64-xl-qemut-win7-amd64 queued broken test-amd64-i386-xl-qemut-winxpsp3 hosts-allocate running broken-job test-amd64-amd64-xl-qemuu-winxpsp3 queued broken-job test-amd64-amd64-xl-qemuu-win7-amd64 queued Not pushing. (No revision log; it would be 757 lines long.)
_______________________________________________ Xen-devel mailing list Xen-devel@lists.xen.org http://lists.xen.org/xen-devel