flight 32564 linux-linus real [real]
http://www.chiark.greenend.org.uk/~xensrcts/logs/32564/

Failures :-/ but no regressions.

Regressions which are regarded as allowable (not blocking):
 test-amd64-i386-freebsd10-i386  7 freebsd-install              fail like 32546
 test-amd64-i386-freebsd10-amd64  7 freebsd-install             fail like 32546
 test-amd64-i386-pair        17 guest-migrate/src_host/dst_host fail like 32546
 test-amd64-amd64-xl-qemuu-winxpsp3  7 windows-install          fail like 32546

Tests which did not succeed, but are not blocking:
 test-amd64-amd64-xl-pvh-intel  9 guest-start                  fail  never pass
 test-amd64-i386-libvirt       9 guest-start                  fail   never pass
 test-amd64-amd64-xl-pvh-amd   9 guest-start                  fail   never pass
 test-armhf-armhf-libvirt      9 guest-start                  fail   never pass
 test-amd64-amd64-libvirt      9 guest-start                  fail   never pass
 test-amd64-amd64-xl-pcipt-intel  9 guest-start                 fail never pass
 test-armhf-armhf-xl          10 migrate-support-check        fail   never pass
 test-amd64-i386-xl-qemuu-winxpsp3-vcpus1 14 guest-stop         fail never pass
 test-amd64-i386-xl-qemuu-winxpsp3 14 guest-stop                fail never pass
 test-amd64-i386-xl-qemut-win7-amd64 14 guest-stop              fail never pass
 test-amd64-i386-xl-win7-amd64 14 guest-stop                   fail  never pass
 test-amd64-i386-xl-qemuu-win7-amd64 14 guest-stop              fail never pass
 test-amd64-amd64-xl-win7-amd64 14 guest-stop                   fail never pass
 test-amd64-amd64-xl-qemuu-win7-amd64 14 guest-stop             fail never pass
 test-amd64-amd64-xl-qemut-winxpsp3 14 guest-stop               fail never pass
 test-amd64-i386-xl-winxpsp3-vcpus1 14 guest-stop               fail never pass
 test-amd64-i386-xl-qemut-winxpsp3-vcpus1 14 guest-stop         fail never pass
 test-amd64-i386-xl-winxpsp3  14 guest-stop                   fail   never pass
 test-amd64-amd64-xl-qemut-win7-amd64 14 guest-stop             fail never pass
 test-amd64-i386-xl-qemut-winxpsp3 14 guest-stop                fail never pass
 test-amd64-amd64-xl-winxpsp3 14 guest-stop                   fail   never pass

version targeted for testing:
 linux                97bf6af1f928216fd6c5a66e8a57bfa95a659672
baseline version:
 linux                ecb5ec044ab99be1f35e93962fa43e4bb3120d9e

------------------------------------------------------------
People who touched revisions under test:
  Abhilash Kesavan <a.kesa...@samsung.com>
  Alexandru M Stan <ams...@chromium.org>
  Andrzej Hajda <a.ha...@samsung.com>
  Benjamin Herrenschmidt <b...@kernel.crashing.org>
  Bintian Wang <bintian.w...@huawei.com>
  Boaz Harrosh <b...@plexistor.com>
  Boris Bodemann <bobo.barbaro...@gmail.com>
  Bradley Grove <bgr...@attotech.com>
  Brian King <brk...@linux.vnet.ibm.com>
  Chad Dupuis <chad.dup...@qlogic.com>
  Chanwoo Choi <cw00.c...@samsung.com>
  Chao Xie <chao....@marvell.com>
  Chen-Yu Tsai <w...@csie.org>
  Chris Zhong <z...@rock-chips.com>
  Christian Borntraeger <borntrae...@de.ibm.com>
  Christoph Hellwig <h...@infradead.org>
  Christoph Hellwig <h...@lst.de>
  Dmitry Eremin-Solenikov <dbarysh...@gmail.com>
  Dmitry Torokhov <d...@chromium.org>
  Doug Anderson <diand...@chromium.org>
  Douglas Gilbert <dgilb...@interlog.com>
  Emilio López <emi...@elopez.com.ar>
  Ewan D. Milne <emi...@redhat.com>
  Fengguang Wu <fengguang...@intel.com>
  Geert Uytterhoeven <geert+rene...@glider.be>
  Geert Uytterhoeven <ge...@linux-m68k.org>
  Greg Kroah-Hartman <gre...@linuxfoundation.org>
  Hans de Goede <hdego...@redhat.com>
  Haojian Zhuang <haojian.zhu...@gmail.com>
  Haojian Zhuang <haojian.zhu...@linaro.org>
  Heiko Stuebner <he...@sntech.de>
  Heiko Stübner <he...@sntech.de>
  James Bottomley <jbottom...@parallels.com>
  Javier Martinez Canillas <javier.marti...@collabora.co.uk>
  Jeff Chen <c...@rock-chips.com>
  Jianqun <jay...@rock-chips.com>
  Julia Lawall <julia.law...@lip6.fr>
  Julien CHAUVEAU <julien.chauv...@neo-technologies.fr>
  Jérôme Glisse <jgli...@redhat.com>
  kbuild test robot <fengguang...@intel.com>
  Kever Yang <kever.y...@rock-chips.com>
  Kevin Hilman <khil...@linaro.org>
  Konstantin Khlebnikov <k.khlebni...@samsung.com>
  Krzysztof Kozlowski <k.kozlow...@samsung.com>
  Kuninori Morimoto <kuninori.morimoto...@renesas.com>
  Kyungmin Park <kyungmin.p...@samsung.com>
  Laurence Oberman <lober...@redhat.com>
  Laurent Pinchart <laurent.pinch...@ideasonboard.com>
  Linus Torvalds <torva...@linux-foundation.org>
  Long Li <lon...@microsoft.com>
  Mark Brown <broo...@kernel.org>
  Martin K. Petersen <martin.peter...@oracle.com>
  Masahiro Yamada <yamad...@jp.panasonic.com>
  Mauro Carvalho Chehab <mche...@osg.samsung.com>
  Maxime Ripard <maxime.rip...@free-electrons.com>
  Michael Turquette <mturque...@linaro.org>
  Michal Marek <mma...@suse.cz>
  Mike Christie <micha...@cs.wisc.edu>
  Naveen Krishna Ch <naveenkrishna...@gmail.com>
  Pankaj Dubey <pankaj.du...@samsung.com>
  Paul E. McKenney <paul...@linux.vnet.ibm.com>
  Paul Walmsley <p...@pwsan.com>
  Peter Kümmel <syntheti...@gmx.net>
  Rafael J. Wysocki <rafael.j.wyso...@intel.com>
  Robert Jarzmik <robert.jarz...@free.fr>
  Seung-Woo Kim <sw0312....@samsung.com>
  Simon Horman <horms+rene...@verge.net.au>
  Sonny Rao <sonny...@chromium.org>
  Sreekanth Reddy <sreekanth.re...@avagotech.com>
  Stephen Boyd <sb...@codeaurora.org>
  Sylwester Nawrocki <s.nawro...@samsung.com>
  Tero Kristo <t-kri...@ti.com>
  Thomas Abraham <thomas...@samsung.com>
  Thomas Petazzoni <thomas.petazz...@free-electrons.com>
  Tomasz Figa <tomasz.f...@gmail.com>
  Tomeu Vizoso <tomeu.viz...@collabora.com>
  Tony Battersby <to...@cybernetics.com>
  Tony Lindgren <t...@atomide.com>
  Tony Xie <x...@rock-chips.com>
  Ulrich Hecht <ulrich.hecht+rene...@gmail.com>
  Wei Yongjun <yongjun_...@trendmicro.com.cn>
  Wolfram Sang <wsa+rene...@sang-engineering.com>
  Wolfram Sang <w...@the-dreams.de>
  Zhen Lei <thunder.leiz...@huawei.com>
------------------------------------------------------------

jobs:
 build-amd64                                                  pass
 build-armhf                                                  pass
 build-i386                                                   pass
 build-amd64-libvirt                                          pass
 build-armhf-libvirt                                          pass
 build-i386-libvirt                                           pass
 build-amd64-pvops                                            pass
 build-armhf-pvops                                            pass
 build-i386-pvops                                             pass
 build-amd64-rumpuserxen                                      pass
 build-i386-rumpuserxen                                       pass
 test-amd64-amd64-xl                                          pass
 test-armhf-armhf-xl                                          pass
 test-amd64-i386-xl                                           pass
 test-amd64-amd64-xl-pvh-amd                                  fail
 test-amd64-i386-rhel6hvm-amd                                 pass
 test-amd64-i386-qemut-rhel6hvm-amd                           pass
 test-amd64-i386-qemuu-rhel6hvm-amd                           pass
 test-amd64-amd64-xl-qemut-debianhvm-amd64                    pass
 test-amd64-i386-xl-qemut-debianhvm-amd64                     pass
 test-amd64-amd64-xl-qemuu-debianhvm-amd64                    pass
 test-amd64-i386-xl-qemuu-debianhvm-amd64                     pass
 test-amd64-i386-freebsd10-amd64                              fail
 test-amd64-amd64-xl-qemuu-ovmf-amd64                         pass
 test-amd64-i386-xl-qemuu-ovmf-amd64                          pass
 test-amd64-amd64-rumpuserxen-amd64                           pass
 test-amd64-amd64-xl-qemut-win7-amd64                         fail
 test-amd64-i386-xl-qemut-win7-amd64                          fail
 test-amd64-amd64-xl-qemuu-win7-amd64                         fail
 test-amd64-i386-xl-qemuu-win7-amd64                          fail
 test-amd64-amd64-xl-win7-amd64                               fail
 test-amd64-i386-xl-win7-amd64                                fail
 test-amd64-i386-xl-credit2                                   pass
 test-amd64-i386-freebsd10-i386                               fail
 test-amd64-i386-rumpuserxen-i386                             pass
 test-amd64-amd64-xl-pcipt-intel                              fail
 test-amd64-amd64-xl-pvh-intel                                fail
 test-amd64-i386-rhel6hvm-intel                               pass
 test-amd64-i386-qemut-rhel6hvm-intel                         pass
 test-amd64-i386-qemuu-rhel6hvm-intel                         pass
 test-amd64-amd64-libvirt                                     fail
 test-armhf-armhf-libvirt                                     fail
 test-amd64-i386-libvirt                                      fail
 test-amd64-i386-xl-multivcpu                                 pass
 test-amd64-amd64-pair                                        pass
 test-amd64-i386-pair                                         fail
 test-amd64-amd64-xl-sedf-pin                                 pass
 test-amd64-amd64-xl-sedf                                     pass
 test-amd64-i386-xl-qemut-winxpsp3-vcpus1                     fail
 test-amd64-i386-xl-qemuu-winxpsp3-vcpus1                     fail
 test-amd64-i386-xl-winxpsp3-vcpus1                           fail
 test-amd64-amd64-xl-qemut-winxpsp3                           fail
 test-amd64-i386-xl-qemut-winxpsp3                            fail
 test-amd64-amd64-xl-qemuu-winxpsp3                           fail
 test-amd64-i386-xl-qemuu-winxpsp3                            fail
 test-amd64-amd64-xl-winxpsp3                                 fail
 test-amd64-i386-xl-winxpsp3                                  fail


------------------------------------------------------------
sg-report-flight on osstest.cam.xci-test.com
logs: /home/xc_osstest/logs
images: /home/xc_osstest/images

Logs, config files, etc. are available at
    http://www.chiark.greenend.org.uk/~xensrcts/logs

Test harness code can be found at
    http://xenbits.xensource.com/gitweb?p=osstest.git;a=summary


Pushing revision :

+ branch=linux-linus
+ revision=97bf6af1f928216fd6c5a66e8a57bfa95a659672
+ . cri-lock-repos
++ . cri-common
+++ . cri-getconfig
+++ umask 002
+++ getconfig Repos
+++ perl -e '
                use Osstest;
                readglobalconfig();
                print $c{"Repos"} or die $!;
        '
++ repos=/export/home/osstest/repos
++ repos_lock=/export/home/osstest/repos/lock
++ '[' x '!=' x/export/home/osstest/repos/lock ']'
++ OSSTEST_REPOS_LOCK_LOCKED=/export/home/osstest/repos/lock
++ exec with-lock-ex -w /export/home/osstest/repos/lock ./ap-push linux-linus 
97bf6af1f928216fd6c5a66e8a57bfa95a659672
+ branch=linux-linus
+ revision=97bf6af1f928216fd6c5a66e8a57bfa95a659672
+ . cri-lock-repos
++ . cri-common
+++ . cri-getconfig
+++ umask 002
+++ getconfig Repos
+++ perl -e '
                use Osstest;
                readglobalconfig();
                print $c{"Repos"} or die $!;
        '
++ repos=/export/home/osstest/repos
++ repos_lock=/export/home/osstest/repos/lock
++ '[' x/export/home/osstest/repos/lock '!=' x/export/home/osstest/repos/lock 
']'
+ . cri-common
++ . cri-getconfig
++ umask 002
+ select_xenbranch
+ case "$branch" in
+ tree=linux
+ xenbranch=xen-unstable
+ '[' xlinux = xlinux ']'
+ linuxbranch=linux-linus
+ '[' x = x ']'
+ qemuubranch=qemu-upstream-unstable
+ : tested/2.6.39.x
+ . ap-common
++ : osst...@xenbits.xensource.com
++ : git://xenbits.xen.org/xen.git
++ : osst...@xenbits.xensource.com:/home/xen/git/xen.git
++ : git://xenbits.xen.org/staging/qemu-xen-unstable.git
++ : git://git.kernel.org
++ : git://git.kernel.org/pub/scm/linux/kernel/git
++ : git
++ : git://xenbits.xen.org/libvirt.git
++ : osst...@xenbits.xensource.com:/home/xen/git/libvirt.git
++ : git://xenbits.xen.org/libvirt.git
+++ besteffort_repo git://git.sv.gnu.org/gnulib.git
+++ local repo=git://git.sv.gnu.org/gnulib.git
+++ cached_repo git://git.sv.gnu.org/gnulib.git '[fetch=try]'
+++ local repo=git://git.sv.gnu.org/gnulib.git
+++ local 'options=[fetch=try]'
++++ getconfig GitCacheProxy
++++ perl -e '
                use Osstest;
                readglobalconfig();
                print $c{"GitCacheProxy"} or die $!;
        '
+++ local cache=git://drall.uk.xensource.com:9419/
+++ '[' xgit://drall.uk.xensource.com:9419/ '!=' x ']'
+++ echo 
'git://drall.uk.xensource.com:9419/git://git.sv.gnu.org/gnulib.git%20[fetch=try]'
++ : 
'git://drall.uk.xensource.com:9419/git://git.sv.gnu.org/gnulib.git%20[fetch=try]'
++ : git://xenbits.xen.org/rumpuser-xen.git
++ : git
++ : git://xenbits.xen.org/rumpuser-xen.git
++ : osst...@xenbits.xensource.com:/home/xen/git/rumpuser-xen.git
+++ besteffort_repo https://github.com/rumpkernel/rumpkernel-netbsd-src
+++ local repo=https://github.com/rumpkernel/rumpkernel-netbsd-src
+++ cached_repo https://github.com/rumpkernel/rumpkernel-netbsd-src 
'[fetch=try]'
+++ local repo=https://github.com/rumpkernel/rumpkernel-netbsd-src
+++ local 'options=[fetch=try]'
++++ getconfig GitCacheProxy
++++ perl -e '
                use Osstest;
                readglobalconfig();
                print $c{"GitCacheProxy"} or die $!;
        '
+++ local cache=git://drall.uk.xensource.com:9419/
+++ '[' xgit://drall.uk.xensource.com:9419/ '!=' x ']'
+++ echo 
'git://drall.uk.xensource.com:9419/https://github.com/rumpkernel/rumpkernel-netbsd-src%20[fetch=try]'
++ : 
'git://drall.uk.xensource.com:9419/https://github.com/rumpkernel/rumpkernel-netbsd-src%20[fetch=try]'
++ : git
++ : git://git.seabios.org/seabios.git
++ : osst...@xenbits.xensource.com:/home/xen/git/osstest/seabios.git
++ : git://xenbits.xen.org/osstest/seabios.git
++ : git://xenbits.xen.org/osstest/linux-firmware.git
++ : osst...@xenbits.xensource.com:/home/osstest/ext/linux-firmware.git
++ : git://git.kernel.org/pub/scm/linux/kernel/git/firmware/linux-firmware.git
++ : osst...@xenbits.xensource.com:/home/xen/git/linux-pvops.git
++ : git://xenbits.xen.org/linux-pvops.git
++ : tested/linux-3.14
++ : tested/linux-arm-xen
++ '[' xgit://git.kernel.org/pub/scm/linux/kernel/git/torvalds/linux-2.6.git = 
x ']'
++ '[' xgit://git.kernel.org/pub/scm/linux/kernel/git/torvalds/linux-2.6.git = 
x ']'
++ : git://git.kernel.org/pub/scm/linux/kernel/git/konrad/xen.git
++ : tested/2.6.39.x
++ : daily-cron.linux-linus
++ : daily-cron.linux-linus
++ : daily-cron.linux-linus
++ : daily-cron.linux-linus
++ : daily-cron.linux-linus
++ : daily-cron.linux-linus
++ : http://hg.uk.xensource.com/carbon/trunk/linux-2.6.27
++ : git://xenbits.xen.org/staging/qemu-upstream-unstable.git
++ : daily-cron.linux-linus
++ : git://git.qemu.org/qemu.git
++ : git://xenbits.xen.org/osstest/qemu.git
++ : osst...@xenbits.xensource.com:/home/xen/git/osstest/qemu.git
++ : daily-cron.linux-linus
+ TREE_LINUX=osst...@xenbits.xensource.com:/home/xen/git/linux-pvops.git
+ 
TREE_QEMU_MAINLINE=osst...@xenbits.xensource.com:/home/xen/git/osstest/qemu.git
+ 
TREE_QEMU_UPSTREAM=osst...@xenbits.xensource.com:/home/xen/git/qemu-upstream-unstable.git
+ TREE_XEN=osst...@xenbits.xensource.com:/home/xen/git/xen.git
+ TREE_LIBVIRT=osst...@xenbits.xensource.com:/home/xen/git/libvirt.git
+ TREE_RUMPUSERXEN=osst...@xenbits.xensource.com:/home/xen/git/rumpuser-xen.git
+ TREE_SEABIOS=osst...@xenbits.xensource.com:/home/xen/git/osstest/seabios.git
+ info_linux_tree linux-linus
+ case $1 in
+ : git://git.kernel.org/pub/scm/linux/kernel/git/torvalds/linux-2.6.git
+ : master
+ : git
+ : git
+ : git://xenbits.xen.org/linux-pvops.git
+ : osst...@xenbits.xensource.com:/home/xen/git/linux-pvops.git
+ : tested/linux-linus
+ : tested/linux-linus
+ return 0
+ cd /export/home/osstest/repos/linux
+ git push osst...@xenbits.xensource.com:/home/xen/git/linux-pvops.git 
97bf6af1f928216fd6c5a66e8a57bfa95a659672:tested/linux-linus
To osst...@xenbits.xensource.com:/home/xen/git/linux-pvops.git
   ecb5ec0..97bf6af  97bf6af1f928216fd6c5a66e8a57bfa95a659672 -> 
tested/linux-linus
+ exit 0

_______________________________________________
Xen-devel mailing list
Xen-devel@lists.xen.org
http://lists.xen.org/xen-devel

Reply via email to