flight 32425 linux-3.14 real [real]
http://www.chiark.greenend.org.uk/~xensrcts/logs/32425/

Regressions :-(

Tests which did not succeed and are blocking,
including tests which could not be run:
 test-amd64-i386-xl-qemuu-debianhvm-amd64  5 xen-boot      fail REGR. vs. 32149

Regressions which are regarded as allowable (not blocking):
 test-amd64-i386-pair  18 guest-migrate/dst_host/src_host fail blocked in 32149

Tests which did not succeed, but are not blocking:
 test-amd64-amd64-xl-pvh-intel  9 guest-start                  fail  never pass
 test-armhf-armhf-libvirt      9 guest-start                  fail   never pass
 test-amd64-amd64-xl-pvh-amd   9 guest-start                  fail   never pass
 test-amd64-i386-libvirt       9 guest-start                  fail   never pass
 test-armhf-armhf-xl          10 migrate-support-check        fail   never pass
 test-amd64-amd64-libvirt      9 guest-start                  fail   never pass
 test-amd64-amd64-xl-pcipt-intel  9 guest-start                 fail never pass
 test-amd64-i386-xl-win7-amd64 14 guest-stop                   fail  never pass
 test-amd64-amd64-xl-winxpsp3 14 guest-stop                   fail   never pass
 test-amd64-amd64-xl-qemut-winxpsp3 14 guest-stop               fail never pass
 test-amd64-i386-xl-winxpsp3-vcpus1 14 guest-stop               fail never pass
 test-amd64-i386-xl-qemuu-winxpsp3-vcpus1 14 guest-stop         fail never pass
 test-amd64-amd64-xl-qemut-win7-amd64 14 guest-stop             fail never pass
 test-amd64-amd64-xl-qemuu-winxpsp3 14 guest-stop               fail never pass
 test-amd64-i386-xl-winxpsp3  14 guest-stop                   fail   never pass
 test-amd64-amd64-xl-win7-amd64 14 guest-stop                   fail never pass
 test-amd64-i386-xl-qemut-winxpsp3 14 guest-stop                fail never pass
 test-amd64-i386-xl-qemuu-win7-amd64 14 guest-stop              fail never pass
 test-amd64-i386-xl-qemut-winxpsp3-vcpus1 14 guest-stop         fail never pass
 test-amd64-i386-xl-qemuu-winxpsp3 14 guest-stop                fail never pass
 test-amd64-i386-xl-qemut-win7-amd64 14 guest-stop              fail never pass
 test-amd64-amd64-xl-qemuu-win7-amd64 14 guest-stop             fail never pass

version targeted for testing:
 linux                83a926f7a4e39fb6be0576024e67fe161593defa
baseline version:
 linux                356a3e1fde11190febb8ace3cdab8694848ed220

------------------------------------------------------------
People who touched revisions under test:
  Aaro Koskinen <aaro.koski...@iki.fi>
  Aaron Brown <aaron.f.br...@intel.com>
  Alex Deucher <alexander.deuc...@amd.com>
  Alexander Kochetkov <al.koc...@gmail.com>
  Alexey Orishko <alexey.oris...@gmail.com>
  Andrew Morton <a...@linux-foundation.org>
  Anton Blanchard <an...@samba.org>
  Ard Biesheuvel <ard.biesheu...@linaro.org>
  Borislav Petkov <b...@suse.de>
  Chris Clayton <chris2...@googlemail.com>
  Clemens Ladisch <clem...@ladisch.de>
  Cong Wang <cw...@twopensource.com>
  Daniel Borkmann <dbork...@redhat.com>
  Daniel Forrest <dan.forr...@ssec.wisc.edu>
  Daniel Vetter <daniel.vet...@ffwll.ch>
  Daniel Vetter <daniel.vet...@intel.com>
  David S. Miller <da...@davemloft.net>
  Devin Ryles <devin.ry...@intel.com>
  Dmitry Torokhov <d...@chromium.org>
  Eric Dumazet <eduma...@google.com>
  Felipe Balbi <ba...@ti.com>
  Greg Kroah-Hartman <gre...@linuxfoundation.org>
  Grygorii Strashko <grygorii.stras...@ti.com>
  Hugh Dickins <hu...@google.com>
  Ingo Molnar <mi...@kernel.org>
  Jack Morgenstein <ja...@dev.mellanox.co.il>
  Jani Nikula <jani.nik...@intel.com>
  Jeff Kirsher <jeffrey.t.kirs...@intel.com>
  Johannes Berg <johannes.b...@intel.com>
  Kan Liang <kan.li...@intel.com>
  Kees Cook <keesc...@chromium.org>
  Linus Torvalds <torva...@linux-foundation.org>
  lu hua <huax...@intel.com>
  lucien <lucien....@gmail.com>
  Maggie Mae Roxas <maggie.mae.ro...@gmail.com>
  Marcelo Leitner <mleit...@redhat.com>
  Marcelo Ricardo Leitner <mleit...@redhat.com>
  Mathias Nyman <mathias.ny...@linux.intel.com>
  Mauro Carvalho Chehab <mche...@osg.samsung.com>
  Michael Ellerman <m...@ellerman.id.au>
  Neil Horman <nhor...@tuxdriver.com>
  Nicolas Dichtel <nicolas.dich...@6wind.com>
  Or Gerlitz <ogerl...@mellanox.com>
  Peter Zijlstra <pet...@infradead.org>
  Petr Mladek <pmla...@suse.cz>
  Ronald Wahl <ronald.w...@raritan.com>
  Sakari Ailus <sakari.ai...@iki.fi>
  Seth Forshee <seth.fors...@canonical.com>
  Takashi Iwai <ti...@suse.de>
  Tejun Heo <t...@kernel.org>
  Thadeu Lima de Souza Cascardo <casca...@linux.vnet.ibm.com>
  Thomas Gleixner <t...@linutronix.de>
  Todd Fujinaka <todd.fujin...@intel.com>
  Tom Herbert <therb...@google.com>
  Vlad Yasevich <vyasev...@gmail.com>
  Weijie Yang <weijie.y...@samsung.com>
  Willy Tarreau <w...@1wt.eu>
  Wolfram Sang <w...@the-dreams.de>
  Xin Long <lucien....@gmail.com>
  Yuri Chislov <yuri.chis...@gmail.com>
------------------------------------------------------------

jobs:
 build-amd64                                                  pass    
 build-armhf                                                  pass    
 build-i386                                                   pass    
 build-amd64-libvirt                                          pass    
 build-armhf-libvirt                                          pass    
 build-i386-libvirt                                           pass    
 build-amd64-pvops                                            pass    
 build-armhf-pvops                                            pass    
 build-i386-pvops                                             pass    
 build-amd64-rumpuserxen                                      pass    
 build-i386-rumpuserxen                                       pass    
 test-amd64-amd64-xl                                          pass    
 test-armhf-armhf-xl                                          pass    
 test-amd64-i386-xl                                           pass    
 test-amd64-amd64-xl-pvh-amd                                  fail    
 test-amd64-i386-rhel6hvm-amd                                 pass    
 test-amd64-i386-qemut-rhel6hvm-amd                           pass    
 test-amd64-i386-qemuu-rhel6hvm-amd                           pass    
 test-amd64-amd64-xl-qemut-debianhvm-amd64                    pass    
 test-amd64-i386-xl-qemut-debianhvm-amd64                     pass    
 test-amd64-amd64-xl-qemuu-debianhvm-amd64                    pass    
 test-amd64-i386-xl-qemuu-debianhvm-amd64                     fail    
 test-amd64-i386-freebsd10-amd64                              pass    
 test-amd64-amd64-xl-qemuu-ovmf-amd64                         pass    
 test-amd64-i386-xl-qemuu-ovmf-amd64                          pass    
 test-amd64-amd64-rumpuserxen-amd64                           pass    
 test-amd64-amd64-xl-qemut-win7-amd64                         fail    
 test-amd64-i386-xl-qemut-win7-amd64                          fail    
 test-amd64-amd64-xl-qemuu-win7-amd64                         fail    
 test-amd64-i386-xl-qemuu-win7-amd64                          fail    
 test-amd64-amd64-xl-win7-amd64                               fail    
 test-amd64-i386-xl-win7-amd64                                fail    
 test-amd64-i386-xl-credit2                                   pass    
 test-amd64-i386-freebsd10-i386                               pass    
 test-amd64-i386-rumpuserxen-i386                             pass    
 test-amd64-amd64-xl-pcipt-intel                              fail    
 test-amd64-amd64-xl-pvh-intel                                fail    
 test-amd64-i386-rhel6hvm-intel                               pass    
 test-amd64-i386-qemut-rhel6hvm-intel                         pass    
 test-amd64-i386-qemuu-rhel6hvm-intel                         pass    
 test-amd64-amd64-libvirt                                     fail    
 test-armhf-armhf-libvirt                                     fail    
 test-amd64-i386-libvirt                                      fail    
 test-amd64-i386-xl-multivcpu                                 pass    
 test-amd64-amd64-pair                                        pass    
 test-amd64-i386-pair                                         fail    
 test-amd64-amd64-xl-sedf-pin                                 pass    
 test-amd64-amd64-xl-sedf                                     pass    
 test-amd64-i386-xl-qemut-winxpsp3-vcpus1                     fail    
 test-amd64-i386-xl-qemuu-winxpsp3-vcpus1                     fail    
 test-amd64-i386-xl-winxpsp3-vcpus1                           fail    
 test-amd64-amd64-xl-qemut-winxpsp3                           fail    
 test-amd64-i386-xl-qemut-winxpsp3                            fail    
 test-amd64-amd64-xl-qemuu-winxpsp3                           fail    
 test-amd64-i386-xl-qemuu-winxpsp3                            fail    
 test-amd64-amd64-xl-winxpsp3                                 fail    
 test-amd64-i386-xl-winxpsp3                                  fail    


------------------------------------------------------------
sg-report-flight on osstest.cam.xci-test.com
logs: /home/xc_osstest/logs
images: /home/xc_osstest/images

Logs, config files, etc. are available at
    http://www.chiark.greenend.org.uk/~xensrcts/logs

Test harness code can be found at
    http://xenbits.xensource.com/gitweb?p=osstest.git;a=summary


Not pushing.

(No revision log; it would be 1050 lines long.)

_______________________________________________
Xen-devel mailing list
Xen-devel@lists.xen.org
http://lists.xen.org/xen-devel

Reply via email to