flight 32377 qemu-mainline real [real]
http://www.chiark.greenend.org.uk/~xensrcts/logs/32377/

Regressions :-(

Tests which did not succeed and are blocking,
including tests which could not be run:
 build-i386-pvops              5 kernel-build              fail REGR. vs. 32194
 build-amd64                   5 xen-build                 fail REGR. vs. 32194
 build-i386                    5 xen-build                 fail REGR. vs. 32194

Tests which did not succeed, but are not blocking:
 test-armhf-armhf-libvirt      9 guest-start                  fail   never pass
 test-amd64-i386-libvirt       1 build-check(1)               blocked  n/a
 test-amd64-amd64-libvirt      1 build-check(1)               blocked  n/a
 test-amd64-amd64-xl-pcipt-intel  1 build-check(1)               blocked  n/a
 test-amd64-i386-qemut-rhel6hvm-amd  1 build-check(1)               blocked n/a
 test-amd64-i386-rhel6hvm-amd  1 build-check(1)               blocked  n/a
 test-amd64-i386-qemuu-rhel6hvm-amd  1 build-check(1)               blocked n/a
 test-amd64-amd64-xl-sedf      1 build-check(1)               blocked  n/a
 test-amd64-i386-xl-credit2    1 build-check(1)               blocked  n/a
 test-amd64-amd64-xl           1 build-check(1)               blocked  n/a
 test-amd64-i386-xl-qemut-win7-amd64  1 build-check(1)              blocked n/a
 test-amd64-i386-xl            1 build-check(1)               blocked  n/a
 test-amd64-i386-xl-multivcpu  1 build-check(1)               blocked  n/a
 test-amd64-amd64-xl-sedf-pin  1 build-check(1)               blocked  n/a
 test-amd64-i386-freebsd10-amd64  1 build-check(1)               blocked  n/a
 test-amd64-i386-freebsd10-i386  1 build-check(1)               blocked  n/a
 test-amd64-i386-xl-win7-amd64  1 build-check(1)               blocked  n/a
 test-amd64-i386-qemut-rhel6hvm-intel  1 build-check(1)             blocked n/a
 test-amd64-amd64-xl-win7-amd64  1 build-check(1)               blocked  n/a
 test-amd64-i386-qemuu-rhel6hvm-intel  1 build-check(1)             blocked n/a
 test-amd64-i386-rhel6hvm-intel  1 build-check(1)               blocked  n/a
 test-amd64-i386-xl-qemuu-winxpsp3-vcpus1  1 build-check(1)         blocked n/a
 build-amd64-libvirt           1 build-check(1)               blocked  n/a
 test-amd64-amd64-xl-winxpsp3  1 build-check(1)               blocked  n/a
 test-amd64-i386-xl-qemut-winxpsp3-vcpus1  1 build-check(1)         blocked n/a
 test-amd64-i386-xl-qemuu-ovmf-amd64  1 build-check(1)              blocked n/a
 test-amd64-amd64-xl-qemut-winxpsp3  1 build-check(1)               blocked n/a
 build-i386-libvirt            1 build-check(1)               blocked  n/a
 test-amd64-i386-xl-qemuu-win7-amd64  1 build-check(1)              blocked n/a
 test-armhf-armhf-xl          10 migrate-support-check        fail   never pass
 test-amd64-amd64-xl-qemut-win7-amd64  1 build-check(1)             blocked n/a
 test-amd64-i386-xl-qemut-winxpsp3  1 build-check(1)               blocked  n/a
 test-amd64-amd64-xl-qemuu-win7-amd64  1 build-check(1)             blocked n/a
 test-amd64-i386-xl-qemut-debianhvm-amd64  1 build-check(1)         blocked n/a
 test-amd64-i386-xl-qemuu-debianhvm-amd64  1 build-check(1)         blocked n/a
 test-amd64-amd64-pair         1 build-check(1)               blocked  n/a
 test-amd64-amd64-xl-qemuu-debianhvm-amd64  1 build-check(1)        blocked n/a
 test-amd64-amd64-xl-qemut-debianhvm-amd64  1 build-check(1)        blocked n/a
 test-amd64-amd64-xl-qemuu-winxpsp3  1 build-check(1)               blocked n/a
 test-amd64-amd64-xl-qemuu-ovmf-amd64  1 build-check(1)             blocked n/a
 test-amd64-i386-xl-winxpsp3-vcpus1  1 build-check(1)               blocked n/a
 test-amd64-i386-xl-qemuu-winxpsp3  1 build-check(1)               blocked  n/a
 test-amd64-i386-xl-winxpsp3   1 build-check(1)               blocked  n/a
 test-amd64-i386-pair          1 build-check(1)               blocked  n/a

version targeted for testing:
 qemuu                99c9c3cb24e566258a0a141178934f9cb5198842
baseline version:
 qemuu                45e1611de8be0eae55967694dd6e627c2dc354f2

------------------------------------------------------------
People who touched revisions under test:
  Alex Bennée <alex.ben...@linaro.org>
  Amos Kong <ak...@redhat.com>
  Anton Blanchard <an...@samba.org>
  Antony Pavlov <antonynpav...@gmail.com>
  Bastian Koppelmann <kbast...@mail.uni-paderborn.de>
  Christoffer Dall <christoffer.d...@linaro.org>
  Dr. David Alan Gilbert <dgilb...@redhat.com>
  Fabian Aggeler <aggel...@ethz.ch>
  Fam Zheng <f...@redhat.com>
  Gerd Hoffmann <kra...@redhat.com>
  Gonglei <arei.gong...@huawei.com>
  Greg Bellows <greg.bell...@linaro.org>
  Jeff Cody <jc...@redhat.com>
  Jun Li <junm...@gmail.com>
  Kevin Wolf <kw...@redhat.com>
  lijun <junm...@gmail.com>
  Liviu Ionescu <i...@livius.net>
  Markus Armbruster <arm...@redhat.com>
  Max Reitz <mre...@redhat.com>
  Michael Mueller <m...@linux.vnet.ibm.com>
  Michael Tokarev <m...@tls.msk.ru>
  Nikita Belov <zod...@ispras.ru>
  Paolo Bonzini <pbonz...@redhat.com>
  Peter Maydell <peter.mayd...@linaro.org>
  Sergey Fedorov <s.fedo...@samsung.com>
  Stefan Hajnoczi <stefa...@redhat.com>
  Thomas Huth <th...@linux.vnet.ibm.com>
  zhanghailiang <zhang.zhanghaili...@huawei.com>
------------------------------------------------------------

jobs:
 build-amd64                                                  fail
 build-armhf                                                  pass
 build-i386                                                   fail
 build-amd64-libvirt                                          blocked
 build-armhf-libvirt                                          pass
 build-i386-libvirt                                           blocked
 build-amd64-pvops                                            pass
 build-armhf-pvops                                            pass
 build-i386-pvops                                             fail
 test-amd64-amd64-xl                                          blocked
 test-armhf-armhf-xl                                          pass
 test-amd64-i386-xl                                           blocked
 test-amd64-i386-rhel6hvm-amd                                 blocked
 test-amd64-i386-qemut-rhel6hvm-amd                           blocked
 test-amd64-i386-qemuu-rhel6hvm-amd                           blocked
 test-amd64-amd64-xl-qemut-debianhvm-amd64                    blocked
 test-amd64-i386-xl-qemut-debianhvm-amd64                     blocked
 test-amd64-amd64-xl-qemuu-debianhvm-amd64                    blocked
 test-amd64-i386-xl-qemuu-debianhvm-amd64                     blocked
 test-amd64-i386-freebsd10-amd64                              blocked
 test-amd64-amd64-xl-qemuu-ovmf-amd64                         blocked
 test-amd64-i386-xl-qemuu-ovmf-amd64                          blocked
 test-amd64-amd64-xl-qemut-win7-amd64                         blocked
 test-amd64-i386-xl-qemut-win7-amd64                          blocked
 test-amd64-amd64-xl-qemuu-win7-amd64                         blocked
 test-amd64-i386-xl-qemuu-win7-amd64                          blocked
 test-amd64-amd64-xl-win7-amd64                               blocked
 test-amd64-i386-xl-win7-amd64                                blocked
 test-amd64-i386-xl-credit2                                   blocked
 test-amd64-i386-freebsd10-i386                               blocked
 test-amd64-amd64-xl-pcipt-intel                              blocked
 test-amd64-i386-rhel6hvm-intel                               blocked
 test-amd64-i386-qemut-rhel6hvm-intel                         blocked
 test-amd64-i386-qemuu-rhel6hvm-intel                         blocked
 test-amd64-amd64-libvirt                                     blocked
 test-armhf-armhf-libvirt                                     fail
 test-amd64-i386-libvirt                                      blocked
 test-amd64-i386-xl-multivcpu                                 blocked
 test-amd64-amd64-pair                                        blocked
 test-amd64-i386-pair                                         blocked
 test-amd64-amd64-xl-sedf-pin                                 blocked
 test-amd64-amd64-xl-sedf                                     blocked
 test-amd64-i386-xl-qemut-winxpsp3-vcpus1                     blocked
 test-amd64-i386-xl-qemuu-winxpsp3-vcpus1                     blocked
 test-amd64-i386-xl-winxpsp3-vcpus1                           blocked
 test-amd64-amd64-xl-qemut-winxpsp3                           blocked
 test-amd64-i386-xl-qemut-winxpsp3                            blocked
 test-amd64-amd64-xl-qemuu-winxpsp3                           blocked
 test-amd64-i386-xl-qemuu-winxpsp3                            blocked
 test-amd64-amd64-xl-winxpsp3                                 blocked
 test-amd64-i386-xl-winxpsp3                                  blocked


------------------------------------------------------------
sg-report-flight on osstest.cam.xci-test.com
logs: /home/xc_osstest/logs
images: /home/xc_osstest/images

Logs, config files, etc. are available at
    http://www.chiark.greenend.org.uk/~xensrcts/logs

Test harness code can be found at
    http://xenbits.xensource.com/gitweb?p=osstest.git;a=summary


Not pushing.

(No revision log; it would be 2395 lines long.)

_______________________________________________
Xen-devel mailing list
Xen-devel@lists.xen.org
http://lists.xen.org/xen-devel

Reply via email to