flight 32131 linux-3.14 real [real]
http://www.chiark.greenend.org.uk/~xensrcts/logs/32131/

Regressions :-(

Tests which did not succeed and are blocking,
including tests which could not be run:
 test-amd64-amd64-xl-qemut-win7-amd64  5 xen-boot          fail REGR. vs. 31838
 test-amd64-i386-xl-qemut-win7-amd64  7 windows-install    fail REGR. vs. 31838

Regressions which are regarded as allowable (not blocking):
 test-amd64-i386-pair        17 guest-migrate/src_host/dst_host fail like 31838

Tests which did not succeed, but are not blocking:
 test-armhf-armhf-libvirt      9 guest-start                  fail   never pass
 test-armhf-armhf-xl          10 migrate-support-check        fail   never pass
 test-amd64-amd64-libvirt      9 guest-start                  fail   never pass
 test-amd64-i386-libvirt       9 guest-start                  fail   never pass
 test-amd64-amd64-xl-pcipt-intel  9 guest-start                 fail never pass
 test-amd64-i386-xl-win7-amd64 14 guest-stop                   fail  never pass
 test-amd64-amd64-xl-qemut-winxpsp3 14 guest-stop               fail never pass
 test-amd64-amd64-xl-winxpsp3 14 guest-stop                   fail   never pass
 test-amd64-i386-xl-winxpsp3-vcpus1 14 guest-stop               fail never pass
 test-amd64-i386-xl-qemuu-winxpsp3-vcpus1 14 guest-stop         fail never pass
 test-amd64-amd64-xl-win7-amd64 14 guest-stop                   fail never pass
 test-amd64-amd64-xl-qemuu-winxpsp3 14 guest-stop               fail never pass
 test-amd64-i386-xl-winxpsp3  14 guest-stop                   fail   never pass
 test-amd64-i386-xl-qemut-winxpsp3 14 guest-stop                fail never pass
 test-amd64-i386-xl-qemuu-win7-amd64 14 guest-stop              fail never pass
 test-amd64-amd64-xl-qemuu-win7-amd64 14 guest-stop             fail never pass
 test-amd64-i386-xl-qemut-winxpsp3-vcpus1 14 guest-stop         fail never pass
 test-amd64-i386-xl-qemuu-winxpsp3 14 guest-stop                fail never pass

version targeted for testing:
 linux                356a3e1fde11190febb8ace3cdab8694848ed220
baseline version:
 linux                2dc2565902d3c24108c4b7101e91957fd068a242

------------------------------------------------------------
People who touched revisions under test:
  "Pierre-Loup A. Griffais" <pgriff...@valvesoftware.com>
  Aaro Koskinen <aaro.koski...@iki.fi>
  Aaro Koskinen <aaro.koski...@nsn.com>
  Aaron Ma <mapen...@gmail.com>
  Alan Stern <st...@rowland.harvard.edu>
  Alex Deucher <alexander.deuc...@amd.com>
  Alexey Khoroshilov <khoroshi...@ispras.ru>
  Andrew Morton <a...@linux-foundation.org>
  Andy Gospodarek <go...@cumulusnetworks.com>
  Andy Lutomirski <l...@amacapital.net>
  Bart Van Assche <bvanass...@acm.org>
  Ben Sagal <bensa...@gmail.com>
  Benjamin Herrenschmidt <b...@kernel.crashing.org>
  Benjamin LaHaise <b...@kvack.org>
  Binyamin Sagal <bensa...@gmail.com>
  Bjorn Helgaas <bhelg...@google.com>
  Bjørn Mork <bj...@mork.no>
  Borislav Petkov <b...@suse.de>
  Brian Norris <computersforpe...@gmail.com>
  Chad Dupuis <chad.dup...@qlogic.com>
  Charles Keepax <ckee...@opensource.wolfsonmicro.com>
  Chris J Arges <chris.j.ar...@canonical.com>
  Chris Moore <chris.mo...@emulex.com>
  Chris Webb <ch...@arachsys.com>
  Christian Sünkenberg <christian.suenkenb...@hfg-karlsruhe.de>
  Christoph Hellwig <h...@lst.de>
  Cong Wang <cw...@twopensource.com>
  Cong Wang <xiyou.wangc...@gmail.com>
  Cristina Ciocan <cristina.cio...@intel.com>
  Daniel Lezcano <daniel.lezc...@linaro.org>
  Dave Hansen <dave.han...@linux.intel.com>
  David Jeffery <djeff...@redhat.com>
  David S. Miller <da...@davemloft.net>
  Ding Tianhong <dingtianh...@huawei.com>
  Dmitry Eremin-Solenikov <dbarysh...@gmail.com>
  Dmitry Torokhov <dmitry.torok...@gmail.com>
  Fabio Estevam <fabio.este...@freescale.com>
  Felipe Balbi <ba...@ti.com>
  Grant Likely <grant.lik...@linaro.org>
  Greg Kroah-Hartman <gre...@linuxfoundation.org>
  Gregory CLEMENT <gregory.clem...@free-electrons.com>
  Gu Zheng <guz.f...@cn.fujitsu.com>
  Hans de Goede <hdego...@redhat.com>
  Ingo Molnar <mi...@kernel.org>
  J. Bruce Fields <bfie...@fieldses.org>
  J. Bruce Fields <bfie...@redhat.com>
  Jane Zhou <a17...@motorola.com>
  Jason Cooper <ja...@lakedaemon.net>
  Jeff Layton <jlay...@primarydata.com>
  Jeff Layton <jlay...@redhat.com>
  Jet Chen <jet.c...@intel.com>
  Jiri Bohac <jbo...@suse.cz>
  Johan Hovold <jo...@kernel.org>
  John W. Linville <linvi...@tuxdriver.com>
  Jonathan Cameron <ji...@kernel.org>
  Jurgen Kramer <gtmkra...@xs4all.nl>
  Kamal Mostafa <ka...@canonical.com>
  Kees Cook <keesc...@chromium.org>
  Kuninori Morimoto <kuninori.morimoto...@renesas.com>
  Larry Finger <larry.fin...@lwfinger.net>
  Laurent Dufour <lduf...@linux.vnet.ibm.com>
  Liam Girdwood <liam.r.girdw...@linux.intel.com>
  Linus Torvalds <torva...@linux-foundation.org>
  Lu Baolu <baolu...@linux.intel.com>
  Marc Kleine-Budde <m...@pengutronix.de>
  Mark Brown <broo...@kernel.org>
  Mark Rutland <mark.rutl...@arm.com>
  Martin Hauke <mar...@gmx.de>
  Mathias Krause <mini...@googlemail.com>
  Mathias Nyman <mathias.ny...@linux.intel.com>
  Matthias Fuchs <matthias.fu...@esd.eu>
  Maurizio Lombardi <mlomb...@redhat.com>
  Maxime Coquelin <maxime.coque...@st.com>
  Maxime Ripard <maxime.rip...@free-electrons.com>
  Miaoqing Pan <miaoq...@qca.qualcomm.com>
  Michael Ellerman <m...@ellerman.id.au>
  Nadav Haklai <nad...@marvell.com>
  Nicholas Bellinger <n...@linux-iscsi.org>
  Nikolay Aleksandrov <niko...@redhat.com>
  Or Gerlitz <ogerl...@mellanox.com>
  Panu Matilainen <pmati...@redhat.com>
  Paolo Bonzini <pbonz...@redhat.com>
  Peter Zijlstra (Intel) <pet...@infradead.org>
  Preston Fick <pff...@gmail.com>
  Ralf Baechle <r...@linux-mips.org>
  Rob Herring <r...@kernel.org>
  Robert Jarzmik <robert.jarz...@free.fr>
  Roland Dreier <rol...@purestorage.com>
  Russell King <rmk+ker...@arm.linux.org.uk>
  Sagi Grimberg <sa...@dev.mellanox.co.il>
  Sagi Grimberg <sa...@mellanox.com>
  Srikar Dronamraju <sri...@linux.vnet.ibm.com>
  Stanislaw Gruszka <sgrus...@redhat.com>
  Sujith Manoharan <c_man...@qca.qualcomm.com>
  Takashi Iwai <ti...@suse.de>
  Thomas Gleixner <t...@linutronix.de>
  Thomas Körper <thomas.koer...@esd.eu>
  Thomas Petazzoni <thomas.petazz...@free-electrons.com>
  Thor Thayer <ttha...@opensource.altera.com>
  Trond Myklebust <trond.mykleb...@primarydata.com>
  Troy Clark <tcl...@matrixorbital.ca>
  Veaceslav Falico <vfal...@gmail.com>
  Vincent BENAYOUN <vincent.benay...@trust-in-soft.com>
  Vladimir Murzin <vladimir.mur...@arm.com>
  Vlastimil Setka <se...@vsis.cz>
  Will Deacon <will.dea...@arm.com>
  Yinghai Lu <ying...@kernel.org>
  Yiwei Zhao <gbj...@motorola.com>
------------------------------------------------------------

jobs:
 build-amd64                                                  pass
 build-armhf                                                  pass
 build-i386                                                   pass
 build-amd64-libvirt                                          pass
 build-armhf-libvirt                                          pass
 build-i386-libvirt                                           pass
 build-amd64-pvops                                            pass
 build-armhf-pvops                                            pass
 build-i386-pvops                                             pass
 build-amd64-rumpuserxen                                      pass
 build-i386-rumpuserxen                                       pass
 test-amd64-amd64-xl                                          pass
 test-armhf-armhf-xl                                          pass
 test-amd64-i386-xl                                           pass
 test-amd64-i386-rhel6hvm-amd                                 pass
 test-amd64-i386-qemut-rhel6hvm-amd                           pass
 test-amd64-i386-qemuu-rhel6hvm-amd                           pass
 test-amd64-amd64-xl-qemut-debianhvm-amd64                    pass
 test-amd64-i386-xl-qemut-debianhvm-amd64                     pass
 test-amd64-amd64-xl-qemuu-debianhvm-amd64                    pass
 test-amd64-i386-xl-qemuu-debianhvm-amd64                     pass
 test-amd64-i386-freebsd10-amd64                              pass
 test-amd64-amd64-xl-qemuu-ovmf-amd64                         pass
 test-amd64-i386-xl-qemuu-ovmf-amd64                          pass
 test-amd64-amd64-rumpuserxen-amd64                           pass
 test-amd64-amd64-xl-qemut-win7-amd64                         fail
 test-amd64-i386-xl-qemut-win7-amd64                          fail
 test-amd64-amd64-xl-qemuu-win7-amd64                         fail
 test-amd64-i386-xl-qemuu-win7-amd64                          fail
 test-amd64-amd64-xl-win7-amd64                               fail
 test-amd64-i386-xl-win7-amd64                                fail
 test-amd64-i386-xl-credit2                                   pass
 test-amd64-i386-freebsd10-i386                               pass
 test-amd64-i386-rumpuserxen-i386                             pass
 test-amd64-amd64-xl-pcipt-intel                              fail
 test-amd64-i386-rhel6hvm-intel                               pass
 test-amd64-i386-qemut-rhel6hvm-intel                         pass
 test-amd64-i386-qemuu-rhel6hvm-intel                         pass
 test-amd64-amd64-libvirt                                     fail
 test-armhf-armhf-libvirt                                     fail
 test-amd64-i386-libvirt                                      fail
 test-amd64-i386-xl-multivcpu                                 pass
 test-amd64-amd64-pair                                        pass
 test-amd64-i386-pair                                         fail
 test-amd64-amd64-xl-sedf-pin                                 pass
 test-amd64-amd64-xl-sedf                                     pass
 test-amd64-i386-xl-qemut-winxpsp3-vcpus1                     fail
 test-amd64-i386-xl-qemuu-winxpsp3-vcpus1                     fail
 test-amd64-i386-xl-winxpsp3-vcpus1                           fail
 test-amd64-amd64-xl-qemut-winxpsp3                           fail
 test-amd64-i386-xl-qemut-winxpsp3                            fail
 test-amd64-amd64-xl-qemuu-winxpsp3                           fail
 test-amd64-i386-xl-qemuu-winxpsp3                            fail
 test-amd64-amd64-xl-winxpsp3                                 fail
 test-amd64-i386-xl-winxpsp3                                  fail


------------------------------------------------------------
sg-report-flight on osstest.cam.xci-test.com
logs: /home/xc_osstest/logs
images: /home/xc_osstest/images

Logs, config files, etc. are available at
    http://www.chiark.greenend.org.uk/~xensrcts/logs

Test harness code can be found at
    http://xenbits.xensource.com/gitweb?p=osstest.git;a=summary


Not pushing.

(No revision log; it would be 1881 lines long.)

_______________________________________________
Xen-devel mailing list
Xen-devel@lists.xen.org
http://lists.xen.org/xen-devel

Reply via email to