flight 32064 libvirt real [real] http://www.chiark.greenend.org.uk/~xensrcts/logs/32064/
Regressions :-( Tests which did not succeed and are blocking, including tests which could not be run: build-i386-libvirt 5 libvirt-build fail REGR. vs. 32005 build-amd64-libvirt 5 libvirt-build fail REGR. vs. 32005 build-armhf-libvirt 5 libvirt-build fail REGR. vs. 32005 Tests which did not succeed, but are not blocking: test-armhf-armhf-libvirt 1 build-check(1) blocked n/a test-amd64-i386-libvirt 1 build-check(1) blocked n/a test-amd64-amd64-libvirt 1 build-check(1) blocked n/a version targeted for testing: libvirt 86a15a258283850ec5563e2a66bf389aa2dfa318 baseline version: libvirt ff018e686a8a412255bc34d3dc558a1bcf74fac5 ------------------------------------------------------------ People who touched revisions under test: Daniel Hansel <daniel.han...@linux.vnet.ibm.com> Dmitry Guryanov <dgurya...@parallels.com> John Ferlan <jfer...@redhat.com> Ján Tomko <jto...@redhat.com> Laine Stump <la...@laine.org> Martin Kletzander <mklet...@redhat.com> Michal Privoznik <mpriv...@redhat.com> Pavel Hrdina <phrd...@redhat.com> Wang Rui <moon.wang...@huawei.com> ------------------------------------------------------------ jobs: build-amd64 pass build-armhf pass build-i386 pass build-amd64-libvirt fail build-armhf-libvirt fail build-i386-libvirt fail build-amd64-pvops pass build-armhf-pvops pass build-i386-pvops pass test-amd64-amd64-libvirt blocked test-armhf-armhf-libvirt blocked test-amd64-i386-libvirt blocked ------------------------------------------------------------ sg-report-flight on osstest.cam.xci-test.com logs: /home/xc_osstest/logs images: /home/xc_osstest/images Logs, config files, etc. are available at http://www.chiark.greenend.org.uk/~xensrcts/logs Test harness code can be found at http://xenbits.xensource.com/gitweb?p=osstest.git;a=summary Not pushing. (No revision log; it would be 333 lines long.)
_______________________________________________ Xen-devel mailing list Xen-devel@lists.xen.org http://lists.xen.org/xen-devel