flight 31827 libvirt real [real] http://www.chiark.greenend.org.uk/~xensrcts/logs/31827/
Regressions :-( Tests which did not succeed and are blocking, including tests which could not be run: build-armhf-libvirt 5 libvirt-build fail REGR. vs. 31680 Tests which did not succeed, but are not blocking: test-amd64-i386-libvirt 9 guest-start fail never pass test-amd64-amd64-libvirt 9 guest-start fail never pass test-armhf-armhf-libvirt 1 build-check(1) blocked n/a version targeted for testing: libvirt 42874fa45f9fab99212d0ba3f66cf4671ddb0a30 baseline version: libvirt 6c79469ccc3245b9572dcaabe8cd620ba3fabfad ------------------------------------------------------------ People who touched revisions under test: Anirban Chakraborty <abc...@juniper.net> Chen Fan <chen.fan.f...@cn.fujitsu.com> Chen Hanxiao <chenhanx...@cn.fujitsu.com> Eric Blake <ebl...@redhat.com> Erik Skultety <eskul...@redhat.com> Giuseppe Scrivano <gscri...@redhat.com> Ian Campbell <ian.campb...@citrix.com> Jim Fehlig <jfeh...@suse.com> Jiri Denemark <jdene...@redhat.com> John Ferlan <jfer...@redhat.com> Martin Kletzander <mklet...@redhat.com> Michal Privoznik <mpriv...@redhat.com> Nehal J Wani <nehaljw.k...@gmail.com> Peter Krempa <pkre...@redhat.com> Yohan BELLEGUIC <yohan.belleg...@diateam.net> ------------------------------------------------------------ jobs: build-amd64 pass build-armhf pass build-i386 pass build-amd64-libvirt pass build-armhf-libvirt fail build-i386-libvirt pass build-amd64-pvops pass build-armhf-pvops pass build-i386-pvops pass test-amd64-amd64-libvirt fail test-armhf-armhf-libvirt blocked test-amd64-i386-libvirt fail ------------------------------------------------------------ sg-report-flight on osstest.cam.xci-test.com logs: /home/xc_osstest/logs images: /home/xc_osstest/images Logs, config files, etc. are available at http://www.chiark.greenend.org.uk/~xensrcts/logs Test harness code can be found at http://xenbits.xensource.com/gitweb?p=osstest.git;a=summary Not pushing. (No revision log; it would be 704 lines long.) _______________________________________________ Xen-devel mailing list Xen-devel@lists.xen.org http://lists.xen.org/xen-devel