flight 31497 qemu-mainline real [real] http://www.chiark.greenend.org.uk/~xensrcts/logs/31497/
Regressions :-( Tests which did not succeed and are blocking, including tests which could not be run: test-armhf-armhf-xl 9 guest-start fail REGR. vs. 30603 test-amd64-i386-freebsd10-i386 3 host-install(3) broken REGR. vs. 30603 test-amd64-i386-pair 17 guest-migrate/src_host/dst_host fail REGR. vs. 30603 Tests which did not succeed, but are not blocking: test-armhf-armhf-libvirt 9 guest-start fail never pass test-amd64-i386-libvirt 9 guest-start fail never pass test-amd64-amd64-libvirt 9 guest-start fail never pass test-amd64-amd64-xl-pcipt-intel 9 guest-start fail never pass test-amd64-i386-xl-qemut-win7-amd64 14 guest-stop fail never pass test-amd64-amd64-xl-win7-amd64 14 guest-stop fail never pass test-amd64-i386-xl-win7-amd64 14 guest-stop fail never pass test-amd64-i386-xl-qemuu-winxpsp3-vcpus1 14 guest-stop fail never pass test-amd64-amd64-xl-winxpsp3 14 guest-stop fail never pass test-amd64-i386-xl-qemut-winxpsp3-vcpus1 14 guest-stop fail never pass test-amd64-amd64-xl-qemut-winxpsp3 14 guest-stop fail never pass test-amd64-i386-xl-qemuu-win7-amd64 14 guest-stop fail never pass test-amd64-amd64-xl-qemut-win7-amd64 14 guest-stop fail never pass test-amd64-i386-xl-qemut-winxpsp3 14 guest-stop fail never pass test-amd64-amd64-xl-qemuu-win7-amd64 14 guest-stop fail never pass test-amd64-amd64-xl-qemuu-winxpsp3 14 guest-stop fail never pass test-amd64-i386-xl-winxpsp3-vcpus1 14 guest-stop fail never pass test-amd64-i386-xl-qemuu-winxpsp3 14 guest-stop fail never pass test-amd64-i386-xl-winxpsp3 14 guest-stop fail never pass version targeted for testing: qemuu 844741451001cf1aadecde7e5c7b556b8fc4b70b baseline version: qemuu b00a0ddb31a393b8386d30a9bef4d9bbb249e7ec ------------------------------------------------------------ People who touched revisions under test: Adam Crume <adamcr...@gmail.com> Alex Bennée <alex.ben...@linaro.org> Alex Williamson <alex.william...@redhat.com> Alexander Graf <ag...@suse.de> Alexey Kardashevskiy <a...@ozlabs.ru> Amit Shah <amit.s...@redhat.com> Andreas Färber <afaer...@suse.de> Andrew Jones <drjo...@redhat.com> Ard Biesheuvel <ard.biesheu...@linaro.org> Aurelien Jarno <aurel...@aurel32.net> Bastian Koppelmann <kbast...@mail.uni-paderborn.de> Bharata B Rao <bhar...@linux.vnet.ibm.com> Bin Wu <wu.wu...@huawei.com> Chao Peng <chao.p.p...@linux.intel.com> Chen Fan <chen.fan.f...@cn.fujitsu.com> Chen Gang <gang.chen.5...@gmail.com> Chenliang <chenlian...@huawei.com> Chris Spiegel <chris.spie...@cypherpath.com> Christian Borntraeger <borntrae...@de.ibm.com> Claudio Fontana <claudio.font...@huawei.com> Cole Robinson <crobi...@redhat.com> Corey Minyard <cminy...@mvista.com> Cornelia Huck <cornelia.h...@de.ibm.com> David Gibson <da...@gibson.dropbear.id.au> David Hildenbrand <d...@linux.vnet.ibm.com> Denis V. Lunev <d...@openvz.org> Don Slutz <dsl...@verizon.com> Dongxue Zhang <elta....@gmail.com> Dr. David Alan Gilbert <dgilb...@redhat.com> Edgar E. Iglesias <edgar.igles...@xilinx.com> Eduardo Habkost <ehabk...@redhat.com> Fabian Aggeler <aggel...@ethz.ch> Fam Zheng <f...@redhat.com> Frank Blaschka <blasc...@linux.vnet.ibm.com> Gal Hammer <gham...@redhat.com> Gerd Hoffmann <kra...@redhat.com> Gonglei <arei.gong...@huawei.com> Greg Bellows <greg.bell...@linaro.org> Gu Zheng <guz.f...@cn.fujitsu.com> Hannes Reinecke <h...@suse.de> Heinz Graalfs <graa...@linux.vnet.ibm.com> Igor Mammedov <imamm...@redhat.com> James Harper <james.har...@ejbdigital.com.au> James Harper <ja...@ejbdigital.com.au> Jan Kiszka <jan.kis...@siemens.com> Jan Vesely <jano.ves...@gmail.com> Jens Freimann <jf...@linux.vnet.ibm.com> Joel Schopp <jsch...@linux.vnet.ibm.com> John Snow <js...@redhat.com> Jonas Gorski <j...@openwrt.org> Jonas Maebe <jonas.ma...@elis.ugent.be> Juan Quintela <quint...@redhat.com> Juan Quintela <quint...@trasno.org> Jun Li <junm...@gmail.com> Kevin Wolf <kw...@redhat.com> KONRAD Frederic <fred.kon...@greensocs.com> Laszlo Ersek <ler...@redhat.com> Leon Alrae <leon.al...@imgtec.com> Li Liu <john.li...@huawei.com> Luiz Capitulino <lcapitul...@redhat.com> Maciej W. Rozycki <ma...@codesourcery.com> Magnus Reftel <ref...@spotify.com> Marc-André Lureau <marcandre.lur...@gmail.com> Marcel Apfelbaum <marce...@redhat.com> Mark Cave-Ayland <mark.cave-ayl...@ilande.co.uk> Markus Armbruster <arm...@redhat.com> Martin Decky <mar...@decky.cz> Max Filippov <jcmvb...@gmail.com> Max Reitz <mre...@redhat.com> Michael Ellerman <m...@ellerman.id.au> Michael Roth <mdr...@linux.vnet.ibm.com> Michael S. Tsirkin <m...@redhat.com> Michael Tokarev <m...@tls.msk.ru> Michael Walle <mich...@walle.cc> (for lm32) Michal Privoznik <mpriv...@redhat.com> Mikhail Ilyin <m.i...@samsung.com> Nikita Belov <zod...@ispras.ru> Nikunj A Dadhania <nik...@linux.vnet.ibm.com> Paolo Bonzini <pbonz...@redhat.com> Pavel Dovgalyuk <pavel.dovga...@ispras.ru> Peter Crosthwaite <peter.crosthwa...@xilinx.com> Peter Lieven <p...@kamp.de> Peter Maydell <peter.mayd...@linaro.org> Petr Matousek <pmato...@redhat.com> Pierre Mallard <mallard.pie...@gmail.com> Ray Strode <rstr...@redhat.com> Richard Jones <rjo...@redhat.com> Richard W.M. Jones <rjo...@redhat.com> Riku Voipio <riku.voi...@linaro.org> Rob Herring <rob.herr...@linaro.org> Roger Pau Monne <roger....@citrix.com> Roger Pau Monné <roger....@citrix.com> Sebastian Krahmer <krah...@suse.de> SeokYeon Hwang <syeon.hw...@samsung.com> Sergey Fedorov <s.fedo...@samsung.com> Stefan Berger <stef...@linux.vnet.ibm.com> Stefan Hajnoczi <stefa...@redhat.com> Stefano Stabellini <stefano.stabell...@eu.citrix.com> Thomas Huth <th...@linux.vnet.ibm.com> Ting Wang <kathy.wangt...@huawei.com> Tom Musta <tommu...@gmail.com> Tony Breeds <t...@bakeyournoodle.com> Wei Huang <w...@redhat.com> Yongbok Kim <yongbok....@imgtec.com> Zhang Haoyu <zhan...@sangfor.com> zhanghailiang <zhang.zhanghaili...@huawei.com> Zhu Guihua <zhugh.f...@cn.fujitsu.com> ------------------------------------------------------------ jobs: build-amd64 pass build-armhf pass build-i386 pass build-amd64-libvirt pass build-armhf-libvirt pass build-i386-libvirt pass build-amd64-pvops pass build-armhf-pvops pass build-i386-pvops pass test-amd64-amd64-xl pass test-armhf-armhf-xl fail test-amd64-i386-xl pass test-amd64-i386-rhel6hvm-amd pass test-amd64-i386-qemut-rhel6hvm-amd pass test-amd64-i386-qemuu-rhel6hvm-amd pass test-amd64-amd64-xl-qemut-debianhvm-amd64 pass test-amd64-i386-xl-qemut-debianhvm-amd64 pass test-amd64-amd64-xl-qemuu-debianhvm-amd64 pass test-amd64-i386-xl-qemuu-debianhvm-amd64 pass test-amd64-i386-freebsd10-amd64 pass test-amd64-amd64-xl-qemuu-ovmf-amd64 pass test-amd64-i386-xl-qemuu-ovmf-amd64 pass test-amd64-amd64-xl-qemut-win7-amd64 fail test-amd64-i386-xl-qemut-win7-amd64 fail test-amd64-amd64-xl-qemuu-win7-amd64 fail test-amd64-i386-xl-qemuu-win7-amd64 fail test-amd64-amd64-xl-win7-amd64 fail test-amd64-i386-xl-win7-amd64 fail test-amd64-i386-xl-credit2 pass test-amd64-i386-freebsd10-i386 broken test-amd64-amd64-xl-pcipt-intel fail test-amd64-i386-rhel6hvm-intel pass test-amd64-i386-qemut-rhel6hvm-intel pass test-amd64-i386-qemuu-rhel6hvm-intel pass test-amd64-amd64-libvirt fail test-armhf-armhf-libvirt fail test-amd64-i386-libvirt fail test-amd64-i386-xl-multivcpu pass test-amd64-amd64-pair pass test-amd64-i386-pair fail test-amd64-amd64-xl-sedf-pin pass test-amd64-amd64-xl-sedf pass test-amd64-i386-xl-qemut-winxpsp3-vcpus1 fail test-amd64-i386-xl-qemuu-winxpsp3-vcpus1 fail test-amd64-i386-xl-winxpsp3-vcpus1 fail test-amd64-amd64-xl-qemut-winxpsp3 fail test-amd64-i386-xl-qemut-winxpsp3 fail test-amd64-amd64-xl-qemuu-winxpsp3 fail test-amd64-i386-xl-qemuu-winxpsp3 fail test-amd64-amd64-xl-winxpsp3 fail test-amd64-i386-xl-winxpsp3 fail ------------------------------------------------------------ sg-report-flight on osstest.cam.xci-test.com logs: /home/xc_osstest/logs images: /home/xc_osstest/images Logs, config files, etc. are available at http://www.chiark.greenend.org.uk/~xensrcts/logs Test harness code can be found at http://xenbits.xensource.com/gitweb?p=osstest.git;a=summary broken-step test-amd64-i386-freebsd10-i386 host-install(3) Not pushing. (No revision log; it would be 11519 lines long.)
_______________________________________________ Xen-devel mailing list Xen-devel@lists.xen.org http://lists.xen.org/xen-devel