flight 31444 linux-3.14 real [real] http://www.chiark.greenend.org.uk/~xensrcts/logs/31444/
Regressions :-( Tests which did not succeed and are blocking, including tests which could not be run: test-armhf-armhf-xl 9 guest-start fail REGR. vs. 30755 Tests which are failing intermittently (not blocking): test-amd64-i386-xl-qemuu-win7-amd64 7 windows-install fail pass in 31438 test-amd64-i386-qemuu-rhel6hvm-intel 9 guest-start.2 fail in 31438 pass in 31444 Regressions which are regarded as allowable (not blocking): test-amd64-i386-pair 17 guest-migrate/src_host/dst_host fail like 30755 Tests which did not succeed, but are not blocking: test-amd64-amd64-libvirt 9 guest-start fail never pass test-amd64-i386-libvirt 9 guest-start fail never pass test-armhf-armhf-libvirt 9 guest-start fail never pass test-amd64-amd64-xl-pcipt-intel 9 guest-start fail never pass test-amd64-i386-xl-win7-amd64 14 guest-stop fail never pass test-amd64-amd64-xl-winxpsp3 14 guest-stop fail never pass test-amd64-amd64-xl-qemut-winxpsp3 14 guest-stop fail never pass test-amd64-i386-xl-qemut-winxpsp3 14 guest-stop fail never pass test-amd64-i386-xl-qemut-win7-amd64 14 guest-stop fail never pass test-amd64-i386-xl-winxpsp3-vcpus1 14 guest-stop fail never pass test-amd64-amd64-xl-qemut-win7-amd64 14 guest-stop fail never pass test-amd64-amd64-xl-qemuu-winxpsp3 14 guest-stop fail never pass test-amd64-i386-xl-qemuu-winxpsp3-vcpus1 14 guest-stop fail never pass test-amd64-amd64-xl-win7-amd64 14 guest-stop fail never pass test-amd64-i386-xl-winxpsp3 14 guest-stop fail never pass test-amd64-amd64-xl-qemuu-win7-amd64 14 guest-stop fail never pass test-amd64-i386-xl-qemut-winxpsp3-vcpus1 14 guest-stop fail never pass test-amd64-i386-xl-qemuu-winxpsp3 14 guest-stop fail never pass test-amd64-i386-xl-qemuu-win7-amd64 14 guest-stop fail in 31438 never pass version targeted for testing: linux cd2c5381cba9b0c40519b25841315621738688a0 baseline version: linux d7892a4c389d54bccb9bce8e65eb053a33bbe290 ------------------------------------------------------------ People who touched revisions under test: Alexander Usyskin <alexander.usys...@intel.com> Alexey Kardashevskiy <a...@ozlabs.ru> Allen Pais <allen.p...@oracle.com> Alvin (Weike) Chen <alvin.c...@intel.com> Anatol Pomozov <anatol.pomo...@gmail.com> Andreas Henriksson <andreas.henriks...@endian.se> Andreas Larsson <andr...@gaisler.com> Andrew Morton <a...@linux-foundation.org> Andy Adamson <and...@netapp.com> Andy Lutomirski <l...@amacapital.net> Andy Shevchenko <andriy.shevche...@linux.intel.com> Anssi Hannula <anssi.hann...@iki.fi> Anthony Harivel <anthony.hari...@emtrion.de> Anton Blanchard <an...@samba.org> Arnaud Ebalard <a...@natisbad.org> Arnd Bergmann <a...@arndb.de> Arun Easi <arun.e...@qlogic.com> Ben Peddell <klightsp...@killerwolves.net> Bing Niu <bing....@intel.com> Bjorn Helgaas <bhelg...@google.com> Bob Picco <bob.pi...@oracle.com> bob picco <bpi...@meloft.net> Boris Brezillon <boris.brezil...@free-electrons.com> Bryan O'Donoghue <bryan.odonog...@intel.com> Bryan O'Donoghue <pure.lo...@nexus-software.ie> Catalin Marinas <catalin.mari...@arm.com> Chad Dupuis <chad.dup...@qlogic.com> Champion Chen <champion_c...@realsil.com.cn> Chang Rebecca Swee Fun <rebecca.swee.fun.ch...@intel.com> Chao Yu <chao2...@samsung.com> Chris J Arges <chris.j.ar...@canonical.com> Chris Mason <c...@fb.com> Christian Borntraeger <borntrae...@de.ibm.com> Christoph Hellwig <h...@lst.de> Clemens Ladisch <clem...@ladisch.de> Dan Williams <dan.j.willi...@intel.com> Daniel Hellstrom <dan...@gaisler.com> Dave Chinner <da...@fromorbit.com> Dave Chinner <dchin...@redhat.com> Dave Kleikamp <dave.kleik...@oracle.com> David Dueck <davidcdu...@googlemail.com> David Matlack <dmatl...@google.com> David S. Miller <da...@davemloft.net> David Sterba <dste...@suse.cz> Davidlohr Bueso <d...@stgolabs.net> Dmitry Kasatkin <d.kasat...@samsung.com> Douglas Lehr <dll...@us.ibm.com> Dwight Engen <dwight.en...@oracle.com> Emmanuel Grumbach <emmanuel.grumb...@intel.com> Ezequiel Garcia <ezequiel.gar...@free-electrons.com> Felipe Balbi <ba...@ti.com> Filipe David Borba Manana <fdman...@gmail.com> Filipe Manana <fdman...@gmail.com> Filipe Manana <fdman...@suse.com> Frans Klaver <frans.kla...@xsens.com> Geert Uytterhoeven <ge...@linux-m68k.org> Greg Kroah-Hartman <gre...@linuxfoundation.org> Harsha Priya <harshapriy...@intel.com> Heinrich Schuchardt <xypron.g...@gmx.de> Ingo Molnar <mi...@kernel.org> Jason Cooper <ja...@lakedaemon.net> Joe Lawrence <joe.lawre...@stratus.com> Johan Hedberg <johan.hedb...@intel.com> John Soni Jose <sony.joh...@emulex.com> John W. Linville <linvi...@tuxdriver.com> Josef Ahmad <josef.ah...@intel.com> Josef Bacik <jba...@fb.com> Junxiao Bi <junxiao...@oracle.com> K. Y. Srinivasan <k...@microsoft.com> Kees Cook <keesc...@chromium.org> klightsp...@killerwolves.net <klightsp...@killerwolves.net> Larry Finger <larry.fin...@lwfinger.net> Lee Jones <lee.jo...@linaro.org> Linus Torvalds <torva...@linux-foundation.org> Liu Bo <bo.li....@oracle.com> Loic Poulain <loic.poul...@intel.com> Ludovic Desroches <ludovic.desroc...@atmel.com> Marcel Holtmann <mar...@holtmann.org> Mark Brown <broo...@kernel.org> Meelis Roos <mr...@linux.ee> Michael Ellerman <m...@ellerman.id.au> Mike Christie <micha...@cs.wisc.edu> Mike Galbraith <umgwanakikb...@gmail.com> Milton Miller <milt...@us.ibm.com> Mimi Zohar <zo...@linux.vnet.ibm.com> Nicolas Ferre <nicolas.fe...@atmel.com> Olga Kornievskaia <ko...@netapp.com> Oren Givon <oren.gi...@intel.com> Pankaj Dubey <pankaj.du...@samsung.com> Paolo Bonzini <pbonz...@redhat.com> Ricardo Ribalda Delgado <ricardo.riba...@gmail.com> Sage Weil <s...@redhat.com> Sasha Levin <sasha.le...@oracle.com> Saurav Kashyap <saurav.kash...@qlogic.com> Sitsofe Wheeler <sits...@yahoo.com> Sowmini Varadhan <sowmini.varad...@oracle.com> Stanislaw Gruszka <sgrus...@redhat.com> Takashi Iwai <ti...@suse.de> Thomas Petazzoni <thomas.petazz...@free-electrons.com> Tomas Winkler <tomas.wink...@intel.com> Trond Myklebust <trond.mykleb...@primarydata.com> Tyler Hicks <tyhi...@canonical.com> Victor Kamensky <victor.kamen...@linaro.org> Vlad Catoi <vladca...@gmail.com> Willy Tarreau <w...@1wt.eu> Xiao Guangrong <xiaoguangr...@linux.vnet.ibm.com> Xiubo Li <li.xi...@freescale.com> Xuelin Shi <xuelin....@freescale.com> Yann Droneaud <ydrone...@opteya.com> ------------------------------------------------------------ jobs: build-amd64 pass build-armhf pass build-i386 pass build-amd64-libvirt pass build-armhf-libvirt pass build-i386-libvirt pass build-amd64-pvops pass build-armhf-pvops pass build-i386-pvops pass build-amd64-rumpuserxen pass build-i386-rumpuserxen pass test-amd64-amd64-xl pass test-armhf-armhf-xl fail test-amd64-i386-xl pass test-amd64-i386-rhel6hvm-amd pass test-amd64-i386-qemut-rhel6hvm-amd pass test-amd64-i386-qemuu-rhel6hvm-amd pass test-amd64-amd64-xl-qemut-debianhvm-amd64 pass test-amd64-i386-xl-qemut-debianhvm-amd64 pass test-amd64-amd64-xl-qemuu-debianhvm-amd64 pass test-amd64-i386-xl-qemuu-debianhvm-amd64 pass test-amd64-i386-freebsd10-amd64 pass test-amd64-amd64-xl-qemuu-ovmf-amd64 pass test-amd64-i386-xl-qemuu-ovmf-amd64 pass test-amd64-amd64-rumpuserxen-amd64 pass test-amd64-amd64-xl-qemut-win7-amd64 fail test-amd64-i386-xl-qemut-win7-amd64 fail test-amd64-amd64-xl-qemuu-win7-amd64 fail test-amd64-i386-xl-qemuu-win7-amd64 fail test-amd64-amd64-xl-win7-amd64 fail test-amd64-i386-xl-win7-amd64 fail test-amd64-i386-xl-credit2 pass test-amd64-i386-freebsd10-i386 pass test-amd64-i386-rumpuserxen-i386 pass test-amd64-amd64-xl-pcipt-intel fail test-amd64-i386-rhel6hvm-intel pass test-amd64-i386-qemut-rhel6hvm-intel pass test-amd64-i386-qemuu-rhel6hvm-intel pass test-amd64-amd64-libvirt fail test-armhf-armhf-libvirt fail test-amd64-i386-libvirt fail test-amd64-i386-xl-multivcpu pass test-amd64-amd64-pair pass test-amd64-i386-pair fail test-amd64-amd64-xl-sedf-pin pass test-amd64-amd64-xl-sedf pass test-amd64-i386-xl-qemut-winxpsp3-vcpus1 fail test-amd64-i386-xl-qemuu-winxpsp3-vcpus1 fail test-amd64-i386-xl-winxpsp3-vcpus1 fail test-amd64-amd64-xl-qemut-winxpsp3 fail test-amd64-i386-xl-qemut-winxpsp3 fail test-amd64-amd64-xl-qemuu-winxpsp3 fail test-amd64-i386-xl-qemuu-winxpsp3 fail test-amd64-amd64-xl-winxpsp3 fail test-amd64-i386-xl-winxpsp3 fail ------------------------------------------------------------ sg-report-flight on osstest.cam.xci-test.com logs: /home/xc_osstest/logs images: /home/xc_osstest/images Logs, config files, etc. are available at http://www.chiark.greenend.org.uk/~xensrcts/logs Test harness code can be found at http://xenbits.xensource.com/gitweb?p=osstest.git;a=summary Not pushing. (No revision log; it would be 2795 lines long.) _______________________________________________ Xen-devel mailing list Xen-devel@lists.xen.org http://lists.xen.org/xen-devel